{"id":21,"date":"2021-02-03T21:30:22","date_gmt":"2021-02-03T21:30:22","guid":{"rendered":"http:\/\/elsikkerhetsportalen.no\/varanger-kraftnett\/?page_id=21"},"modified":"2025-04-10T12:27:51","modified_gmt":"2025-04-10T12:27:51","slug":"hva-kan-du-gjore-selv","status":"publish","type":"page","link":"https:\/\/elsikkerhetsportalen.no\/barentsnett\/elektrisk-anlegg\/hva-kan-du-gjore-selv\/","title":{"rendered":"Hva kan du gj\u00f8re selv?"},"content":{"rendered":"<section id=\"scrollable-shortcuts-block_b20c6a10a978a43579eae8cef4e9c016\" class=\"block-section scrollable-shortcuts   align-full\">\n\t<div class=\"grid-container\">\n\t\t<div class=\"grid-x grid-padding-x\">\n\n\t\t\t<header class=\"cell small-12 medium-7\">\n\t\t\t\t\t\t\t\t\t<h1>Hva kan du gj\u00f8re selv av elektriske arbeider?<\/h1>\n\t\t\t\t\n\t\t\t\t\t\t\t\t\t<p class=\"ingress\">Svaret er &#8220;forsvinnende lite&#8221;. Som ufagl\u00e6rt kan du kun utf\u00f8re &#8220;mindre arbeider&#8221; p\u00e5 elektriske anlegg og elektrisk utstyr. Hva du kan gj\u00f8re selv, er beskrevet i regelverket. Alt annet arbeid m\u00e5 du overlate til registrert i Elvirksomhetsregisteret.<\/p>\n\t\t\t\t\n\t\t\t\t\t\t\t\t\t<h2 class=\"shortcuts-title\">Snarveier<span><span class=\"icon icon-arrow-down\"><\/span><\/span><\/h2>\n\t\t\t\t\n\t\t\t\t<nav><ul><li><a href=\"#hvorfor-kan-du-kjope-men-ikke-montere\" class=\"link link--underlined\">Hvorfor kan du kj\u00f8pe, men ikke montere?<\/a><\/li><li><a href=\"#forutsetning-om-kunnskap\" class=\"link link--underlined\">Forutsetning om kunnskap<\/a><\/li><li><a href=\"#regelverket\" class=\"link link--underlined\">Regelverket<\/a><\/li><\/ul><\/nav>\t\t\t<\/header>\n\n\t\t<\/div>\n\t<\/div>\n<\/section>\n\n\n\n<section id=\"image-content-block_8c0a27b0e24ecd18e6f68ddc9435d434\" class=\"block-section image-content dark has-more-content  align-full\">\n\t<div class=\"grid-container\" id=\"scrollToMe-hvorfor-kan-du-kjope-men-ikke-montere\">\n\n\t\t<div class=\"grid-x grid-padding-x\">\n\n\t\t\t<div class=\"cell small-12 medium-7 content\">\n\t\t\t\t\t\t\t\t\t<h2 class=\"section-title\">Hvorfor kan du kj\u00f8pe, men ikke montere?<\/h2>\n\t\t\t\t\n\t\t\t\t\t\t\t\t\t<article><p>Selv om elmateriell kan kj\u00f8pes av hvem som helst, er det kun registrerte virksomheter som kan installere materiellet.<\/p>\n<\/article>\n\t\t\t\t\n\t\t\t\t\t\t\t\t<div class=\"clearfix\"><\/div>\n\t\t\t\t\n\t\t\t\t\t\t\t\t\n\t\t\t\t\t<a\n\t\t\t\t\t\thref=\"#\"\n\t\t\t\t\t\tclass=\"button-plus content-toggler\"\n\t\t\t\t\t\tdata-initialtext=\"Les mer\"\n\t\t\t\t\t\tdata-toggletext=\"Les mindre\"\n\t\t\t\t\t\tdata-target=\"ic-hidden-block_8c0a27b0e24ecd18e6f68ddc9435d434\"\n\t\t\t\t\t\trole=\"button\"\n\t\t\t\t\t\trel=\"nofollow\"\n\t\t\t\t\t\taria-label=\"\u00c5pne skjult innhold\"\n\t\t\t\t\t\taria-expanded=\"false\">\n\t\t\t\t\t\t<span>Les mer<\/span>\n\t\t\t\t\t\t<span class=\"icon icon-plus\"><\/span>\n\t\t\t\t\t<\/a>\n\t\t\t\t\n\t\t\t<\/div>\n\n\t\t\t<div class=\"cell small-12 medium-5 image\">\n\t\t\t\t<img loading=\"lazy\" decoding=\"async\" width=\"502\" height=\"205\" src=\"https:\/\/elsikkerhetsportalen.no\/barentsnett\/wp-content\/uploads\/sites\/22\/2021\/04\/lunch-502x205.jpg\" class=\"attachment-image-content size-image-content\" alt=\"\" srcset=\"https:\/\/elsikkerhetsportalen.no\/barentsnett\/wp-content\/uploads\/sites\/22\/2021\/04\/lunch-502x205.jpg 502w, https:\/\/elsikkerhetsportalen.no\/barentsnett\/wp-content\/uploads\/sites\/22\/2021\/04\/lunch-300x123.jpg 300w, https:\/\/elsikkerhetsportalen.no\/barentsnett\/wp-content\/uploads\/sites\/22\/2021\/04\/lunch-1024x419.jpg 1024w, https:\/\/elsikkerhetsportalen.no\/barentsnett\/wp-content\/uploads\/sites\/22\/2021\/04\/lunch-768x314.jpg 768w, https:\/\/elsikkerhetsportalen.no\/barentsnett\/wp-content\/uploads\/sites\/22\/2021\/04\/lunch-1536x628.jpg 1536w, https:\/\/elsikkerhetsportalen.no\/barentsnett\/wp-content\/uploads\/sites\/22\/2021\/04\/lunch.jpg 2048w\" sizes=\"auto, (max-width: 502px) 100vw, 502px\" \/>\n\t\t\t<\/div>\n\n\t\t<\/div>\n\n\t\t\t\t\t\t<div class=\"grid-x grid-padding-x hidden-more-content\" aria-expanded=\"false\" aria-hidden=\"true\" id=\"ic-hidden-block_8c0a27b0e24ecd18e6f68ddc9435d434\">\n\t\t\t<div class=\"cell small-12 medium-7 content\">\n\t\t\t\t<article>\n\t\t\t\t<p>Butikkene som selger elmateriell er p\u00e5lagt \u00e5 informere deg om dette f\u00f8r kj\u00f8pet gj\u00f8res. Du kan heller ikke installere materiellet selv for deretter \u00e5 be en installat\u00f8rvirksomheten om \u00e5 koble det til anlegget i huset. Det er brudd p\u00e5 forskriftene.<\/p>\n<h3>Ligg unna varmekablene!<\/h3><p>Mange tror de kan spare penger p\u00e5 \u00e5 legge varmekablene selv, for deretter \u00e5 be en elektriker om \u00e5 koble det til det elektriske anlegget i huset. Ikke-fagl\u00e6rte har verken lov \u00e5 legge, montere eller koble til fastmonterte varmekabler. Du kan verken legge de ned i st\u00f8pen eller tilkoble de str\u00f8mmen hjemme. Det er kun fagfolk som kan gj\u00f8re dette.<\/p>\n<h3>Hva er ulovlige elektroinstallasjoner<\/h3><ul>\n<li>Elektrisk installasjon utf\u00f8rt av ufagl\u00e6rt.<\/li>\n<li>Installasjon som anses farlig og kan f\u00f8re til ber\u00f8rings- og brannfare.<\/li>\n<li>Markedsf\u00f8ring for elektriske arbeider uten tilstrekkelig kompetanse og kvalifikasjoner jf. krav i fek.<\/li>\n<li>Ukjent installat\u00f8r som st\u00e5r ansvarlig for utvidelse eller nyanlegg.<\/li>\n<li>Utenlandske installat\u00f8rer som utf\u00f8rer elektroinstallasjoner uten godkjenning.<\/li>\n<li>Elektrikere som utf\u00f8rer og selvstendig p\u00e5tar seg ansvar for installasjon hos tredjepart uten \u00e5 tilfredsstille krav i fek.<\/li>\n<\/ul>\n<p>Husk at ulovlig installering av elektrisk materiell kan gi avkorting\/bortfall av forsikring ved brannskade. Elektrisk materiell for fast installasjon skal\u00a0kun monteres av registrert installasjonsvirksomhet (installat\u00f8r\/elektriker), eks. p\u00e5 slikt materiell er:<\/p>\n<ul>\n<li>Legging og tilkobling av varmekabler<\/li>\n<li>Tilkobling av innfelt belysning (downlight) og fastmonterte lamper for 230 V.<\/li>\n<li>Ny installasjon og skifting av fastmonterte brytere, stikkontakter, dimmere og koblingsbokser.<\/li>\n<li>Arbeid i sikringsskap.<\/li>\n<\/ul>\n<p>Sjekk pakningen eller butikkhylle for hvilke produkter som KUN kan installeres av en registrert installasjonsvirksomhet.<\/p>\n<p>Hva du har lov til \u00e5 gj\u00f8re selv fremkommer av\u00a0<a href=\"http:\/\/www.lovdata.no\/cgi-wift\/ldles?ltdoc=\/for\/ff-20130619-0739.html\" target=\"_blank\" rel=\"noreferrer noopener\">Forskrift om elektroforetak og kvalifikasjonskrav for arbeid knyttet til elektriske enlegg og elektrisk utstyr \u00a76, med veiledning.<\/a><\/p>\n<p>Virksomheter som har tillatelse til \u00e5 utf\u00f8re elektriske arbeider i Norge er oppf\u00f8rt i Elvirksomhetsregisteret. Finnes de ikke der, har de ikke lov til \u00e5 gj\u00f8re jobb hos deg.<\/p>\n<a class=\"link link--underlined\" href=\"https:\/\/elvirksomhetsregisteret.dsb.no\/elreg-ui\/\" target=\"_blank\">G\u00e5 til Elvirksomhetsregisteret<\/a>\t\t\t\t<\/article>\n\t\t\t<\/div>\n\n\t\t\t<div class=\"cell small-12 medium-5 image\">\n\t\t\t\t\t\t\t<\/div>\n\t\t<\/div>\n\t\t\n\t<\/div>\n<\/section>\n\n\n\n<section id=\"sorted-list-block_686843e22c98b9b8d63e45b536beef9c\" class=\"block-section sorted-list light  align-full\">\n\t<div class=\"grid-container\">\n\t\t<div class=\"grid-x grid-padding-x\">\n\n\t\t\t<div class=\"cell small-12 medium-6 large-5 title-wrapper\">\n\t\t\t\t\t\t\t\t\t<h2 class=\"title\">&quot;Mindre arbeider&quot; er f\u00f8lgende:<\/h2>\n\t\t\t\t\t\t\t<\/div>\n\n\t\t\t<div class=\"cell small-12 medium-6 large-6 large-offset-1 list-wrapper\">\n\t\t\t\t\t\t\t\t\t<ol>\n\t\t\t\t\t\t\t\t\t\t\t\n\t\t\t\t\t\t\t\t\t\t\t\t\t<li>Skifte deksel p\u00e5 brytere, stikkontakter og koblingsbokser.<\/li>\n\t\t\t\t\t\t\n\t\t\t\t\t\t\t\t\t\t\t\n\t\t\t\t\t\t\t\t\t\t\t\t\t<li>Montere og skifte varmeovner hvis de har bevegelig ledning og st\u00f8psel (dvs. ikke inng\u00e5r i fast installasjon).<\/li>\n\t\t\t\t\t\t\n\t\t\t\t\t\t\t\t\t\t\t\n\t\t\t\t\t\t\t\t\t\t\t\t\t<li>Koble til\/skifte topolede st\u00f8psler t.o.m. 25A, med og uten jording<\/li>\n\t\t\t\t\t\t\n\t\t\t\t\t\t\t\t\t\t\t\n\t\t\t\t\t\t\t\t\t\t\t\t\t<li>Koble til\/skifte topolede skj\u00f8te- og apparatkontakter t.o.m. 16A, med og uten jording.<\/li>\n\t\t\t\t\t\t\n\t\t\t\t\t\t\t\t\t\t\t\n\t\t\t\t\t\t\t\t\t\t\t\t\t<li>Koble til\/reparere bordlamper, lampetter etc. med bevegelige ledninger, inkl. ledningsbrytere.<\/li>\n\t\t\t\t\t\t\n\t\t\t\t\t\t\t\t\t\t\t\n\t\t\t\t\t\t\t\t\t\t\t\t\t<li>Koble til\/skifte lamper med takkrok elign., og koblet til kroneklemme (&quot;sukkerbit&quot;). Lampene m\u00e5 ikke v\u00e6re en del av den faste installasjonen!<\/li>\n\t\t\t\t\t\t\n\t\t\t\t\t\t\t\t\t\t<\/ol>\n\t\t\t\t\t\t\t<\/div>\n\n\t\t<\/div>\n\t<\/div>\n<\/section>\n\n\n\n<section id=\"image-content-block_7d173056db2b64f15478ef1e79e9d437\" class=\"block-section image-content dark has-more-content  align-full\">\n\t<div class=\"grid-container\" id=\"scrollToMe-forutsetning-om-kunnskap\">\n\n\t\t<div class=\"grid-x grid-padding-x\">\n\n\t\t\t<div class=\"cell small-12 medium-7 content\">\n\t\t\t\t\t\t\t\t\t<h2 class=\"section-title\">Forutsetning om kunnskap<\/h2>\n\t\t\t\t\n\t\t\t\t\t\t\t\t\t<article><p>Selv om det er enkelte ting du kan gj\u00f8re selv, forutsetter det at du har kunnskap.<\/p>\n<\/article>\n\t\t\t\t\n\t\t\t\t\t\t\t\t<div class=\"clearfix\"><\/div>\n\t\t\t\t\n\t\t\t\t\t\t\t\t\n\t\t\t\t\t<a\n\t\t\t\t\t\thref=\"#\"\n\t\t\t\t\t\tclass=\"button-plus content-toggler\"\n\t\t\t\t\t\tdata-initialtext=\"Les mer\"\n\t\t\t\t\t\tdata-toggletext=\"Les mindre\"\n\t\t\t\t\t\tdata-target=\"ic-hidden-block_7d173056db2b64f15478ef1e79e9d437\"\n\t\t\t\t\t\trole=\"button\"\n\t\t\t\t\t\trel=\"nofollow\"\n\t\t\t\t\t\taria-label=\"\u00c5pne skjult innhold\"\n\t\t\t\t\t\taria-expanded=\"false\">\n\t\t\t\t\t\t<span>Les mer<\/span>\n\t\t\t\t\t\t<span class=\"icon icon-plus\"><\/span>\n\t\t\t\t\t<\/a>\n\t\t\t\t\n\t\t\t<\/div>\n\n\t\t\t<div class=\"cell small-12 medium-5 image\">\n\t\t\t\t<img loading=\"lazy\" decoding=\"async\" width=\"502\" height=\"335\" src=\"https:\/\/elsikkerhetsportalen.no\/barentsnett\/wp-content\/uploads\/sites\/22\/2021\/04\/Stopselkoblet-502x335.jpg\" class=\"attachment-image-content size-image-content\" alt=\"Bildet viser et \u00e5pent jordet st\u00f8psel\" srcset=\"https:\/\/elsikkerhetsportalen.no\/barentsnett\/wp-content\/uploads\/sites\/22\/2021\/04\/Stopselkoblet-502x335.jpg 502w, https:\/\/elsikkerhetsportalen.no\/barentsnett\/wp-content\/uploads\/sites\/22\/2021\/04\/Stopselkoblet-300x200.jpg 300w, https:\/\/elsikkerhetsportalen.no\/barentsnett\/wp-content\/uploads\/sites\/22\/2021\/04\/Stopselkoblet.jpg 600w\" sizes=\"auto, (max-width: 502px) 100vw, 502px\" \/>\n\t\t\t<\/div>\n\n\t\t<\/div>\n\n\t\t\t\t\t\t<div class=\"grid-x grid-padding-x hidden-more-content\" aria-expanded=\"false\" aria-hidden=\"true\" id=\"ic-hidden-block_7d173056db2b64f15478ef1e79e9d437\">\n\t\t\t<div class=\"cell small-12 medium-7 content\">\n\t\t\t\t<article>\n\t\t\t\t<p>Du kan for eksempel selv skifte st\u00f8psel p\u00e5 en lampe, men dette forutsetter at du vet hva du holder p\u00e5 med. Er du usikker er det bedre \u00e5 overlate arbeidet til fagfolk.<\/p>\n<p>V\u00e6r for \u00f8vrig oppmerksom p\u00e5 at feilmontasje kan medf\u00f8re brann! Er det du selv som har st\u00e5tt for monteringen kan det bli vanskelig \u00e5 f\u00e5 igjen p\u00e5 forsikringen. Det anbefales derfor at alt elmateriell monteres av registrert installasjonsvirksomhet.<\/p>\n\t\t\t\t<\/article>\n\t\t\t<\/div>\n\n\t\t\t<div class=\"cell small-12 medium-5 image\">\n\t\t\t\t\t\t\t<\/div>\n\t\t<\/div>\n\t\t\n\t<\/div>\n<\/section>\n\n\n\n<section id=\"image-content-block_fd226690c7a7e9c8fe879a4eb5183355\" class=\"block-section image-content none has-more-content  align-full\">\n\t<div class=\"grid-container\" id=\"scrollToMe-regelverket\">\n\n\t\t<div class=\"grid-x grid-padding-x\">\n\n\t\t\t<div class=\"cell small-12 medium-7 content\">\n\t\t\t\t\t\t\t\t\t<h2 class=\"section-title\">Regelverket<\/h2>\n\t\t\t\t\n\t\t\t\t\t\t\t\t\t<article><p>Det finnes egne regelverk tilknyttet elektriske anlegg.<\/p>\n<\/article>\n\t\t\t\t\n\t\t\t\t\t\t\t\t<div class=\"clearfix\"><\/div>\n\t\t\t\t\n\t\t\t\t\t\t\t\t\n\t\t\t\t\t<a\n\t\t\t\t\t\thref=\"#\"\n\t\t\t\t\t\tclass=\"button-plus content-toggler\"\n\t\t\t\t\t\tdata-initialtext=\"Les mer\"\n\t\t\t\t\t\tdata-toggletext=\"Les mindre\"\n\t\t\t\t\t\tdata-target=\"ic-hidden-block_fd226690c7a7e9c8fe879a4eb5183355\"\n\t\t\t\t\t\trole=\"button\"\n\t\t\t\t\t\trel=\"nofollow\"\n\t\t\t\t\t\taria-label=\"\u00c5pne skjult innhold\"\n\t\t\t\t\t\taria-expanded=\"false\">\n\t\t\t\t\t\t<span>Les mer<\/span>\n\t\t\t\t\t\t<span class=\"icon icon-plus\"><\/span>\n\t\t\t\t\t<\/a>\n\t\t\t\t\n\t\t\t<\/div>\n\n\t\t\t<div class=\"cell small-12 medium-5 image\">\n\t\t\t\t<img loading=\"lazy\" decoding=\"async\" width=\"502\" height=\"335\" src=\"https:\/\/elsikkerhetsportalen.no\/barentsnett\/wp-content\/uploads\/sites\/22\/2021\/06\/Forskrifter-600x400-1-502x335.jpg\" class=\"attachment-image-content size-image-content\" alt=\"\" srcset=\"https:\/\/elsikkerhetsportalen.no\/barentsnett\/wp-content\/uploads\/sites\/22\/2021\/06\/Forskrifter-600x400-1-502x335.jpg 502w, https:\/\/elsikkerhetsportalen.no\/barentsnett\/wp-content\/uploads\/sites\/22\/2021\/06\/Forskrifter-600x400-1-300x200.jpg 300w, https:\/\/elsikkerhetsportalen.no\/barentsnett\/wp-content\/uploads\/sites\/22\/2021\/06\/Forskrifter-600x400-1.jpg 600w\" sizes=\"auto, (max-width: 502px) 100vw, 502px\" \/>\n\t\t\t<\/div>\n\n\t\t<\/div>\n\n\t\t\t\t\t\t<div class=\"grid-x grid-padding-x hidden-more-content\" aria-expanded=\"false\" aria-hidden=\"true\" id=\"ic-hidden-block_fd226690c7a7e9c8fe879a4eb5183355\">\n\t\t\t<div class=\"cell small-12 medium-7 content\">\n\t\t\t\t<article>\n\t\t\t\t<a class=\"link link--underlined\" href=\"https:\/\/lovdata.no\/dokument\/SF\/forskrift\/2013-06-19-739#KAPITTEL_3\" target=\"_blank\">Forskrift om elektroforetak og kvalifikasjonskrav for arbeid knyttet til elektriske anlegg og elektrisk anlegg (fek)<\/a>\t\t\t\t<\/article>\n\t\t\t<\/div>\n\n\t\t\t<div class=\"cell small-12 medium-5 image\">\n\t\t\t\t\t\t\t<\/div>\n\t\t<\/div>\n\t\t\n\t<\/div>\n<\/section>\n\n\n\n<section class=\"block-section post-cards\">\n\t<div class=\"grid-container\">\n\n        <div class=\"grid-x grid-margin-x section-title-wrapper\">\n            <div class=\"cell small-12 medium-6\">\n                                    <h1 class=\"section-title\">Vi anbefaler<\/h1>\n                            <\/div>\n\n                            <div class=\"cell small-12 medium-6 small-text-align-left text-align-right\">\n                    <a class=\"link link--underlined\" href=\"https:\/\/elvirksomhetsregisteret.dsb.no\/elreg-ui\/search?t=971\" target=\"_self\">\n<!--                        <span class=\"str\">--><!--<\/span>-->\n                        S\u00f8k i Elvirksomhetsregisteret                    <\/a>\n                <\/div>\n                    <\/div>\n\n        <div class=\"grid-x grid-margin-x cards-wrapper\">\n                                                                    <a href=\"https:\/\/elsikkerhetsportalen.no\/barentsnett\/ulovlig\/\" class=\"link-card cell small-12 medium-6\">\n    <article>\n        <div class=\"content\">\n            <h3 class=\"title\">Ulovlig elektrisk arbeid<\/h3>\n            <p class=\"excerpt\">Elektrisk materiell er blitt hyllevare i stadig flere forretninger og nettbutikker. Du kan f\u00e5 kj\u00f8pt&#8230;<\/p>\n        <\/div>\n        <span class=\"icon icon-arrow-right\"><\/span>\n    <\/article>\n<\/a>                    \n                                                        <a href=\"https:\/\/elsikkerhetsportalen.no\/barentsnett\/elektrisk-anlegg\/finn-elektriker\/\" class=\"link-card cell small-12 medium-6\">\n    <article>\n        <div class=\"content\">\n            <h3 class=\"title\">Finn elektriker<\/h3>\n            <p class=\"excerpt\"><\/p>\n        <\/div>\n        <span class=\"icon icon-arrow-right\"><\/span>\n    <\/article>\n<\/a>                    \n                                                    <\/div>\n\n    <\/div>\n<\/section>","protected":false},"excerpt":{"rendered":"","protected":false},"author":1,"featured_media":554,"parent":8,"menu_order":5,"comment_status":"closed","ping_status":"closed","template":"","meta":{"_acf_changed":false,"footnotes":""},"class_list":["post-21","page","type-page","status-publish","has-post-thumbnail","hentry"],"acf":[],"_links":{"self":[{"href":"https:\/\/elsikkerhetsportalen.no\/barentsnett\/wp-json\/wp\/v2\/pages\/21","targetHints":{"allow":["GET"]}}],"collection":[{"href":"https:\/\/elsikkerhetsportalen.no\/barentsnett\/wp-json\/wp\/v2\/pages"}],"about":[{"href":"https:\/\/elsikkerhetsportalen.no\/barentsnett\/wp-json\/wp\/v2\/types\/page"}],"author":[{"embeddable":true,"href":"https:\/\/elsikkerhetsportalen.no\/barentsnett\/wp-json\/wp\/v2\/users\/1"}],"replies":[{"embeddable":true,"href":"https:\/\/elsikkerhetsportalen.no\/barentsnett\/wp-json\/wp\/v2\/comments?post=21"}],"version-history":[{"count":0,"href":"https:\/\/elsikkerhetsportalen.no\/barentsnett\/wp-json\/wp\/v2\/pages\/21\/revisions"}],"up":[{"embeddable":true,"href":"https:\/\/elsikkerhetsportalen.no\/barentsnett\/wp-json\/wp\/v2\/pages\/8"}],"wp:featuredmedia":[{"embeddable":true,"href":"https:\/\/elsikkerhetsportalen.no\/barentsnett\/wp-json\/wp\/v2\/media\/554"}],"wp:attachment":[{"href":"https:\/\/elsikkerhetsportalen.no\/barentsnett\/wp-json\/wp\/v2\/media?parent=21"}],"curies":[{"name":"wp","href":"https:\/\/api.w.org\/{rel}","templated":true}]}}