{"id":66,"date":"2021-02-03T21:37:31","date_gmt":"2021-02-03T21:37:31","guid":{"rendered":"http:\/\/elsikkerhetsportalen.no\/varanger-kraftnett\/?page_id=66"},"modified":"2022-03-15T14:18:44","modified_gmt":"2022-03-15T14:18:44","slug":"bekymringsmelding","status":"publish","type":"page","link":"https:\/\/elsikkerhetsportalen.no\/barentsnett\/dle\/bekymringsmelding\/","title":{"rendered":"Bekymringsmelding"},"content":{"rendered":"<section id=\"scrollable-shortcuts-block_6087faeb5798a\" class=\"block-section scrollable-shortcuts   align-full\">\n\t<div class=\"grid-container\">\n\t\t<div class=\"grid-x grid-padding-x\">\n\n\t\t\t<header class=\"cell small-12 medium-7\">\n\t\t\t\t\t\t\t\t\t<h1>Bekymringsmelding<\/h1>\n\t\t\t\t\n\t\t\t\t\t\t\t\t\t<p class=\"ingress\">Det er mange \u00e5rsaker til at folk kan v\u00e6re bekymret for elsikkerheten. Du er kanskje usikker p\u00e5 om elanlegget er i orden, eller om det elektriske utstyret ikke virker som det skal? Da kan du sende bekymringsmelding til Det lokale eltilsyn.<\/p>\n\t\t\t\t\n\t\t\t\t\t\t\t\t\t<h2 class=\"shortcuts-title\">Hva er du bekymret for?<span><span class=\"icon icon-arrow-down\"><\/span><\/span><\/h2>\n\t\t\t\t\n\t\t\t\t<nav><ul><li><a href=\"#bekymret-for-eget-elanlegg\" class=\"link link--underlined\">Eget elanlegg<\/a><\/li><li><a href=\"#bekymret-for-andres-elanlegg\" class=\"link link--underlined\">Andres elanlegg<\/a><\/li><li><a href=\"#bekymret-for-elektrisk-utstyr\" class=\"link link--underlined\">Elektrisk utstyr<\/a><\/li><li><a href=\"#bekymret-for-ulovlige-installasjonsarbeidere\" class=\"link link--underlined\">Ulovlig installasjonsarbeidere<\/a><\/li><li><a href=\"#bekymret-for-elsikkerheten-pa-arbeidsplassen\" class=\"link link--underlined\">Elsikkerheten p\u00e5 arbeidsplassen<\/a><\/li><\/ul><\/nav>\t\t\t<\/header>\n\n\t\t<\/div>\n\t<\/div>\n<\/section>\n\n\n\n<section id=\"image-content-block_6087fb125798b\" class=\"block-section image-content light smaller-fonts no-image has-more-content  align-full\">\n\t<div class=\"grid-container\" id=\"scrollToMe-bekymret-for-eget-elanlegg\">\n\n\t\t<div class=\"grid-x grid-padding-x\">\n\n\t\t\t<div class=\"cell small-12 medium-7 content\">\n\t\t\t\t\t\t\t\t\t<h2 class=\"section-title\">Bekymret for eget elanlegg<\/h2>\n\t\t\t\t\n\t\t\t\t\t\t\t\t\t<article><p>Mistenker du at det er feil i elanlegget,\u00a0plikter du som eier \u00e5 kontakte en registrert installasjonsvirksomhet for \u00e5 f\u00e5 det sjekket og utbedret eventuelle feil.<\/p>\n<\/article>\n\t\t\t\t\n\t\t\t\t\t\t\t\t<div class=\"clearfix\"><\/div>\n\t\t\t\t\n\t\t\t\t\t\t\t\t\n\t\t\t\t\t<a\n\t\t\t\t\t\thref=\"#\"\n\t\t\t\t\t\tclass=\"button-plus content-toggler\"\n\t\t\t\t\t\tdata-initialtext=\"Les mer\"\n\t\t\t\t\t\tdata-toggletext=\"Les mindre\"\n\t\t\t\t\t\tdata-target=\"ic-hidden-block_6087fb125798b\"\n\t\t\t\t\t\trole=\"button\"\n\t\t\t\t\t\trel=\"nofollow\"\n\t\t\t\t\t\taria-label=\"\u00c5pne skjult innhold\"\n\t\t\t\t\t\taria-expanded=\"false\">\n\t\t\t\t\t\t<span>Les mer<\/span>\n\t\t\t\t\t\t<span class=\"icon icon-plus\"><\/span>\n\t\t\t\t\t<\/a>\n\t\t\t\t\n\t\t\t<\/div>\n\n\t\t\t<div class=\"cell small-12 medium-5 image\">\n\t\t\t\t\t\t\t\t\t\n\t\t\t\t\t\n\t\t\t\t\n\t\t\t<\/div>\n\n\t\t<\/div>\n\n\t\t\t\t\t\t<div class=\"grid-x grid-padding-x hidden-more-content\" aria-expanded=\"false\" aria-hidden=\"true\" id=\"ic-hidden-block_6087fb125798b\">\n\t\t\t<div class=\"cell small-12 medium-7 content\">\n\t\t\t\t<article>\n\t\t\t\t<p>Leietakere har ogs\u00e5 et ansvar for at elanlegget de benytter er i orden. Hvis du som leietaker oppdager feil p\u00e5 elanlegget, m\u00e5 du snarest melde fra til eier om dette. Hvem som skal s\u00f8rge for vedlikehold og utbedring av feil, b\u00f8r fremkomme av leiekontrakten.<\/p>\n<p>Alle elanlegg b\u00f8r regelmessig kontrolleres av fagfolk. Dersom du er usikker p\u00e5 kvaliteten p\u00e5\u00a0elanlegget, eller det er lenge siden sist det ble kontrollert (mer en fem \u00e5r), b\u00f8r du bestille en elkontroll hos en registrert installasjonsvirksomhet. Det lokale eltilsyn (DLE) utf\u00f8rer ogs\u00e5 tilsyn med elanlegg, men for boliger kan det g\u00e5 inntil 20 \u00e5r mellom disse kontrollene. Derfor b\u00f8r du p\u00e5 eget initiativ s\u00f8rge for andre former for kontroll av ditt elanlegg.<\/p>\n<a class=\"link link--underlined\" href=\"https:\/\/elsikkerhetsportalen.no\/barentsnett\/elektrisk-anlegg\/elkontroll\/\" target=\"_blank\">Mer informasjon om elkontroll<\/a>\t\t\t\t<\/article>\n\t\t\t<\/div>\n\n\t\t\t<div class=\"cell small-12 medium-5 image\">\n\t\t\t\t\t\t\t<\/div>\n\t\t<\/div>\n\t\t\n\t<\/div>\n<\/section>\n\n\n\n<section id=\"image-content-block_6087fc6057990\" class=\"block-section image-content dark smaller-fonts no-image has-more-content  align-full\">\n\t<div class=\"grid-container\" id=\"scrollToMe-bekymret-for-andres-elanlegg\">\n\n\t\t<div class=\"grid-x grid-padding-x\">\n\n\t\t\t<div class=\"cell small-12 medium-7 content\">\n\t\t\t\t\t\t\t\t\t<h2 class=\"section-title\">Bekymret for andres elanlegg<\/h2>\n\t\t\t\t\n\t\t\t\t\t\t\t\t\t<article><p>\u200bDersom du har sett noe som gj\u00f8r deg urolig ved elanlegg som ikke er ditt eget, kan du melde fra om dette til DLE.<\/p>\n<\/article>\n\t\t\t\t\n\t\t\t\t\t\t\t\t<div class=\"clearfix\"><\/div>\n\t\t\t\t\n\t\t\t\t\t\t\t\t\n\t\t\t\t\t<a\n\t\t\t\t\t\thref=\"#\"\n\t\t\t\t\t\tclass=\"button-plus content-toggler\"\n\t\t\t\t\t\tdata-initialtext=\"Les mer\"\n\t\t\t\t\t\tdata-toggletext=\"Les mindre\"\n\t\t\t\t\t\tdata-target=\"ic-hidden-block_6087fc6057990\"\n\t\t\t\t\t\trole=\"button\"\n\t\t\t\t\t\trel=\"nofollow\"\n\t\t\t\t\t\taria-label=\"\u00c5pne skjult innhold\"\n\t\t\t\t\t\taria-expanded=\"false\">\n\t\t\t\t\t\t<span>Les mer<\/span>\n\t\t\t\t\t\t<span class=\"icon icon-plus\"><\/span>\n\t\t\t\t\t<\/a>\n\t\t\t\t\n\t\t\t<\/div>\n\n\t\t\t<div class=\"cell small-12 medium-5 image\">\n\t\t\t\t\t\t\t\t\t\n\t\t\t\t\t\n\t\t\t\t\n\t\t\t<\/div>\n\n\t\t<\/div>\n\n\t\t\t\t\t\t<div class=\"grid-x grid-padding-x hidden-more-content\" aria-expanded=\"false\" aria-hidden=\"true\" id=\"ic-hidden-block_6087fc6057990\">\n\t\t\t<div class=\"cell small-12 medium-7 content\">\n\t\t\t\t<article>\n\t\t\t\t<p>Dette kan v\u00e6re at noen \u00e5penbart har tuklet med et sikringsskap i oppgangen, forhold hos naboen som kan utgj\u00f8re en fare for dem selv og andre. Det kan ogs\u00e5 v\u00e6re at du i jobben din bes\u00f8ker mennesker som har farlige elanlegg. Noen ganger kan det v\u00e6re berettiget grunn til bekymring. Det finnes mange eksempler p\u00e5 at branner med elektrisk \u00e5rsak har f\u00e5tt fatale utfall. Du b\u00f8r imidlertid f\u00f8rst pr\u00f8ve \u00e5 ta opp forholdet med dem det gjelder. Dersom det ikke er mulig, eller det ikke hjelper, skal du ikke n\u00f8le med \u00e5 kontakte DLE.<\/p>\n<a class=\"link link--underlined\" href=\"https:\/\/elsikkerhetsportalen.no\/barentsnett\/dle\/kontakt-dle\/\" target=\"_blank\">Kontaktinformasjon det lokale eltilsyn<\/a>\t\t\t\t<\/article>\n\t\t\t<\/div>\n\n\t\t\t<div class=\"cell small-12 medium-5 image\">\n\t\t\t\t\t\t\t<\/div>\n\t\t<\/div>\n\t\t\n\t<\/div>\n<\/section>\n\n\n\n<section id=\"image-content-block_6087fd1a57994\" class=\"block-section image-content none smaller-fonts no-image has-more-content  align-full\">\n\t<div class=\"grid-container\" id=\"scrollToMe-bekymret-for-elektrisk-utstyr\">\n\n\t\t<div class=\"grid-x grid-padding-x\">\n\n\t\t\t<div class=\"cell small-12 medium-7 content\">\n\t\t\t\t\t\t\t\t\t<h2 class=\"section-title\">Bekymret for elektrisk utstyr<\/h2>\n\t\t\t\t\n\t\t\t\t\t\t\t\t\t<article><p>Dersom et elektrisk apparat eller utstyr oppf\u00f8rer seg unormalt eller ikke virker slik det skal, m\u00e5 det straks tas ut av bruk.<\/p>\n<\/article>\n\t\t\t\t\n\t\t\t\t\t\t\t\t<div class=\"clearfix\"><\/div>\n\t\t\t\t\n\t\t\t\t\t\t\t\t\n\t\t\t\t\t<a\n\t\t\t\t\t\thref=\"#\"\n\t\t\t\t\t\tclass=\"button-plus content-toggler\"\n\t\t\t\t\t\tdata-initialtext=\"Les mer\"\n\t\t\t\t\t\tdata-toggletext=\"Les mindre\"\n\t\t\t\t\t\tdata-target=\"ic-hidden-block_6087fd1a57994\"\n\t\t\t\t\t\trole=\"button\"\n\t\t\t\t\t\trel=\"nofollow\"\n\t\t\t\t\t\taria-label=\"\u00c5pne skjult innhold\"\n\t\t\t\t\t\taria-expanded=\"false\">\n\t\t\t\t\t\t<span>Les mer<\/span>\n\t\t\t\t\t\t<span class=\"icon icon-plus\"><\/span>\n\t\t\t\t\t<\/a>\n\t\t\t\t\n\t\t\t<\/div>\n\n\t\t\t<div class=\"cell small-12 medium-5 image\">\n\t\t\t\t\t\t\t\t\t\n\t\t\t\t\t\n\t\t\t\t\n\t\t\t<\/div>\n\n\t\t<\/div>\n\n\t\t\t\t\t\t<div class=\"grid-x grid-padding-x hidden-more-content\" aria-expanded=\"false\" aria-hidden=\"true\" id=\"ic-hidden-block_6087fd1a57994\">\n\t\t\t<div class=\"cell small-12 medium-7 content\">\n\t\t\t\t<article>\n\t\t\t\t<p>V\u00e6r oppmerksom p\u00e5 rare lyder, lukter, synlige skader, h\u00f8ye temperaturer og brune\/brente merker. Kontroller ogs\u00e5 brukerveiledningen for utstyret for \u00e5 v\u00e6re sikker p\u00e5 at det brukes riktig.<\/p>\n<p>Brukerveiledningen kan ogs\u00e5 inneholde tips og r\u00e5d om hva du skal gj\u00f8re hvis det oppst\u00e5r feil. Hvis du f\u00f8ler du deg usikker p\u00e5 sikkerheten knyttet til et elektrisk utstyr, m\u00e5 du s\u00f8ke r\u00e5d hos en forhandler av det aktuelle utstyret.<\/p>\n<p>Elektrisk utstyr som er defekt m\u00e5 enten repareres av kvalifisert personell eller leveres til gjenvinning hos en forhandler eller p\u00e5 en gjenvinningsstasjon.<\/p>\n<a class=\"link link--underlined\" href=\"https:\/\/elsikkerhetsportalen.no\/barentsnett\/obs\/\" target=\"_blank\">Sjekk om produktet allerede er meldt farlig i bruk<\/a>\t\t\t\t<\/article>\n\t\t\t<\/div>\n\n\t\t\t<div class=\"cell small-12 medium-5 image\">\n\t\t\t\t\t\t\t<\/div>\n\t\t<\/div>\n\t\t\n\t<\/div>\n<\/section>\n\n\n\n<section id=\"image-content-block_6087fd9357998\" class=\"block-section image-content light smaller-fonts no-image has-more-content  align-full\">\n\t<div class=\"grid-container\" id=\"scrollToMe-bekymret-for-ulovlige-installasjonsarbeidere\">\n\n\t\t<div class=\"grid-x grid-padding-x\">\n\n\t\t\t<div class=\"cell small-12 medium-7 content\">\n\t\t\t\t\t\t\t\t\t<h2 class=\"section-title\">Bekymret for ulovlige installasjonsarbeidere<\/h2>\n\t\t\t\t\n\t\t\t\t\t\t\t\t\t<article><p>Det er kun elektroinstallat\u00f8rer som er registrert i Elvirksomhetsregisteret som har lov til \u00e5 arbeide p\u00e5 det elektriske anlegget.<\/p>\n<\/article>\n\t\t\t\t\n\t\t\t\t\t\t\t\t<div class=\"clearfix\"><\/div>\n\t\t\t\t\n\t\t\t\t\t\t\t\t\n\t\t\t\t\t<a\n\t\t\t\t\t\thref=\"#\"\n\t\t\t\t\t\tclass=\"button-plus content-toggler\"\n\t\t\t\t\t\tdata-initialtext=\"Les mer\"\n\t\t\t\t\t\tdata-toggletext=\"Les mindre\"\n\t\t\t\t\t\tdata-target=\"ic-hidden-block_6087fd9357998\"\n\t\t\t\t\t\trole=\"button\"\n\t\t\t\t\t\trel=\"nofollow\"\n\t\t\t\t\t\taria-label=\"\u00c5pne skjult innhold\"\n\t\t\t\t\t\taria-expanded=\"false\">\n\t\t\t\t\t\t<span>Les mer<\/span>\n\t\t\t\t\t\t<span class=\"icon icon-plus\"><\/span>\n\t\t\t\t\t<\/a>\n\t\t\t\t\n\t\t\t<\/div>\n\n\t\t\t<div class=\"cell small-12 medium-5 image\">\n\t\t\t\t\t\t\t\t\t\n\t\t\t\t\t\n\t\t\t\t\n\t\t\t<\/div>\n\n\t\t<\/div>\n\n\t\t\t\t\t\t<div class=\"grid-x grid-padding-x hidden-more-content\" aria-expanded=\"false\" aria-hidden=\"true\" id=\"ic-hidden-block_6087fd9357998\">\n\t\t\t<div class=\"cell small-12 medium-7 content\">\n\t\t\t\t<article>\n\t\t\t\t<p>All utf\u00f8relse og vedlikehold av elanlegg skal utf\u00f8res av en virksomhet som er registrert i\u00a0Elvirksomhetsregisteret. Det er Direktoratet for samfunnssikkerhet og beredskap (DSB) sitt sentrale register over virksomheter som prosjekterer, utf\u00f8rer og vedlikeholder elanlegg.<\/p>\n<p>De som eventuelt engasjerer virksomheter eller personer som ulovlig utf\u00f8rer installasjonsarbeider vil selv m\u00e5tte s\u00f8rge for at eventuelle feil\/mangler blir utbedret av en registrert virksomhet.<\/p>\n<p>Det lokale eltilsyn (DLE) har som prioritert oppgave \u00e5 f\u00f8lge opp virksomheter og personer som ulovlig utf\u00f8rer installasjonsarbeider. Hvis du har kjennskap til slike aktiviteter, kan du sende inn en bekymringsmelding til DLE.<\/p>\n<a class=\"link link--underlined\" href=\"https:\/\/elsikkerhetsportalen.no\/barentsnett\/dle\/kontakt-dle\/\" target=\"_blank\">Kontakt DLE<\/a>\t\t\t\t<\/article>\n\t\t\t<\/div>\n\n\t\t\t<div class=\"cell small-12 medium-5 image\">\n\t\t\t\t\t\t\t<\/div>\n\t\t<\/div>\n\t\t\n\t<\/div>\n<\/section>\n\n\n\n<section id=\"image-content-block_6088054a5799b\" class=\"block-section image-content dark smaller-fonts no-image has-more-content  align-full\">\n\t<div class=\"grid-container\" id=\"scrollToMe-bekymret-for-elsikkerheten-pa-arbeidsplassen\">\n\n\t\t<div class=\"grid-x grid-padding-x\">\n\n\t\t\t<div class=\"cell small-12 medium-7 content\">\n\t\t\t\t\t\t\t\t\t<h2 class=\"section-title\">Bekymret for elsikkerheten p\u00e5 arbeidsplassen<\/h2>\n\t\t\t\t\n\t\t\t\t\t\t\t\t\t<article><p>Dersom du oppdager feil eller mangler knyttet til elsikkerheten p\u00e5 arbeidsplassen din, er du som arbeidstaker pliktig \u00e5 melde fra til arbeidsgiver om slike forhold. Alle virksomheter skal ha et internkontrollsystem for \u00e5 ivareta helse, milj\u00f8 og sikkerhet, herunder elsikkerheten.<\/p>\n<\/article>\n\t\t\t\t\n\t\t\t\t\t\t\t\t<div class=\"clearfix\"><\/div>\n\t\t\t\t\n\t\t\t\t\t\t\t\t\n\t\t\t\t\t<a\n\t\t\t\t\t\thref=\"#\"\n\t\t\t\t\t\tclass=\"button-plus content-toggler\"\n\t\t\t\t\t\tdata-initialtext=\"Les mer\"\n\t\t\t\t\t\tdata-toggletext=\"Les mindre\"\n\t\t\t\t\t\tdata-target=\"ic-hidden-block_6088054a5799b\"\n\t\t\t\t\t\trole=\"button\"\n\t\t\t\t\t\trel=\"nofollow\"\n\t\t\t\t\t\taria-label=\"\u00c5pne skjult innhold\"\n\t\t\t\t\t\taria-expanded=\"false\">\n\t\t\t\t\t\t<span>Les mer<\/span>\n\t\t\t\t\t\t<span class=\"icon icon-plus\"><\/span>\n\t\t\t\t\t<\/a>\n\t\t\t\t\n\t\t\t<\/div>\n\n\t\t\t<div class=\"cell small-12 medium-5 image\">\n\t\t\t\t\t\t\t\t\t\n\t\t\t\t\t\n\t\t\t\t\n\t\t\t<\/div>\n\n\t\t<\/div>\n\n\t\t\t\t\t\t<div class=\"grid-x grid-padding-x hidden-more-content\" aria-expanded=\"false\" aria-hidden=\"true\" id=\"ic-hidden-block_6088054a5799b\">\n\t\t\t<div class=\"cell small-12 medium-7 content\">\n\t\t\t\t<article>\n\t\t\t\t<p>Et slik internkontrollsystem skal ogs\u00e5 inneholde rutiner for hvordan arbeidstakerne kan melde fra om feil og mangler. Benytt deg av dette dersom du er bekymret for elsikkerheten p\u00e5 din arbeidsplass.<\/p>\n<a class=\"link link--underlined\" href=\"https:\/\/elsikkerhetsportalen.no\/barentsnett\/internkontroll\/\" target=\"_blank\">Alt du b\u00f8r vite om internkontroll<\/a>\t\t\t\t<\/article>\n\t\t\t<\/div>\n\n\t\t\t<div class=\"cell small-12 medium-5 image\">\n\t\t\t\t\t\t\t<\/div>\n\t\t<\/div>\n\t\t\n\t<\/div>\n<\/section>\n\n\n\n<section class=\"block-section post-cards\">\n\t<div class=\"grid-container\">\n\n        <div class=\"grid-x grid-margin-x section-title-wrapper\">\n            <div class=\"cell small-12 medium-6\">\n                                    <h1 class=\"section-title\">Vi anbefaler<\/h1>\n                            <\/div>\n\n                    <\/div>\n\n        <div class=\"grid-x grid-margin-x cards-wrapper\">\n                                                                    <a href=\"https:\/\/elsikkerhetsportalen.no\/barentsnett\/ulovlig\/\" class=\"link-card cell small-12 medium-6\">\n    <article>\n        <div class=\"content\">\n            <h3 class=\"title\">Ulovlig elektrisk arbeid<\/h3>\n            <p class=\"excerpt\">Elektrisk materiell er blitt hyllevare i stadig flere forretninger og nettbutikker. Du kan f\u00e5 kj\u00f8pt&#8230;<\/p>\n        <\/div>\n        <span class=\"icon icon-arrow-right\"><\/span>\n    <\/article>\n<\/a>                    \n                                                        <a href=\"https:\/\/elsikkerhetsportalen.no\/barentsnett\/dle\/kontakt-dle\/\" class=\"link-card cell small-12 medium-6\">\n    <article>\n        <div class=\"content\">\n            <h3 class=\"title\">Kontakt DLE<\/h3>\n            <p class=\"excerpt\">Det lokale eltilsynet utf\u00f8rer tilsyn i private hjem og i virksomheter. DLE Barents Nett ASNyborgveien&#8230;<\/p>\n        <\/div>\n        <span class=\"icon icon-arrow-right\"><\/span>\n    <\/article>\n<\/a>                    \n                                                    <\/div>\n\n    <\/div>\n<\/section>","protected":false},"excerpt":{"rendered":"","protected":false},"author":1,"featured_media":0,"parent":15,"menu_order":7,"comment_status":"closed","ping_status":"closed","template":"","meta":{"_acf_changed":false,"footnotes":""},"class_list":["post-66","page","type-page","status-publish","hentry"],"acf":[],"_links":{"self":[{"href":"https:\/\/elsikkerhetsportalen.no\/barentsnett\/wp-json\/wp\/v2\/pages\/66","targetHints":{"allow":["GET"]}}],"collection":[{"href":"https:\/\/elsikkerhetsportalen.no\/barentsnett\/wp-json\/wp\/v2\/pages"}],"about":[{"href":"https:\/\/elsikkerhetsportalen.no\/barentsnett\/wp-json\/wp\/v2\/types\/page"}],"author":[{"embeddable":true,"href":"https:\/\/elsikkerhetsportalen.no\/barentsnett\/wp-json\/wp\/v2\/users\/1"}],"replies":[{"embeddable":true,"href":"https:\/\/elsikkerhetsportalen.no\/barentsnett\/wp-json\/wp\/v2\/comments?post=66"}],"version-history":[{"count":0,"href":"https:\/\/elsikkerhetsportalen.no\/barentsnett\/wp-json\/wp\/v2\/pages\/66\/revisions"}],"up":[{"embeddable":true,"href":"https:\/\/elsikkerhetsportalen.no\/barentsnett\/wp-json\/wp\/v2\/pages\/15"}],"wp:attachment":[{"href":"https:\/\/elsikkerhetsportalen.no\/barentsnett\/wp-json\/wp\/v2\/media?parent=66"}],"curies":[{"name":"wp","href":"https:\/\/api.w.org\/{rel}","templated":true}]}}