{"id":61,"date":"2021-02-03T21:37:31","date_gmt":"2021-02-03T21:37:31","guid":{"rendered":"http:\/\/elsikkerhetsportalen.no\/tronderkraft\/?page_id=61"},"modified":"2026-02-02T16:13:36","modified_gmt":"2026-02-02T16:13:36","slug":"kontakt-dle","status":"publish","type":"page","link":"https:\/\/elsikkerhetsportalen.no\/elmat\/dle\/kontakt-dle\/","title":{"rendered":"Kontakt DLE"},"content":{"rendered":"\n<p>Det lokale eltilsynet utf\u00f8rer tilsyn i private hjem og i virksomheter.<\/p>\n\n\n\n<h3 class=\"wp-block-heading\">Elinett AS<\/h3>\n\n\n\n<p><strong>E-post: <a href=\"mailto:dle@elinett.no\">dle@elinett.no<\/a><\/strong><br><strong>Telefon:<\/strong> <a href=\"tel:93016316\">930 16 316<\/a><br><strong>Tilsynssjef:<\/strong> Lene Str\u00f8m<\/p>\n\n\n\n<p><strong>Elinett AS<\/strong><br>Plutovegen 5<br>6419 Molde<\/p>\n\n\n\n<p><a href=\"https:\/\/elinett.no\">For andre henvendelser til Elinett<\/a><\/p>\n\n\n\n<h3 class=\"wp-block-heading\">Fjellnett AS<\/h3>\n\n\n\n<p><strong>E<\/strong><strong>-post:<\/strong>&nbsp;<a href=\"mailto:post@fjellnett.no\">post@fjellnett.no<\/a><\/p>\n\n\n\n<p><strong>Telefon:<\/strong>&nbsp;<a href=\"tel:61238290\">612 38 290<\/a><br>Henvendelser tilknyttet tilsyn (revisjoner og anleggskontroller) rettes til fagansvarlig  K\u00e5re Grindstuen. Dette gjelder ogs\u00e5 sp\u00f8rsm\u00e5l i forbindelse med tolkning av forskrifter og normer o.l.<\/p>\n\n\n\n<p><strong>Fjellnett AS<br><\/strong>Edvard Storms veg 4<br>2680 V\u00e5g\u00e5<\/p>\n\n\n\n<p>Postadr: Postboks 160, 2684 V\u00e5g\u00e5<\/p>\n\n\n\n<p><a href=\"https:\/\/www.fjellnett.no\/\">For andre henvendelser til Fjellnett AS<\/a><\/p>\n\n\n\n<h3 class=\"wp-block-heading\">Klive AS<\/h3>\n\n\n\n<p><strong>E-post:  <\/strong>post@klive.no<br><strong>Telefon:<\/strong> 627 00 710<br><strong>DLE-ansvarlig:<\/strong> Jens Christian Bj\u00f8ntegaard<\/p>\n\n\n\n<p><strong>Klive AS<\/strong><br>Tomtegata 8<br>2500 Tynset<\/p>\n\n\n\n<p><a href=\"https:\/\/klive.no\">For andre henvendelser til Klive<\/a><\/p>\n\n\n\n<h3 class=\"wp-block-heading\">Netera (tidligere SuNett)<\/h3>\n\n\n\n<p><strong>E-post:<\/strong>&nbsp;<a href=\"mailto:firmapost@sunett.no\">firmapost@sunett.no<\/a><br><strong>Telefon:<\/strong>&nbsp;<a href=\"tel:71689570\">716 89 570<\/a><\/p>\n\n\n\n<p><strong>SuNett AS<\/strong><br>Mongstugata 9<br>6600 Sunndals\u00f8ra<\/p>\n\n\n\n<h3 class=\"wp-block-heading\">Mellom AS<\/h3>\n\n\n\n<p><strong>E-post: <\/strong><a href=\"mailto:dle@mellom.no\">dle@mellom.no<\/a><br><strong>Telefon: <\/strong><a href=\"tel:71581000\">715 81 000<\/a><\/p>\n\n\n\n<p><strong>DLE ved Mellom AS<\/strong><br>Fosnagata 12<br>6509 Kristiansund N<\/p>\n\n\n\n<p><a href=\"https:\/\/mellom.no\">For andre henvendelser til Mellom AS<\/a><\/p>\n\n\n\n<h3 class=\"wp-block-heading\">Romsdalsnett AS<\/h3>\n\n\n\n<p><strong>E-post:<\/strong>&nbsp;<a href=\"http:\/\/www.rauma-energi.no\/\">eltilsynet@rnett.no<\/a><br><strong>Telefon:<\/strong>&nbsp;<a href=\"tel:71226720\">712 26 720<\/a><br><strong>Tilsynsleder&nbsp;<\/strong><a href=\"mailto:kjetil@rauma-energi.no\">Kjetil Aln\u00e6s<\/a><\/p>\n\n\n\n<p><strong>Romsdalsnett AS<\/strong><br>\u00d8ran Vest<br>6300 \u00c5ndalsnes<br><a href=\"mailto:nett@rnett.no\">For andre henvendelser til Romsdalsnett<\/a><\/p>\n\n\n\n<h3 class=\"wp-block-heading\">R\u00f8ros Everk AS<\/h3>\n\n\n\n<p><strong>E-post:<\/strong>&nbsp;<a href=\"mailto:kundeservice@revnett.no\">kundeservice@revnett.no<\/a><br><strong>Telefon:<\/strong>&nbsp;<a href=\"tel:72414816\">724 14 816<\/a><br><strong>Feilmelding:&nbsp;<\/strong><a href=\"tel:95807950\">958 07 950&nbsp;<\/a>(utenfor ordin\u00e6r kontortid)<br><strong>DLE ansvarlig<\/strong>&nbsp;Trond Siksj\u00f8, telefon&nbsp;<a href=\"tel:72414821\">724 14 821<\/a><\/p>\n\n\n\n<p><strong>R\u00f8ros Everk AS<\/strong><br>Postboks 305<br>7361 R\u00f8ros<br><a rel=\"noreferrer noopener\" href=\"http:\/\/www.rev.no\/\" target=\"_blank\">For andre henvendelser til R\u00f8ros Everk<\/a><\/p>\n\n\n\n<h3 class=\"wp-block-heading\">Vevig AS<\/h3>\n\n\n\n<p><strong>E-post:<\/strong> <a href=\"mailto:dle@vevig.no\">dle@vevig.no<\/a><br><strong>Telefon:<\/strong> <a href=\"tel:61294666\">612 94 666<\/a><br><strong>Tilsynsleder:<\/strong> Morten Hovden<\/p>\n\n\n\n<p><strong>Vevig AS<\/strong><br>Strandgata 39<br>2640 Vinstra<\/p>\n\n\n\n<p><a href=\"https:\/\/vevig.no\">For andre henvendelser til Vevig AS<\/a><\/p>\n","protected":false},"excerpt":{"rendered":"<p>Det lokale eltilsynet utf\u00f8rer tilsyn i private hjem og i virksomheter. Elinett AS E-post: dle@elinett.noTelefon: 930 16 316Tilsynssjef: Lene Str\u00f8m Elinett ASPlutovegen 56419 Molde For andre henvendelser til Elinett Fjellnett AS E-post:&nbsp;post@fjellnett.no Telefon:&nbsp;612 38 290Henvendelser tilknyttet tilsyn (revisjoner og anleggskontroller) rettes til fagansvarlig K\u00e5re Grindstuen. Dette gjelder ogs\u00e5 sp\u00f8rsm\u00e5l i forbindelse med tolkning av forskrifter [&hellip;]<\/p>\n","protected":false},"author":1,"featured_media":0,"parent":15,"menu_order":2,"comment_status":"closed","ping_status":"closed","template":"","meta":{"_acf_changed":false,"footnotes":""},"class_list":["post-61","page","type-page","status-publish","hentry"],"acf":[],"_links":{"self":[{"href":"https:\/\/elsikkerhetsportalen.no\/elmat\/wp-json\/wp\/v2\/pages\/61","targetHints":{"allow":["GET"]}}],"collection":[{"href":"https:\/\/elsikkerhetsportalen.no\/elmat\/wp-json\/wp\/v2\/pages"}],"about":[{"href":"https:\/\/elsikkerhetsportalen.no\/elmat\/wp-json\/wp\/v2\/types\/page"}],"author":[{"embeddable":true,"href":"https:\/\/elsikkerhetsportalen.no\/elmat\/wp-json\/wp\/v2\/users\/1"}],"replies":[{"embeddable":true,"href":"https:\/\/elsikkerhetsportalen.no\/elmat\/wp-json\/wp\/v2\/comments?post=61"}],"version-history":[{"count":0,"href":"https:\/\/elsikkerhetsportalen.no\/elmat\/wp-json\/wp\/v2\/pages\/61\/revisions"}],"up":[{"embeddable":true,"href":"https:\/\/elsikkerhetsportalen.no\/elmat\/wp-json\/wp\/v2\/pages\/15"}],"wp:attachment":[{"href":"https:\/\/elsikkerhetsportalen.no\/elmat\/wp-json\/wp\/v2\/media?parent=61"}],"curies":[{"name":"wp","href":"https:\/\/api.w.org\/{rel}","templated":true}]}}