{"id":13,"date":"2021-02-03T21:28:22","date_gmt":"2021-02-03T21:28:22","guid":{"rendered":"http:\/\/elsikkerhetsportalen.no\/lofotkraft\/?page_id=13"},"modified":"2021-10-06T11:04:52","modified_gmt":"2021-10-06T11:04:52","slug":"for-bedrifter","status":"publish","type":"page","link":"https:\/\/elsikkerhetsportalen.no\/elmea\/for-bedrifter\/","title":{"rendered":"For bedrifter"},"content":{"rendered":"<section id=\"scrollable-shortcuts-block_6093ef50a54d0\" class=\"block-section scrollable-shortcuts   align-full\">\n\t<div class=\"grid-container\">\n\t\t<div class=\"grid-x grid-padding-x\">\n\n\t\t\t<header class=\"cell small-12 medium-7\">\n\t\t\t\t\t\t\t\t\t<h1>Elsikkerhet for bedrifter<\/h1>\n\t\t\t\t\n\t\t\t\t\t\t\t\t\t<p class=\"ingress\">De fleste bedrifter forholder seg til elektrisk utstyr i en eller annen form. Det er derfor viktig at bedrifter setter seg inn i elsikkerhet p\u00e5 arbeidsplassen. <\/p>\n\t\t\t\t\n\t\t\t\t\t\t\t\t\t<h2 class=\"shortcuts-title\">Snarveier<span><span class=\"icon icon-arrow-down\"><\/span><\/span><\/h2>\n\t\t\t\t\n\t\t\t\t<nav><ul><li><a href=\"#bedriftselektriker\" class=\"link link--underlined\">Bedriftselektriker<\/a><\/li><li><a href=\"#instruert-personell\" class=\"link link--underlined\">Instruert personell<\/a><\/li><li><a href=\"#elsikkerhet-for-rorleggere\" class=\"link link--underlined\">Elsikkerhet for r\u00f8rleggere<\/a><\/li><li><a href=\"#byggeplasser\" class=\"link link--underlined\">Byggeplasser<\/a><\/li><li><a href=\"#hjemmetjenesten\" class=\"link link--underlined\">Hjemmetjenesten<\/a><\/li><li><a href=\"#elektromedisinsk-utstyr\" class=\"link link--underlined\">Elektromedisinsk utstyr<\/a><\/li><\/ul><\/nav>\t\t\t<\/header>\n\n\t\t<\/div>\n\t<\/div>\n<\/section>\n\n\n\n<section id=\"image-content-block_6093f33ca54d1\" class=\"block-section image-content dark  align-full\">\n\t<div class=\"grid-container\" id=\"scrollToMe-bedriftselektriker\">\n\n\t\t<div class=\"grid-x grid-padding-x\">\n\n\t\t\t<div class=\"cell small-12 medium-7 content\">\n\t\t\t\t\t\t\t\t\t<h2 class=\"section-title\">Bedriftselektriker<\/h2>\n\t\t\t\t\n\t\t\t\t\t\t\t\t\t<article><p>En bedriftselektriker kan ikke utf\u00f8re arbeider p\u00e5 bedriftens elektriske anlegg helt uten videre. Her kan du lese mer om hvilke retningslinjer en bedriftselektriker m\u00e5 f\u00f8lge.<\/p>\n<\/article>\n\t\t\t\t\n\t\t\t\t\t\t<a class=\"link link--underlined\" href=\"https:\/\/elsikkerhetsportalen.no\/elmea\/for-bedrifter\/bedriftselektriker\/\" target=\"_self\">\n\t\t\tG\u00e5 til siden\t\t<\/a>\n\t\t\t\t\t<div class=\"clearfix\"><\/div>\n\t\t\t\t\n\t\t\t\t\t\t\t\t\n\t\t\t<\/div>\n\n\t\t\t<div class=\"cell small-12 medium-5 image\">\n\t\t\t\t<img loading=\"lazy\" decoding=\"async\" width=\"502\" height=\"335\" src=\"https:\/\/elsikkerhetsportalen.no\/elmea\/wp-content\/uploads\/sites\/11\/2021\/05\/bedriftselektriker-502x335.png\" class=\"attachment-image-content size-image-content\" alt=\"Bilde viser en eldre mann som illustrer en faglig ansvarlig i virksomheten\" srcset=\"https:\/\/elsikkerhetsportalen.no\/elmea\/wp-content\/uploads\/sites\/11\/2021\/05\/bedriftselektriker-502x335.png 502w, https:\/\/elsikkerhetsportalen.no\/elmea\/wp-content\/uploads\/sites\/11\/2021\/05\/bedriftselektriker-300x200.png 300w, https:\/\/elsikkerhetsportalen.no\/elmea\/wp-content\/uploads\/sites\/11\/2021\/05\/bedriftselektriker.png 600w\" sizes=\"auto, (max-width: 502px) 100vw, 502px\" \/>\n\t\t\t<\/div>\n\n\t\t<\/div>\n\n\t\t\t\t\n\t<\/div>\n<\/section>\n\n\n\n<section id=\"image-content-block_6093f47aa54d4\" class=\"block-section image-content light  align-full\">\n\t<div class=\"grid-container\" id=\"scrollToMe-instruert-personell\">\n\n\t\t<div class=\"grid-x grid-padding-x\">\n\n\t\t\t<div class=\"cell small-12 medium-7 content\">\n\t\t\t\t\t\t\t\t\t<h2 class=\"section-title\">Instruert personell<\/h2>\n\t\t\t\t\n\t\t\t\t\t\t\t\t\t<article><p>Instruert personell har f\u00e5tt oppl\u00e6ring til \u00e5 gj\u00f8re spesifikke oppgaver. Her finner du ut hva det inneb\u00e6rer.<\/p>\n<\/article>\n\t\t\t\t\n\t\t\t\t\t\t<a class=\"link link--underlined\" href=\"https:\/\/elsikkerhetsportalen.no\/elmea\/for-bedrifter\/instruert-personell\/\" target=\"_self\">\n\t\t\tG\u00e5 til siden\t\t<\/a>\n\t\t\t\t\t<div class=\"clearfix\"><\/div>\n\t\t\t\t\n\t\t\t\t\t\t\t\t\n\t\t\t<\/div>\n\n\t\t\t<div class=\"cell small-12 medium-5 image\">\n\t\t\t\t<img loading=\"lazy\" decoding=\"async\" width=\"502\" height=\"335\" src=\"https:\/\/elsikkerhetsportalen.no\/elmea\/wp-content\/uploads\/sites\/11\/2021\/06\/Tommel-opp-600x400-1-502x335.jpg\" class=\"attachment-image-content size-image-content\" alt=\"\" srcset=\"https:\/\/elsikkerhetsportalen.no\/elmea\/wp-content\/uploads\/sites\/11\/2021\/06\/Tommel-opp-600x400-1-502x335.jpg 502w, https:\/\/elsikkerhetsportalen.no\/elmea\/wp-content\/uploads\/sites\/11\/2021\/06\/Tommel-opp-600x400-1-300x200.jpg 300w, https:\/\/elsikkerhetsportalen.no\/elmea\/wp-content\/uploads\/sites\/11\/2021\/06\/Tommel-opp-600x400-1.jpg 600w\" sizes=\"auto, (max-width: 502px) 100vw, 502px\" \/>\n\t\t\t<\/div>\n\n\t\t<\/div>\n\n\t\t\t\t\n\t<\/div>\n<\/section>\n\n\n\n<section id=\"image-content-block_6093f535a54d7\" class=\"block-section image-content dark  align-full\">\n\t<div class=\"grid-container\" id=\"scrollToMe-elsikkerhet-for-rorleggere\">\n\n\t\t<div class=\"grid-x grid-padding-x\">\n\n\t\t\t<div class=\"cell small-12 medium-7 content\">\n\t\t\t\t\t\t\t\t\t<h2 class=\"section-title\">Elsikkerhet for r\u00f8rleggere<\/h2>\n\t\t\t\t\n\t\t\t\t\t\t\t\t\t<article><p>F\u00e5r \u00e5 kunne utf\u00f8re jobben p\u00e5 trygg m\u00e5te, er det viktig at r\u00f8rleggere har grunnleggende kunnskap om elektriske anlegg.<\/p>\n<\/article>\n\t\t\t\t\n\t\t\t\t\t\t<a class=\"link link--underlined\" href=\"https:\/\/elsikkerhetsportalen.no\/elmea\/for-bedrifter\/elsikkerhet-for-rorleggere\/\" target=\"_self\">\n\t\t\tG\u00e5 til siden\t\t<\/a>\n\t\t\t\t\t<div class=\"clearfix\"><\/div>\n\t\t\t\t\n\t\t\t\t\t\t\t\t\n\t\t\t<\/div>\n\n\t\t\t<div class=\"cell small-12 medium-5 image\">\n\t\t\t\t<img loading=\"lazy\" decoding=\"async\" width=\"502\" height=\"335\" src=\"https:\/\/elsikkerhetsportalen.no\/elmea\/wp-content\/uploads\/sites\/11\/2021\/05\/rorlegger-502x335.png\" class=\"attachment-image-content size-image-content\" alt=\"Illustrasjonsbilde av en r\u00f8rlegger med r\u00f8rtang\" srcset=\"https:\/\/elsikkerhetsportalen.no\/elmea\/wp-content\/uploads\/sites\/11\/2021\/05\/rorlegger-502x335.png 502w, https:\/\/elsikkerhetsportalen.no\/elmea\/wp-content\/uploads\/sites\/11\/2021\/05\/rorlegger-300x200.png 300w, https:\/\/elsikkerhetsportalen.no\/elmea\/wp-content\/uploads\/sites\/11\/2021\/05\/rorlegger.png 600w\" sizes=\"auto, (max-width: 502px) 100vw, 502px\" \/>\n\t\t\t<\/div>\n\n\t\t<\/div>\n\n\t\t\t\t\n\t<\/div>\n<\/section>\n\n\n\n<section id=\"image-content-block_6156ef7bd9221\" class=\"block-section image-content light  align-full\">\n\t<div class=\"grid-container\" id=\"scrollToMe-byggeplasser\">\n\n\t\t<div class=\"grid-x grid-padding-x\">\n\n\t\t\t<div class=\"cell small-12 medium-7 content\">\n\t\t\t\t\t\t\t\t\t<h2 class=\"section-title\">Byggeplasser<\/h2>\n\t\t\t\t\n\t\t\t\t\t\t\t\t\t<article><p>P\u00e5 byggeplasser er str\u00f8mforsyningen utsatt for store p\u00e5kjenninger. Dette kan f\u00f8re til \u00f8kt fare for de som jobber der.<\/p>\n<\/article>\n\t\t\t\t\n\t\t\t\t\t\t<a class=\"link link--underlined\" href=\"https:\/\/elsikkerhetsportalen.no\/elmea\/for-bedrifter\/byggeplasser\/\" target=\"_self\">\n\t\t\tG\u00e5 til siden\t\t<\/a>\n\t\t\t\t\t<div class=\"clearfix\"><\/div>\n\t\t\t\t\n\t\t\t\t\t\t\t\t\n\t\t\t<\/div>\n\n\t\t\t<div class=\"cell small-12 medium-5 image\">\n\t\t\t\t<img loading=\"lazy\" decoding=\"async\" width=\"502\" height=\"335\" src=\"https:\/\/elsikkerhetsportalen.no\/elmea\/wp-content\/uploads\/2021\/10\/building-g869efc9ab_1920-502x335.jpg\" class=\"attachment-image-content size-image-content\" alt=\"\" srcset=\"https:\/\/elsikkerhetsportalen.no\/elmea\/wp-content\/uploads\/2021\/10\/building-g869efc9ab_1920-502x335.jpg 502w, https:\/\/elsikkerhetsportalen.no\/elmea\/wp-content\/uploads\/2021\/10\/building-g869efc9ab_1920-300x200.jpg 300w, https:\/\/elsikkerhetsportalen.no\/elmea\/wp-content\/uploads\/2021\/10\/building-g869efc9ab_1920-1024x683.jpg 1024w, https:\/\/elsikkerhetsportalen.no\/elmea\/wp-content\/uploads\/2021\/10\/building-g869efc9ab_1920-768x512.jpg 768w, https:\/\/elsikkerhetsportalen.no\/elmea\/wp-content\/uploads\/2021\/10\/building-g869efc9ab_1920-1536x1024.jpg 1536w, https:\/\/elsikkerhetsportalen.no\/elmea\/wp-content\/uploads\/2021\/10\/building-g869efc9ab_1920.jpg 1920w\" sizes=\"auto, (max-width: 502px) 100vw, 502px\" \/>\n\t\t\t<\/div>\n\n\t\t<\/div>\n\n\t\t\t\t\n\t<\/div>\n<\/section>\n\n\n\n<section id=\"image-content-block_6093f5b9a54da\" class=\"block-section image-content dark  align-full\">\n\t<div class=\"grid-container\" id=\"scrollToMe-hjemmetjenesten\">\n\n\t\t<div class=\"grid-x grid-padding-x\">\n\n\t\t\t<div class=\"cell small-12 medium-7 content\">\n\t\t\t\t\t\t\t\t\t<h2 class=\"section-title\">Hjemmetjenesten<\/h2>\n\t\t\t\t\n\t\t\t\t\t\t\t\t\t<article><p>Eldre er i risikogruppen n\u00e5r det gjelder elsikkerhet. Derfor gir DLE tilpasset elsikkerhetsinformasjon til hjemmetjenesten.<\/p>\n<\/article>\n\t\t\t\t\n\t\t\t\t\t\t<a class=\"link link--underlined\" href=\"https:\/\/elsikkerhetsportalen.no\/elmea\/for-bedrifter\/elsikkerhet-for-hjemmetjenesten\/\" target=\"_self\">\n\t\t\tG\u00e5 til siden\t\t<\/a>\n\t\t\t\t\t<div class=\"clearfix\"><\/div>\n\t\t\t\t\n\t\t\t\t\t\t\t\t\n\t\t\t<\/div>\n\n\t\t\t<div class=\"cell small-12 medium-5 image\">\n\t\t\t\t<img loading=\"lazy\" decoding=\"async\" width=\"502\" height=\"335\" src=\"https:\/\/elsikkerhetsportalen.no\/elmea\/wp-content\/uploads\/sites\/11\/2021\/05\/hjemmetjeneste-502x335.png\" class=\"attachment-image-content size-image-content\" alt=\"Bilde som viser hjemmetjenesten hos eldre kvinne\" srcset=\"https:\/\/elsikkerhetsportalen.no\/elmea\/wp-content\/uploads\/sites\/11\/2021\/05\/hjemmetjeneste-502x335.png 502w, https:\/\/elsikkerhetsportalen.no\/elmea\/wp-content\/uploads\/sites\/11\/2021\/05\/hjemmetjeneste-300x200.png 300w, https:\/\/elsikkerhetsportalen.no\/elmea\/wp-content\/uploads\/sites\/11\/2021\/05\/hjemmetjeneste.png 600w\" sizes=\"auto, (max-width: 502px) 100vw, 502px\" \/>\n\t\t\t<\/div>\n\n\t\t<\/div>\n\n\t\t\t\t\n\t<\/div>\n<\/section>\n\n\n\n<section id=\"image-content-block_6093f5e1a54db\" class=\"block-section image-content light  align-full\">\n\t<div class=\"grid-container\" id=\"scrollToMe-elektromedisinsk-utstyr\">\n\n\t\t<div class=\"grid-x grid-padding-x\">\n\n\t\t\t<div class=\"cell small-12 medium-7 content\">\n\t\t\t\t\t\t\t\t\t<h2 class=\"section-title\">Elektromedisinsk utstyr<\/h2>\n\t\t\t\t\n\t\t\t\t\t\t\t\t\t<article><p>Det er egne krav til installasjon, bruk og vedlikehold av elektromedisinsk utstyr.<\/p>\n<\/article>\n\t\t\t\t\n\t\t\t\t\t\t<a class=\"link link--underlined\" href=\"https:\/\/elsikkerhetsportalen.no\/elmea\/for-bedrifter\/elektromedisinsk-utstyr\/\" target=\"_self\">\n\t\t\tG\u00e5 til siden\t\t<\/a>\n\t\t\t\t\t<div class=\"clearfix\"><\/div>\n\t\t\t\t\n\t\t\t\t\t\t\t\t\n\t\t\t<\/div>\n\n\t\t\t<div class=\"cell small-12 medium-5 image\">\n\t\t\t\t<img loading=\"lazy\" decoding=\"async\" width=\"502\" height=\"335\" src=\"https:\/\/elsikkerhetsportalen.no\/elmea\/wp-content\/uploads\/sites\/11\/2021\/06\/Tannlege-600x400-1-502x335.jpg\" class=\"attachment-image-content size-image-content\" alt=\"\" srcset=\"https:\/\/elsikkerhetsportalen.no\/elmea\/wp-content\/uploads\/sites\/11\/2021\/06\/Tannlege-600x400-1-502x335.jpg 502w, https:\/\/elsikkerhetsportalen.no\/elmea\/wp-content\/uploads\/sites\/11\/2021\/06\/Tannlege-600x400-1-300x200.jpg 300w, https:\/\/elsikkerhetsportalen.no\/elmea\/wp-content\/uploads\/sites\/11\/2021\/06\/Tannlege-600x400-1.jpg 600w\" sizes=\"auto, (max-width: 502px) 100vw, 502px\" \/>\n\t\t\t<\/div>\n\n\t\t<\/div>\n\n\t\t\t\t\n\t<\/div>\n<\/section>\n","protected":false},"excerpt":{"rendered":"","protected":false},"author":1,"featured_media":0,"parent":0,"menu_order":11,"comment_status":"closed","ping_status":"closed","template":"","meta":{"_acf_changed":false,"footnotes":""},"class_list":["post-13","page","type-page","status-publish","hentry"],"acf":[],"_links":{"self":[{"href":"https:\/\/elsikkerhetsportalen.no\/elmea\/wp-json\/wp\/v2\/pages\/13","targetHints":{"allow":["GET"]}}],"collection":[{"href":"https:\/\/elsikkerhetsportalen.no\/elmea\/wp-json\/wp\/v2\/pages"}],"about":[{"href":"https:\/\/elsikkerhetsportalen.no\/elmea\/wp-json\/wp\/v2\/types\/page"}],"author":[{"embeddable":true,"href":"https:\/\/elsikkerhetsportalen.no\/elmea\/wp-json\/wp\/v2\/users\/1"}],"replies":[{"embeddable":true,"href":"https:\/\/elsikkerhetsportalen.no\/elmea\/wp-json\/wp\/v2\/comments?post=13"}],"version-history":[{"count":0,"href":"https:\/\/elsikkerhetsportalen.no\/elmea\/wp-json\/wp\/v2\/pages\/13\/revisions"}],"wp:attachment":[{"href":"https:\/\/elsikkerhetsportalen.no\/elmea\/wp-json\/wp\/v2\/media?parent=13"}],"curies":[{"name":"wp","href":"https:\/\/api.w.org\/{rel}","templated":true}]}}