{"id":26,"date":"2021-02-03T21:31:38","date_gmt":"2021-02-03T21:31:38","guid":{"rendered":"http:\/\/elsikkerhetsportalen.no\/lofotkraft\/?page_id=26"},"modified":"2022-12-01T11:51:48","modified_gmt":"2022-12-01T11:51:48","slug":"belysning","status":"publish","type":"page","link":"https:\/\/elsikkerhetsportalen.no\/elmea\/elektrisk-utstyr\/belysning\/","title":{"rendered":"Belysning"},"content":{"rendered":"<section id=\"scrollable-shortcuts-block_6077f1628224b\" class=\"block-section scrollable-shortcuts   align-full\">\n\t<div class=\"grid-container\">\n\t\t<div class=\"grid-x grid-padding-x\">\n\n\t\t\t<header class=\"cell small-12 medium-7\">\n\t\t\t\t\t\t\t\t\t<h1>Belysning<\/h1>\n\t\t\t\t\n\t\t\t\t\t\t\t\t\t<p class=\"ingress\">Det er viktig \u00e5 bruke riktige lysp\u00e6rer i lampene. Lysp\u00e6rer kan f\u00e5 h\u00f8y overflatetemperatur. N\u00e5r disse tildekkes, feilmonteres eller kommer for n\u00e6rt brennbart material kan det oppst\u00e5 brann. Her er r\u00e5d for kj\u00f8p og bruk av belysning. <\/p>\n\t\t\t\t\n\t\t\t\t\t\t\t\t\t<h2 class=\"shortcuts-title\">Snarveier<span><span class=\"icon icon-arrow-down\"><\/span><\/span><\/h2>\n\t\t\t\t\n\t\t\t\t<nav><ul><li><a href=\"#lamper\" class=\"link link--underlined\">Lamper<\/a><\/li><li><a href=\"#downlights\" class=\"link link--underlined\">Downlights<\/a><\/li><li><a href=\"#lysror-lysarmatur\" class=\"link link--underlined\">Lysr\u00f8r\/lysarmatur<\/a><\/li><li><a href=\"#et-elsikkert-barnerom\" class=\"link link--underlined\">Et elsikkert barnerom<\/a><\/li><\/ul><\/nav>\t\t\t<\/header>\n\n\t\t<\/div>\n\t<\/div>\n<\/section>\n\n\n\n<section id=\"image-content-block_606d8245c38bb\" class=\"block-section image-content light has-more-content  align-full\">\n\t<div class=\"grid-container\" id=\"scrollToMe-lamper\">\n\n\t\t<div class=\"grid-x grid-padding-x\">\n\n\t\t\t<div class=\"cell small-12 medium-7 content\">\n\t\t\t\t\t\t\t\t\t<h2 class=\"section-title\">Lamper<\/h2>\n\t\t\t\t\n\t\t\t\t\t\t\t\t\t<article><p>Lamper gir god stemning i hjemmet, men for \u00e5 bevare den gode stemningen er det viktig at vi bruker lampene riktig.<\/p>\n<\/article>\n\t\t\t\t\n\t\t\t\t\t\t\t\t<div class=\"clearfix\"><\/div>\n\t\t\t\t\n\t\t\t\t\t\t\t\t\n\t\t\t\t\t<a\n\t\t\t\t\t\thref=\"#\"\n\t\t\t\t\t\tclass=\"button-plus content-toggler\"\n\t\t\t\t\t\tdata-initialtext=\"Les mer\"\n\t\t\t\t\t\tdata-toggletext=\"Les mindre\"\n\t\t\t\t\t\tdata-target=\"ic-hidden-block_606d8245c38bb\"\n\t\t\t\t\t\trole=\"button\"\n\t\t\t\t\t\trel=\"nofollow\"\n\t\t\t\t\t\taria-label=\"\u00c5pne skjult innhold\"\n\t\t\t\t\t\taria-expanded=\"false\">\n\t\t\t\t\t\t<span>Les mer<\/span>\n\t\t\t\t\t\t<span class=\"icon icon-plus\"><\/span>\n\t\t\t\t\t<\/a>\n\t\t\t\t\n\t\t\t<\/div>\n\n\t\t\t<div class=\"cell small-12 medium-5 image\">\n\t\t\t\t<img loading=\"lazy\" decoding=\"async\" width=\"502\" height=\"335\" src=\"https:\/\/elsikkerhetsportalen.no\/elmea\/wp-content\/uploads\/sites\/11\/2021\/04\/Lampe-502x335.jpg\" class=\"attachment-image-content size-image-content\" alt=\"\" srcset=\"https:\/\/elsikkerhetsportalen.no\/elmea\/wp-content\/uploads\/sites\/11\/2021\/04\/Lampe-502x335.jpg 502w, https:\/\/elsikkerhetsportalen.no\/elmea\/wp-content\/uploads\/sites\/11\/2021\/04\/Lampe-300x200.jpg 300w, https:\/\/elsikkerhetsportalen.no\/elmea\/wp-content\/uploads\/sites\/11\/2021\/04\/Lampe.jpg 600w\" sizes=\"auto, (max-width: 502px) 100vw, 502px\" \/>\n\t\t\t<\/div>\n\n\t\t<\/div>\n\n\t\t\t\t\t\t<div class=\"grid-x grid-padding-x hidden-more-content\" aria-expanded=\"false\" aria-hidden=\"true\" id=\"ic-hidden-block_606d8245c38bb\">\n\t\t\t<div class=\"cell small-12 medium-7 content\">\n\t\t\t\t<article>\n\t\t\t\t<h3>Her er noen tips:<\/h3><ul>\n<li>F\u00f8lg alltid bruksanvisningen for plassering og bruk av lamper.<\/li>\n<li>Du m\u00e5 aldri benytte sterkere lysp\u00e6re i en lampe enn det den er merket for.<\/li>\n<li>Pass p\u00e5 at det er god lufting mellom lysp\u00e6ren og eventuell lampeskjerm. Svimerker p\u00e5 lampeskjermen er et tydelig faresignal.<\/li>\n<li>Ikke bruk l\u00f8se\/flyttbare lamper, eller av typen \u201dklypelamper\u201d, p\u00e5 barnerom. Disse kan fort ramle ned i sengen og antenne senget\u00f8yet. Barn finner det ogs\u00e5 spennende \u00e5 ta med lampen under dynen. Bruk heller fastmonterte lamper p\u00e5 veggen eller i taket. Ikke bruk vegglamper som gj\u00f8r det mulig \u00e5 legge kl\u00e6r, puter eller kosedyr opp\u00e5 lampen.<\/li>\n<li>Det er spesielle krav til lamper som skal monteres i bad og v\u00e5trom avhengig av hvor i rommet lampen skal plasseres. Lamper i disse rommene skal alltid monteres av elektriker. Det er smart \u00e5 sp\u00f8rre fagfolk om r\u00e5d f\u00f8r du kj\u00f8per lamper til badet\/v\u00e5trom.<\/li>\n<li>V\u00e6r oppmerksom p\u00e5 at mange lamper, lyskilder, transformatorer og dimmere ikke kan benyttes om hverandre. Hvis du har en lampe som styres av dimmer, kan du ikke bytte til f.eks. LED- eller sparep\u00e6re. Det er lite sannsynlig at dimmeren egner seg til det.<\/li>\n<\/ul>\n<h3>S\u00f8k r\u00e5d hos fagfolk (elektriker)!<\/h3><p>I nye boliger er det kun elektrikeren som har lov til \u00e5 foreta fast tilkobling av lamper. Folk flest har kun lov til \u00e5 montere lamper som tilkobles via st\u00f8psel og stikkontakt, eller via spesielle DCL-uttak (sm\u00e5 lampeuttak).<\/p>\n<p>Finn godkjente elektrofagfolk i <a href=\"https:\/\/elvirksomhetsregisteret.dsb.no\/elreg-ui\/\">Elvirksomhetsregisteret<\/a>.<\/p>\n\t\t\t\t<\/article>\n\t\t\t<\/div>\n\n\t\t\t<div class=\"cell small-12 medium-5 image\">\n\t\t\t\t\t\t\t<\/div>\n\t\t<\/div>\n\t\t\n\t<\/div>\n<\/section>\n\n\n\n<section id=\"image-content-block_606d9192c38bc\" class=\"block-section image-content dark has-more-content  align-full\">\n\t<div class=\"grid-container\" id=\"scrollToMe-downlights\">\n\n\t\t<div class=\"grid-x grid-padding-x\">\n\n\t\t\t<div class=\"cell small-12 medium-7 content\">\n\t\t\t\t\t\t\t\t\t<h2 class=\"section-title\">Downlights<\/h2>\n\t\t\t\t\n\t\t\t\t\t\t\t\t\t<article><p>Downlights gir godt lys uten \u00e5 ta opp gulv- eller veggplass. Men det er lurt \u00e5 holde et \u00f8ye med downlightenen, spesielt om du har et eldre anlegg.<\/p>\n<\/article>\n\t\t\t\t\n\t\t\t\t\t\t\t\t<div class=\"clearfix\"><\/div>\n\t\t\t\t\n\t\t\t\t\t\t\t\t\n\t\t\t\t\t<a\n\t\t\t\t\t\thref=\"#\"\n\t\t\t\t\t\tclass=\"button-plus content-toggler\"\n\t\t\t\t\t\tdata-initialtext=\"Les mer\"\n\t\t\t\t\t\tdata-toggletext=\"Les mindre\"\n\t\t\t\t\t\tdata-target=\"ic-hidden-block_606d9192c38bc\"\n\t\t\t\t\t\trole=\"button\"\n\t\t\t\t\t\trel=\"nofollow\"\n\t\t\t\t\t\taria-label=\"\u00c5pne skjult innhold\"\n\t\t\t\t\t\taria-expanded=\"false\">\n\t\t\t\t\t\t<span>Les mer<\/span>\n\t\t\t\t\t\t<span class=\"icon icon-plus\"><\/span>\n\t\t\t\t\t<\/a>\n\t\t\t\t\n\t\t\t<\/div>\n\n\t\t\t<div class=\"cell small-12 medium-5 image\">\n\t\t\t\t<img loading=\"lazy\" decoding=\"async\" width=\"502\" height=\"335\" src=\"https:\/\/elsikkerhetsportalen.no\/elmea\/wp-content\/uploads\/sites\/11\/2021\/04\/Downlight-400x600-1-502x335.jpg\" class=\"attachment-image-content size-image-content\" alt=\"\" srcset=\"https:\/\/elsikkerhetsportalen.no\/elmea\/wp-content\/uploads\/sites\/11\/2021\/04\/Downlight-400x600-1-502x335.jpg 502w, https:\/\/elsikkerhetsportalen.no\/elmea\/wp-content\/uploads\/sites\/11\/2021\/04\/Downlight-400x600-1-300x200.jpg 300w, https:\/\/elsikkerhetsportalen.no\/elmea\/wp-content\/uploads\/sites\/11\/2021\/04\/Downlight-400x600-1.jpg 600w\" sizes=\"auto, (max-width: 502px) 100vw, 502px\" \/>\n\t\t\t<\/div>\n\n\t\t<\/div>\n\n\t\t\t\t\t\t<div class=\"grid-x grid-padding-x hidden-more-content\" aria-expanded=\"false\" aria-hidden=\"true\" id=\"ic-hidden-block_606d9192c38bc\">\n\t\t\t<div class=\"cell small-12 medium-7 content\">\n\t\t\t\t<article>\n\t\t\t\t<ul>\n<li>Det er viktig at du bruker riktig lyskilde til dine downlights. Det skal ikke benyttes sterkere lyskilder enn det som er angitt p\u00e5 lampen, men benytt gjerne lyskilder med s\u00e5 lav effekt som mulig.<\/li>\n<li>Det er viktig \u00e5 v\u00e6re klar over at noen lyskilder kaster store deler av varmen innover i lampa, mens andre lyskilder kaster varmen ut i rommet. Benytt fortrinnsvis de som kaster varmen framover\/ned for \u00e5 unng\u00e5 sterk varme oppe i taket.<\/li>\n<\/ul>\n<h3>Hva gj\u00f8r jeg hvis jeg har downlights?<\/h3><p>Ta ned noen lamper fra taket og se etter brente\/stive ledninger. Kontroller at det er godt med lufting rundt lampene, og se etter tegn til varmgang.<\/p>\n<p>Bruken av downlights i norske hjem begynte for alvor p\u00e5 slutten av 90-tallet og har siden blitt stadig mer utbredt. Erfaringer viser at de f\u00f8rste installasjonene med downlights ofte har svakheter med\u00a0m\u00e5ten de ble montert, og hva slags materiell som ble brukt.\u00a0Det ser ogs\u00e5\u00a0ut til at en del\u00a0har blitt montert av ufagl\u00e6rte.<\/p>\n<p>I den f\u00f8rste perioden var det mest vanlig med 12V downlights. Mange var nok av den oppfatning at disse ikke utgjorde noen fare grunnet den lave spenningen. Slik er det imidlertid ikke, da 12V downlights ogs\u00e5 kan utgj\u00f8re en brannfare hvis de monteres feil.<\/p>\n<h3>Finn fagfolk<\/h3><p>Etter hvert\u00a0er det etablert en tryggere praksis for installering av downlights.\u00a0Med bruk av utstyr og materiell som bedre ivaretar sikkerheten, og gjennom kunnskap om hvor viktig det er med riktig montering. For at installasjonen skal bli trygg, er det imidlertid fortsatt\u00a0<strong>viktig at det benyttes fagfolk<\/strong> til dette arbeidet.<\/p>\n<p><a href=\"https:\/\/elvirksomhetsregisteret.dsb.no\/elreg-ui\/\">S\u00f8k etter registrert elvirksomhet p\u00e5 Elvirksomhetsregisteret.<\/a><\/p>\n\t\t\t\t<\/article>\n\t\t\t<\/div>\n\n\t\t\t<div class=\"cell small-12 medium-5 image\">\n\t\t\t\t<img loading=\"lazy\" decoding=\"async\" width=\"502\" height=\"262\" src=\"https:\/\/elsikkerhetsportalen.no\/elmea\/wp-content\/uploads\/sites\/11\/2021\/04\/Downlights-Facebook-502x262.jpg\" class=\"attachment-image-content size-image-content\" alt=\"\" srcset=\"https:\/\/elsikkerhetsportalen.no\/elmea\/wp-content\/uploads\/sites\/11\/2021\/04\/Downlights-Facebook-502x262.jpg 502w, https:\/\/elsikkerhetsportalen.no\/elmea\/wp-content\/uploads\/sites\/11\/2021\/04\/Downlights-Facebook-300x157.jpg 300w, https:\/\/elsikkerhetsportalen.no\/elmea\/wp-content\/uploads\/sites\/11\/2021\/04\/Downlights-Facebook-1024x535.jpg 1024w, https:\/\/elsikkerhetsportalen.no\/elmea\/wp-content\/uploads\/sites\/11\/2021\/04\/Downlights-Facebook-768x401.jpg 768w, https:\/\/elsikkerhetsportalen.no\/elmea\/wp-content\/uploads\/sites\/11\/2021\/04\/Downlights-Facebook.jpg 1200w\" sizes=\"auto, (max-width: 502px) 100vw, 502px\" \/>\t\t\t<\/div>\n\t\t<\/div>\n\t\t\n\t<\/div>\n<\/section>\n\n\n\n<section id=\"image-content-block_606ee45ac38c3\" class=\"block-section image-content none has-more-content  align-full\">\n\t<div class=\"grid-container\" id=\"scrollToMe-lysror-lysarmatur\">\n\n\t\t<div class=\"grid-x grid-padding-x\">\n\n\t\t\t<div class=\"cell small-12 medium-7 content\">\n\t\t\t\t\t\t\t\t\t<h2 class=\"section-title\">Lysr\u00f8r\/lysarmatur<\/h2>\n\t\t\t\t\n\t\t\t\t\t\t\t\t\t<article><p>I eldre lysr\u00f8r finnes milj\u00f8giften PCB som er skadelig for b\u00e5de mennesker og dyr.<\/p>\n<\/article>\n\t\t\t\t\n\t\t\t\t\t\t\t\t<div class=\"clearfix\"><\/div>\n\t\t\t\t\n\t\t\t\t\t\t\t\t\n\t\t\t\t\t<a\n\t\t\t\t\t\thref=\"#\"\n\t\t\t\t\t\tclass=\"button-plus content-toggler\"\n\t\t\t\t\t\tdata-initialtext=\"Les mer\"\n\t\t\t\t\t\tdata-toggletext=\"Les mindre\"\n\t\t\t\t\t\tdata-target=\"ic-hidden-block_606ee45ac38c3\"\n\t\t\t\t\t\trole=\"button\"\n\t\t\t\t\t\trel=\"nofollow\"\n\t\t\t\t\t\taria-label=\"\u00c5pne skjult innhold\"\n\t\t\t\t\t\taria-expanded=\"false\">\n\t\t\t\t\t\t<span>Les mer<\/span>\n\t\t\t\t\t\t<span class=\"icon icon-plus\"><\/span>\n\t\t\t\t\t<\/a>\n\t\t\t\t\n\t\t\t<\/div>\n\n\t\t\t<div class=\"cell small-12 medium-5 image\">\n\t\t\t\t<img loading=\"lazy\" decoding=\"async\" width=\"502\" height=\"334\" src=\"https:\/\/elsikkerhetsportalen.no\/elmea\/wp-content\/uploads\/sites\/11\/2021\/11\/barnerom-hobbyelektriker-III-502x334.jpg\" class=\"attachment-image-content size-image-content\" alt=\"Bilde viser elmateriell fra Biltema\" srcset=\"https:\/\/elsikkerhetsportalen.no\/elmea\/wp-content\/uploads\/sites\/11\/2021\/11\/barnerom-hobbyelektriker-III-502x334.jpg 502w, https:\/\/elsikkerhetsportalen.no\/elmea\/wp-content\/uploads\/sites\/11\/2021\/11\/barnerom-hobbyelektriker-III-300x199.jpg 300w, https:\/\/elsikkerhetsportalen.no\/elmea\/wp-content\/uploads\/sites\/11\/2021\/11\/barnerom-hobbyelektriker-III-1024x681.jpg 1024w, https:\/\/elsikkerhetsportalen.no\/elmea\/wp-content\/uploads\/sites\/11\/2021\/11\/barnerom-hobbyelektriker-III-768x511.jpg 768w, https:\/\/elsikkerhetsportalen.no\/elmea\/wp-content\/uploads\/sites\/11\/2021\/11\/barnerom-hobbyelektriker-III-1536x1021.jpg 1536w, https:\/\/elsikkerhetsportalen.no\/elmea\/wp-content\/uploads\/sites\/11\/2021\/11\/barnerom-hobbyelektriker-III-2048x1362.jpg 2048w\" sizes=\"auto, (max-width: 502px) 100vw, 502px\" \/>\n\t\t\t<\/div>\n\n\t\t<\/div>\n\n\t\t\t\t\t\t<div class=\"grid-x grid-padding-x hidden-more-content\" aria-expanded=\"false\" aria-hidden=\"true\" id=\"ic-hidden-block_606ee45ac38c3\">\n\t\t\t<div class=\"cell small-12 medium-7 content\">\n\t\t\t\t<article>\n\t\t\t\t<h3>PCB-kondensatorer i lysarmaturer<\/h3><p>PCB er ansett som \u00e9n av verdens farligste milj\u00f8gifter og har blant annet blitt brukt i kondensatorer i lysarmaturer. Dette i seg selv utgj\u00f8r ingen risiko med tanke p\u00e5 elsikkerhet, men det har vist seg at PCB er milj\u00f8farlig\u200b og kan medf\u00f8re alvorlige helseskader hos mennesker og dyr. P\u00e5 bakgrunn av dette skal alle lysarmaturer med kondensatorer produsert f\u00f8r 1980 tas ut av bruk dersom det ikke kan bevises at de er frie for PCB. Forbudet tr\u00e5dte i kraft 1. januar 2005 for kondensatorer i damplampearmaturer og innend\u00f8rs lysr\u00f8rarmaturer og 1. juli 2007 for kondensatorer i utend\u00f8rs lysr\u00f8rarmaturer, jf. Produktforskriften \u00a7 2-1.<\/p>\n<p>PCB finnes hovedsakelig i kvikks\u00f8lvdamplamper fra \u00e5rene 1960-80 og lysr\u00f8rarmaturer fra perioden 1965-80. Normalt sett trenger man fagfolk (elektriker) for \u00e5 kontrollere armaturen. I et lysarmatur der kondensatoren ikke er skjult kan du fors\u00f8ke \u00e5 sjekke \u00e5rstallet. Det kan for eksempel st\u00e5: 7.69 (juli 1969) eller 42.69 (uke 42 1969), eventuelt skr\u00e5strek i stedet for punktum. \u00c5rstallet er viktigst! Hvis kondensatoren er fra 1960-79, skal den i utgangspunktet regnes som PCB-holdig. Den m\u00e5 eventuelt analyseres for \u00e5 utelukke PCB.<\/p>\n<p>Kasserte kondensatorer med PCB skal leveres hele til mottak for farlig avfall. Kondensatorene kan ogs\u00e5 leveres som EE-avfall som en del av lysarmaturen.<\/p>\n<p>Mer informasjon om PCB finnes hos <a href=\"https:\/\/www.miljodirektoratet.no\/\">Milj\u00f8direktoratet<\/a>.<\/p>\n\t\t\t\t<\/article>\n\t\t\t<\/div>\n\n\t\t\t<div class=\"cell small-12 medium-5 image\">\n\t\t\t\t\t\t\t<\/div>\n\t\t<\/div>\n\t\t\n\t<\/div>\n<\/section>\n\n\n\n<section id=\"image-content-block_60704f58a54c8\" class=\"block-section image-content dark has-more-content  align-full\">\n\t<div class=\"grid-container\" id=\"scrollToMe-et-elsikkert-barnerom\">\n\n\t\t<div class=\"grid-x grid-padding-x\">\n\n\t\t\t<div class=\"cell small-12 medium-7 content\">\n\t\t\t\t\t\t\t\t\t<h2 class=\"section-title\">Et elsikkert barnerom<\/h2>\n\t\t\t\t\n\t\t\t\t\t\t\t\t\t<article><p>For at barn skal ha det s\u00e5 trygt som mulig, b\u00f8r vi p\u00e5 barnerommet f\u00f8lge litt strengere regler.<\/p>\n<\/article>\n\t\t\t\t\n\t\t\t\t\t\t\t\t<div class=\"clearfix\"><\/div>\n\t\t\t\t\n\t\t\t\t\t\t\t\t\n\t\t\t\t\t<a\n\t\t\t\t\t\thref=\"#\"\n\t\t\t\t\t\tclass=\"button-plus content-toggler\"\n\t\t\t\t\t\tdata-initialtext=\"Les mer\"\n\t\t\t\t\t\tdata-toggletext=\"Les mindre\"\n\t\t\t\t\t\tdata-target=\"ic-hidden-block_60704f58a54c8\"\n\t\t\t\t\t\trole=\"button\"\n\t\t\t\t\t\trel=\"nofollow\"\n\t\t\t\t\t\taria-label=\"\u00c5pne skjult innhold\"\n\t\t\t\t\t\taria-expanded=\"false\">\n\t\t\t\t\t\t<span>Les mer<\/span>\n\t\t\t\t\t\t<span class=\"icon icon-plus\"><\/span>\n\t\t\t\t\t<\/a>\n\t\t\t\t\n\t\t\t<\/div>\n\n\t\t\t<div class=\"cell small-12 medium-5 image\">\n\t\t\t\t<img loading=\"lazy\" decoding=\"async\" width=\"502\" height=\"335\" src=\"https:\/\/elsikkerhetsportalen.no\/elmea\/wp-content\/uploads\/sites\/11\/2021\/05\/Barnerom-600x400-1-502x335.jpg\" class=\"attachment-image-content size-image-content\" alt=\"\" srcset=\"https:\/\/elsikkerhetsportalen.no\/elmea\/wp-content\/uploads\/sites\/11\/2021\/05\/Barnerom-600x400-1-502x335.jpg 502w, https:\/\/elsikkerhetsportalen.no\/elmea\/wp-content\/uploads\/sites\/11\/2021\/05\/Barnerom-600x400-1-300x200.jpg 300w, https:\/\/elsikkerhetsportalen.no\/elmea\/wp-content\/uploads\/sites\/11\/2021\/05\/Barnerom-600x400-1.jpg 600w\" sizes=\"auto, (max-width: 502px) 100vw, 502px\" \/>\n\t\t\t<\/div>\n\n\t\t<\/div>\n\n\t\t\t\t\t\t<div class=\"grid-x grid-padding-x hidden-more-content\" aria-expanded=\"false\" aria-hidden=\"true\" id=\"ic-hidden-block_60704f58a54c8\">\n\t\t\t<div class=\"cell small-12 medium-7 content\">\n\t\t\t\t<article>\n\t\t\t\t<h3>Lamper<\/h3><ul>\n<li>En god regel er at alle lamper i et barnerom skal v\u00e6re fastmonterte.<\/li>\n<li>En taklampe med godt lys, en fastmontert leselampe (helst av metall) over sengen og fastmonterte vegglamper er en god l\u00f8sning.<\/li>\n<li>Pass p\u00e5 at det ikke settes sterkere p\u00e6rer i lampen enn det den er beregnet p\u00e5.<\/li>\n<li>Et barnerom skal ikke ha lamper som kan velte eller falle ned slik at lysp\u00e6ren kan komme i kontakt med dyne, pute eller annet brennbart materiale. Husk at en lampe som kan velte er en potensiell brannfelle!<\/li>\n<li>Klypelamper av plast har gjentatte ganger for\u00e5rsaket branner og branntill\u00f8p fordi de lett l\u00f8sner og faller ned.<\/li>\n<li>Generelt anbefaler vi deg \u00e5 bytte ut brannfarlige halogenp\u00e6rer med LED-lys og sparep\u00e6rer. Overflatetemperaturer p\u00e5 lamper med slike p\u00e6rer blir aldri h\u00f8y.<\/li>\n<\/ul>\n<h3>Varmeovner<\/h3><ul>\n<li>Flyttbare varmeovner som vifteovner og oljefylte ovner h\u00f8rer ikke hjemme p\u00e5 et barnerom.<\/li>\n<li>Faren med frittst\u00e5ende ovner er at de lett kan velte eller tildekkes av tekstiler, som dyner eller kl\u00e6r, og f\u00f8re til brann eller branntill\u00f8p.<\/li>\n<li>Ved siden av luftb\u00e5ren og vannb\u00e5ren sentralfyring er den eneste akseptable varmekilden p\u00e5 et barnerom elektriske panelovner fastmontert p\u00e5 vegg. Det er selvsagt viktig at disse ikke tildekkes.<\/li>\n<\/ul>\n<h3>Leker og spillonsoller <\/h3><ul>\n<li>Skj\u00f8teledninger er ingen akseptabel permanent l\u00f8sning og b\u00f8r ikke benyttes p\u00e5 barnerom.<\/li>\n<li>Det er ogs\u00e5 stor varmeutvikling fra PC-er og spillkonsoller som du b\u00f8r v\u00e6re oppmerksom p\u00e5. Slikt utstyr trenger godt med luft og m\u00e5 derfor ikke settes p\u00e5 senga. Da kan de bli overopphetet og ta fyr.<\/li>\n<li>V\u00e6r ogs\u00e5 oppmerksom p\u00e5 at oppladbare leker kan medf\u00f8re brannfare. Enkelte leker har begrenset ladetid som f.eks. en halv time e.l. Lading utover denne tiden medf\u00f8rer, for noen av lekene, overoppheting og brann eller branntill\u00f8p. S\u00f8rg for at lading av leker utf\u00f8res av voksne og for all del: Les bruksanvisningen!<\/li>\n<\/ul>\n<p>En kveldskontroll for \u00e5 sjekke at elektriske apparater er avsl\u00e5tt kan v\u00e6re lurt.<\/p>\n\t\t\t\t<\/article>\n\t\t\t<\/div>\n\n\t\t\t<div class=\"cell small-12 medium-5 image\">\n\t\t\t\t\t\t\t<\/div>\n\t\t<\/div>\n\t\t\n\t<\/div>\n<\/section>\n\n\n\n<section class=\"block-section post-cards\">\n\t<div class=\"grid-container\">\n\n        <div class=\"grid-x grid-margin-x section-title-wrapper\">\n            <div class=\"cell small-12 medium-6\">\n                                    <h1 class=\"section-title\">Vi anbefaler<\/h1>\n                            <\/div>\n\n                    <\/div>\n\n        <div class=\"grid-x grid-margin-x cards-wrapper\">\n                                                                    <a href=\"https:\/\/elsikkerhetsportalen.no\/elmea\/a-krimgir-resultater\/skjermbilde-2025-03-07-085654-kopi\/\" class=\"link-card cell small-12 medium-6\">\n    <article>\n        <div class=\"content\">\n            <h3 class=\"title\">Skjermbilde 2025-03-07 085654 kopi<\/h3>\n            <p class=\"excerpt\"><\/p>\n        <\/div>\n        <span class=\"icon icon-arrow-right\"><\/span>\n    <\/article>\n<\/a>                    \n                                                        <a href=\"https:\/\/elsikkerhetsportalen.no\/elmea\/elektrisk-anlegg\/egenkontroll\/\" class=\"link-card cell small-12 medium-6\">\n    <article>\n        <div class=\"content\">\n            <h3 class=\"title\">Egenkontroll<\/h3>\n            <p class=\"excerpt\">Egenkontroll Hensikten med egenkontroll av det elektriske anlegget og utstyr, er \u00e5 oppdage feil s\u00e5&#8230;<\/p>\n        <\/div>\n        <span class=\"icon icon-arrow-right\"><\/span>\n    <\/article>\n<\/a>                    \n                                                        <a href=\"https:\/\/elsikkerhetsportalen.no\/elmea\/elektrisk-anlegg\/elkontroll\/\" class=\"link-card cell small-12 medium-6\">\n    <article>\n        <div class=\"content\">\n            <h3 class=\"title\">Elkontroll og termografering<\/h3>\n            <p class=\"excerpt\">Elkontroll Eldre elektriske anlegg, mangelfullt vedlikehold, m\u00f8rke og kalde vintre, stort str\u00f8mforbruk og en stor&#8230;<\/p>\n        <\/div>\n        <span class=\"icon icon-arrow-right\"><\/span>\n    <\/article>\n<\/a>                    \n                                                        <a href=\"https:\/\/elsikkerhetsportalen.no\/elmea\/elektrisk-anlegg\/hva-kan-du-gjore-selv\/\" class=\"link-card cell small-12 medium-6\">\n    <article>\n        <div class=\"content\">\n            <h3 class=\"title\">Hva kan du gj\u00f8re selv?<\/h3>\n            <p class=\"excerpt\"><\/p>\n        <\/div>\n        <span class=\"icon icon-arrow-right\"><\/span>\n    <\/article>\n<\/a>                    \n                                                    <\/div>\n\n    <\/div>\n<\/section>","protected":false},"excerpt":{"rendered":"","protected":false},"author":1,"featured_media":0,"parent":9,"menu_order":3,"comment_status":"closed","ping_status":"closed","template":"","meta":{"_acf_changed":false,"footnotes":""},"class_list":["post-26","page","type-page","status-publish","hentry"],"acf":[],"_links":{"self":[{"href":"https:\/\/elsikkerhetsportalen.no\/elmea\/wp-json\/wp\/v2\/pages\/26","targetHints":{"allow":["GET"]}}],"collection":[{"href":"https:\/\/elsikkerhetsportalen.no\/elmea\/wp-json\/wp\/v2\/pages"}],"about":[{"href":"https:\/\/elsikkerhetsportalen.no\/elmea\/wp-json\/wp\/v2\/types\/page"}],"author":[{"embeddable":true,"href":"https:\/\/elsikkerhetsportalen.no\/elmea\/wp-json\/wp\/v2\/users\/1"}],"replies":[{"embeddable":true,"href":"https:\/\/elsikkerhetsportalen.no\/elmea\/wp-json\/wp\/v2\/comments?post=26"}],"version-history":[{"count":0,"href":"https:\/\/elsikkerhetsportalen.no\/elmea\/wp-json\/wp\/v2\/pages\/26\/revisions"}],"up":[{"embeddable":true,"href":"https:\/\/elsikkerhetsportalen.no\/elmea\/wp-json\/wp\/v2\/pages\/9"}],"wp:attachment":[{"href":"https:\/\/elsikkerhetsportalen.no\/elmea\/wp-json\/wp\/v2\/media?parent=26"}],"curies":[{"name":"wp","href":"https:\/\/api.w.org\/{rel}","templated":true}]}}