{"id":1030,"date":"2021-10-02T12:36:49","date_gmt":"2021-10-02T12:36:49","guid":{"rendered":"https:\/\/elsikkerhetsportalen.no\/haugalandkraftnett\/?page_id=1030"},"modified":"2021-10-02T12:37:52","modified_gmt":"2021-10-02T12:37:52","slug":"kahoot","status":"publish","type":"page","link":"https:\/\/elsikkerhetsportalen.no\/fagne\/trygve\/kahoot\/","title":{"rendered":"Trygves quizzer &#038; Kahoot!"},"content":{"rendered":"<section id=\"scrollable-shortcuts-block_61584f1aebf57\" class=\"block-section scrollable-shortcuts   align-full\">\n\t<div class=\"grid-container\">\n\t\t<div class=\"grid-x grid-padding-x\">\n\n\t\t\t<header class=\"cell small-12 medium-7\">\n\t\t\t\t\t\t\t\t\t<h1>Trygves quizzer &amp; Kahoot<\/h1>\n\t\t\t\t\n\t\t\t\t\t\t\t\t\t<p class=\"ingress\">Har du spilt Kahoot f\u00f8r? Du kan spille og konkurrere mot alle vennene dine samtidig. Alt du trenger er \u00e5 laste ned Kahoot som app til mobilen s\u00e5 er dere i gang.\u00a0 Du kan ogs\u00e5 g\u00e5 direkte til kahoot.it i en nettleser.<\/p>\n\t\t\t\t\n\t\t\t\t\n\t\t\t\t<nav><ul><li><a href=\"#ut-pa-tur-ladesurr\" class=\"link link--underlined\">Ut p\u00e5 tur ladesurr<\/a><\/li><li><a href=\"#eine-kleine-nachtmaltid\" class=\"link link--underlined\">Eine kleine nachtm\u00e5ltid<\/a><\/li><li><a href=\"#game-over\" class=\"link link--underlined\">Game Over<\/a><\/li><li><a href=\"#hadet-pa-badet\" class=\"link link--underlined\">Hadet p\u00e5 badet<\/a><\/li><li><a href=\"#trygves-julekahoot\" class=\"link link--underlined\">Julekahoot<\/a><\/li><\/ul><\/nav>\t\t\t<\/header>\n\n\t\t<\/div>\n\t<\/div>\n<\/section>\n\n\n\n<section id=\"image-content-block_61584e7debf56\" class=\"block-section image-content light  align-full\">\n\t<div class=\"grid-container\" id=\"scrollToMe-ut-pa-tur-ladesurr\">\n\n\t\t<div class=\"grid-x grid-padding-x\">\n\n\t\t\t<div class=\"cell small-12 medium-7 content\">\n\t\t\t\t\t\t\t\t\t<h2 class=\"section-title\">Ut p\u00e5 tur ladesurr<\/h2>\n\t\t\t\t\n\t\t\t\t\t\t\t\t\t<article><p>F\u00f8rst ser du filmen &#8220;Ut p\u00e5 tur, ladesurr&#8221; og svarer deretter p\u00e5 sp\u00f8rsm\u00e5l. Denne kahooten har ni sp\u00f8rsm\u00e5l og er ganske enkel.<\/p>\n<\/article>\n\t\t\t\t\n\t\t\t\t\t\t<a class=\"link link--underlined\" href=\"https:\/\/create.kahoot.it\/share\/ut-pa-tur-ladesurr\/d24452a2-999b-4a2e-b889-49f5b39dcb40\" target=\"_blank\">\n\t\t\tSpill Kahoot!\t\t<\/a>\n\t\t\t\t\t<div class=\"clearfix\"><\/div>\n\t\t\t\t\n\t\t\t\t\t\t\t\t\n\t\t\t<\/div>\n\n\t\t\t<div class=\"cell small-12 medium-5 image\">\n\t\t\t\t<img loading=\"lazy\" decoding=\"async\" width=\"502\" height=\"335\" src=\"https:\/\/elsikkerhetsportalen.no\/fagne\/wp-content\/uploads\/sites\/7\/2021\/10\/ut-pa-tur-ladesurr-502x335.png\" class=\"attachment-image-content size-image-content\" alt=\"Trygve i bilen\" srcset=\"https:\/\/elsikkerhetsportalen.no\/fagne\/wp-content\/uploads\/sites\/7\/2021\/10\/ut-pa-tur-ladesurr-502x335.png 502w, https:\/\/elsikkerhetsportalen.no\/fagne\/wp-content\/uploads\/sites\/7\/2021\/10\/ut-pa-tur-ladesurr-300x200.png 300w, https:\/\/elsikkerhetsportalen.no\/fagne\/wp-content\/uploads\/sites\/7\/2021\/10\/ut-pa-tur-ladesurr.png 600w\" sizes=\"auto, (max-width: 502px) 100vw, 502px\" \/>\n\t\t\t<\/div>\n\n\t\t<\/div>\n\n\t\t\t\t\n\t<\/div>\n<\/section>\n\n\n\n<section id=\"image-content-block_61584ff7ebf58\" class=\"block-section image-content dark  align-full\">\n\t<div class=\"grid-container\" id=\"scrollToMe-eine-kleine-nachtmaltid\">\n\n\t\t<div class=\"grid-x grid-padding-x\">\n\n\t\t\t<div class=\"cell small-12 medium-7 content\">\n\t\t\t\t\t\t\t\t\t<h2 class=\"section-title\">Eine kleine nachtm\u00e5ltid<\/h2>\n\t\t\t\t\n\t\t\t\t\t\t\t\t\t<article><p>Se filmen &#8220;Eine kleine nachtm\u00e5ltid&#8221; f\u00f8rst, og svar p\u00e5 sp\u00f8rsm\u00e5lene. Det er 10 sp\u00f8rsm\u00e5l og den er ganske enkel.<\/p>\n<\/article>\n\t\t\t\t\n\t\t\t\t\t\t<a class=\"link link--underlined\" href=\"https:\/\/create.kahoot.it\/share\/eine-kleine-nachtmaltid\/511687be-e08c-4ee3-8f35-2b66bcdbc185\" target=\"_blank\">\n\t\t\tSpill Kahoot!\t\t<\/a>\n\t\t\t\t\t<div class=\"clearfix\"><\/div>\n\t\t\t\t\n\t\t\t\t\t\t\t\t\n\t\t\t<\/div>\n\n\t\t\t<div class=\"cell small-12 medium-5 image\">\n\t\t\t\t<img loading=\"lazy\" decoding=\"async\" width=\"502\" height=\"335\" src=\"https:\/\/elsikkerhetsportalen.no\/fagne\/wp-content\/uploads\/sites\/7\/2021\/10\/einekleine-502x335.png\" class=\"attachment-image-content size-image-content\" alt=\"Eine kleine nachtm\u00e5ltid kan g\u00e5 galt\" srcset=\"https:\/\/elsikkerhetsportalen.no\/fagne\/wp-content\/uploads\/sites\/7\/2021\/10\/einekleine-502x335.png 502w, https:\/\/elsikkerhetsportalen.no\/fagne\/wp-content\/uploads\/sites\/7\/2021\/10\/einekleine-300x200.png 300w, https:\/\/elsikkerhetsportalen.no\/fagne\/wp-content\/uploads\/sites\/7\/2021\/10\/einekleine.png 600w\" sizes=\"auto, (max-width: 502px) 100vw, 502px\" \/>\n\t\t\t<\/div>\n\n\t\t<\/div>\n\n\t\t\t\t\n\t<\/div>\n<\/section>\n\n\n\n<section id=\"image-content-block_6158509cebf59\" class=\"block-section image-content none  align-full\">\n\t<div class=\"grid-container\" id=\"scrollToMe-game-over\">\n\n\t\t<div class=\"grid-x grid-padding-x\">\n\n\t\t\t<div class=\"cell small-12 medium-7 content\">\n\t\t\t\t\t\t\t\t\t<h2 class=\"section-title\">Game Over<\/h2>\n\t\t\t\t\n\t\t\t\t\t\t\t\t\t<article><p>Se filmen &#8220;Game Over&#8221; f\u00f8rst og svar deretter p\u00e5 11 sp\u00f8rsm\u00e5l!<\/p>\n<\/article>\n\t\t\t\t\n\t\t\t\t\t\t<a class=\"link link--underlined\" href=\"https:\/\/create.kahoot.it\/share\/game-over\/627159f5-e0fa-44a5-968c-f6e4efa9b5c8\" target=\"_blank\">\n\t\t\tSpill Kahoot!\t\t<\/a>\n\t\t\t\t\t<div class=\"clearfix\"><\/div>\n\t\t\t\t\n\t\t\t\t\t\t\t\t\n\t\t\t<\/div>\n\n\t\t\t<div class=\"cell small-12 medium-5 image\">\n\t\t\t\t<img loading=\"lazy\" decoding=\"async\" width=\"502\" height=\"335\" src=\"https:\/\/elsikkerhetsportalen.no\/fagne\/wp-content\/uploads\/sites\/7\/2021\/10\/gameover-502x335.png\" class=\"attachment-image-content size-image-content\" alt=\"Game over for Trygve\" srcset=\"https:\/\/elsikkerhetsportalen.no\/fagne\/wp-content\/uploads\/sites\/7\/2021\/10\/gameover-502x335.png 502w, https:\/\/elsikkerhetsportalen.no\/fagne\/wp-content\/uploads\/sites\/7\/2021\/10\/gameover-300x200.png 300w, https:\/\/elsikkerhetsportalen.no\/fagne\/wp-content\/uploads\/sites\/7\/2021\/10\/gameover.png 600w\" sizes=\"auto, (max-width: 502px) 100vw, 502px\" \/>\n\t\t\t<\/div>\n\n\t\t<\/div>\n\n\t\t\t\t\n\t<\/div>\n<\/section>\n\n\n\n<section id=\"image-content-block_615850dbebf5a\" class=\"block-section image-content light  align-full\">\n\t<div class=\"grid-container\" id=\"scrollToMe-hadet-pa-badet\">\n\n\t\t<div class=\"grid-x grid-padding-x\">\n\n\t\t\t<div class=\"cell small-12 medium-7 content\">\n\t\t\t\t\t\t\t\t\t<h2 class=\"section-title\">Hadet p\u00e5 badet<\/h2>\n\t\t\t\t\n\t\t\t\t\t\t\t\t\t<article><p>F\u00f8rst ser du filmen &#8220;Hadet p\u00e5 badet&#8221; og deretter svarer du p\u00e5 sp\u00f8rsm\u00e5lene. Det er en ganske enkel og kort kahoot med ni sp\u00f8rsm\u00e5l.<\/p>\n<\/article>\n\t\t\t\t\n\t\t\t\t\t\t<a class=\"link link--underlined\" href=\"https:\/\/create.kahoot.it\/share\/hadet-pa-badet\/1e36485a-7e89-4573-8cbb-f36516563d33\" target=\"_blank\">\n\t\t\tSpill Kahoot!\t\t<\/a>\n\t\t\t\t\t<div class=\"clearfix\"><\/div>\n\t\t\t\t\n\t\t\t\t\t\t\t\t\n\t\t\t<\/div>\n\n\t\t\t<div class=\"cell small-12 medium-5 image\">\n\t\t\t\t<img loading=\"lazy\" decoding=\"async\" width=\"502\" height=\"335\" src=\"https:\/\/elsikkerhetsportalen.no\/fagne\/wp-content\/uploads\/sites\/7\/2021\/10\/hadetbadet-502x335.png\" class=\"attachment-image-content size-image-content\" alt=\"Hadet p\u00e5 badet med Trygve\" srcset=\"https:\/\/elsikkerhetsportalen.no\/fagne\/wp-content\/uploads\/sites\/7\/2021\/10\/hadetbadet-502x335.png 502w, https:\/\/elsikkerhetsportalen.no\/fagne\/wp-content\/uploads\/sites\/7\/2021\/10\/hadetbadet-300x200.png 300w, https:\/\/elsikkerhetsportalen.no\/fagne\/wp-content\/uploads\/sites\/7\/2021\/10\/hadetbadet.png 600w\" sizes=\"auto, (max-width: 502px) 100vw, 502px\" \/>\n\t\t\t<\/div>\n\n\t\t<\/div>\n\n\t\t\t\t\n\t<\/div>\n<\/section>\n\n\n\n<section id=\"image-content-block_61585124ebf5b\" class=\"block-section image-content dark  align-full\">\n\t<div class=\"grid-container\" id=\"scrollToMe-trygves-julekahoot\">\n\n\t\t<div class=\"grid-x grid-padding-x\">\n\n\t\t\t<div class=\"cell small-12 medium-7 content\">\n\t\t\t\t\t\t\t\t\t<h2 class=\"section-title\">Trygves julekahoot<\/h2>\n\t\t\t\t\n\t\t\t\t\t\t\t\t\t<article><p>Julekahooten til Trygve har 26 sp\u00f8rsm\u00e5l, men er likevel ganske enkel.<\/p>\n<\/article>\n\t\t\t\t\n\t\t\t\t\t\t<a class=\"link link--underlined\" href=\"https:\/\/create.kahoot.it\/share\/trygves-jul\/ae62b281-1489-4d87-a887-2124229bd3ad\" target=\"_self\">\n\t\t\tSpill Kahoot!\t\t<\/a>\n\t\t\t\t\t<div class=\"clearfix\"><\/div>\n\t\t\t\t\n\t\t\t\t\t\t\t\t\n\t\t\t<\/div>\n\n\t\t\t<div class=\"cell small-12 medium-5 image\">\n\t\t\t\t<img loading=\"lazy\" decoding=\"async\" width=\"502\" height=\"335\" src=\"https:\/\/elsikkerhetsportalen.no\/fagne\/wp-content\/uploads\/sites\/7\/2021\/10\/julekahoot-502x335.png\" class=\"attachment-image-content size-image-content\" alt=\"Julekahoot med Trygve\" srcset=\"https:\/\/elsikkerhetsportalen.no\/fagne\/wp-content\/uploads\/sites\/7\/2021\/10\/julekahoot-502x335.png 502w, https:\/\/elsikkerhetsportalen.no\/fagne\/wp-content\/uploads\/sites\/7\/2021\/10\/julekahoot-300x200.png 300w, https:\/\/elsikkerhetsportalen.no\/fagne\/wp-content\/uploads\/sites\/7\/2021\/10\/julekahoot.png 600w\" sizes=\"auto, (max-width: 502px) 100vw, 502px\" \/>\n\t\t\t<\/div>\n\n\t\t<\/div>\n\n\t\t\t\t\n\t<\/div>\n<\/section>\n","protected":false},"excerpt":{"rendered":"","protected":false},"author":4,"featured_media":0,"parent":1008,"menu_order":3,"comment_status":"closed","ping_status":"closed","template":"","meta":{"_acf_changed":false,"footnotes":""},"class_list":["post-1030","page","type-page","status-publish","hentry"],"acf":[],"_links":{"self":[{"href":"https:\/\/elsikkerhetsportalen.no\/fagne\/wp-json\/wp\/v2\/pages\/1030","targetHints":{"allow":["GET"]}}],"collection":[{"href":"https:\/\/elsikkerhetsportalen.no\/fagne\/wp-json\/wp\/v2\/pages"}],"about":[{"href":"https:\/\/elsikkerhetsportalen.no\/fagne\/wp-json\/wp\/v2\/types\/page"}],"author":[{"embeddable":true,"href":"https:\/\/elsikkerhetsportalen.no\/fagne\/wp-json\/wp\/v2\/users\/4"}],"replies":[{"embeddable":true,"href":"https:\/\/elsikkerhetsportalen.no\/fagne\/wp-json\/wp\/v2\/comments?post=1030"}],"version-history":[{"count":0,"href":"https:\/\/elsikkerhetsportalen.no\/fagne\/wp-json\/wp\/v2\/pages\/1030\/revisions"}],"up":[{"embeddable":true,"href":"https:\/\/elsikkerhetsportalen.no\/fagne\/wp-json\/wp\/v2\/pages\/1008"}],"wp:attachment":[{"href":"https:\/\/elsikkerhetsportalen.no\/fagne\/wp-json\/wp\/v2\/media?parent=1030"}],"curies":[{"name":"wp","href":"https:\/\/api.w.org\/{rel}","templated":true}]}}