{"id":48,"date":"2021-02-03T21:35:03","date_gmt":"2021-02-03T21:35:03","guid":{"rendered":"http:\/\/elsikkerhetsportalen.no\/varanger-kraftnett\/?page_id=48"},"modified":"2022-11-09T14:28:45","modified_gmt":"2022-11-09T14:28:45","slug":"instruert-personell","status":"publish","type":"page","link":"https:\/\/elsikkerhetsportalen.no\/foie\/for-bedrifter\/instruert-personell\/","title":{"rendered":"Instruert personell"},"content":{"rendered":"<section id=\"scrollable-shortcuts-block_62b2d82e6f359\" class=\"block-section scrollable-shortcuts   align-full\">\n\t<div class=\"grid-container\">\n\t\t<div class=\"grid-x grid-padding-x\">\n\n\t\t\t<header class=\"cell small-12 medium-7\">\n\t\t\t\t\t\t\t\t\t<h1>Instruert personell<\/h1>\n\t\t\t\t\n\t\t\t\t\t\t\t\t\t<p class=\"ingress\">Instruert personell er de eneste i en bedrift som kan utf\u00f8re enkle vedlikeholdsoppgaver p\u00e5 det elektriske anlegget. Dette har sammenheng med hvilken risiko feilbetjening kan medf\u00f8re av skader b\u00e5de av personell og p\u00e5 det elektriske anlegget.<\/p>\n\t\t\t\t\n\t\t\t\t\t\t\t\t\t<h2 class=\"shortcuts-title\">Snarveier<span><span class=\"icon icon-arrow-down\"><\/span><\/span><\/h2>\n\t\t\t\t\n\t\t\t\t<nav><ul><li><a href=\"#bruk-av-instruert-personell\" class=\"link link--underlined\">Forutsetninger for bruk av instruert personell<\/a><\/li><li><a href=\"#kartlegging-av-behov-for-instruert-personell\" class=\"link link--underlined\">Kartlegging av behov for instruert personell<\/a><\/li><li><a href=\"#sikkerhetsopplaering\" class=\"link link--underlined\">Sikkerhetsoppl\u00e6ring av instruert personell<\/a><\/li><li><a href=\"#personer-med-fagbrev-fra-ikke-elektrofag\" class=\"link link--underlined\">Hva gjelder personer med fagbrev fra ikke-elektrofag<\/a><\/li><\/ul><\/nav>\t\t\t<\/header>\n\n\t\t<\/div>\n\t<\/div>\n<\/section>\n\n\n\n\n<section id=\"text-content-block_62b2db246f35d\" class=\"block-section text-content   align-full\" >\n\t<div class=\"grid-container\">\n\t\t<div class=\"grid-x grid-padding-x\">\n\t\t\t<div class=\"cell small-12 medium-8 large-6 medium-offset-2 large-offset-3\">\n\t\t\t\t<p>En\u00a0<em>instruert person<\/em> kan gj\u00f8re enkle drifts- og vedlikeholdsoppgave. For eksempel kan hun skifte sikringer og resette vern, eller et motorvern tilh\u00f8rende arbeidsgivers anlegg i et fors\u00f8k p\u00e5 \u00e5 opprettholde n\u00f8dvendig drift inntil elektrofagpersoner kommer til stedet for \u00e5 avdekke og rette eventuelle feil. En instruert person skal v\u00e6re tilstrekkelig instruert, og eventuelt overv\u00e5ket av sakkyndig person, til at han eller hun er i stand til \u00e5 oppfatte risiko og unng\u00e5 farer som kan oppst\u00e5 ved bruk av elektrisk str\u00f8m.<\/p>\n<p>En<em>\u00a0sakkyndig person\u00a0<\/em>er definert som en person med teknisk kunnskap og tilstrekkelig erfaring slik at han eller hun er i stand til \u00e5 hindre fare som kan oppst\u00e5 ved bruk av elektrisk str\u00f8m. I praksis er dette personer som oppfyller relevante krav i FEK.<\/p>\n\t\t\t<\/div>\n\t\t<\/div>\n\t<\/div>\n<\/section>\n\n\n\n\n<section id=\"download-list-block_6194fee5ea7b0\" class=\"block-section download-list light  align-full\">\n\t<div class=\"grid-container\">\n\t\t<div class=\"grid-x grid-padding-x\">\n\n\t\t\t<div class=\"cell small-12 medium-6 large-5 title-wrapper\">\n\t\t\t\t\t\t\t\t\t<h2 class=\"title\">Relevant regelverk<\/h2>\n\t\t\t\t\t\t\t<\/div>\n\n\t\t\t<div class=\"cell small-12 medium-5 large-4 large-offset-1 downloads-wrapper\">\n\n\t\t\t\t\t\t\t\t\t<ul>\n\t\t\t\t\t\t\t\t\t\t\t\n\t\t\t\t\t\t\n\t\t\t\t\t\t\t\t\t\t\t\t\t<li>\n\n\t\t\t\t\t\t\t\t\t\t\t\t\t\t\t<a href=\"https:\/\/lovdata.no\/dokument\/SF\/forskrift\/2013-06-19-739\" class=\"link\" target=\"_blank\">\n\t\t\t\t\t\t\t\t\t<span class=\"str\">Forskrift om elektroforetak og kvalifikasjonskrav for arbeid knyttet til elektriske anlegg og elektrisk utstyr, fek<\/span>\n\t\t\t\t\t\t\t\t\t<span class=\"icon icon-arrow-right\"><\/span>\n\t\t\t\t\t\t\t\t<\/a>\n\t\t\t\t\t\t\t\n\t\t\t\t\t\t\t<\/li>\n\t\t\t\t\t\t\n\t\t\t\t\t\t\t\t\t\t\t\n\t\t\t\t\t\t\n\t\t\t\t\t\t\t\t\t\t\t\t\t<li>\n\n\t\t\t\t\t\t\t\t\t\t\t\t\t\t\t<a href=\"https:\/\/lovdata.no\/dokument\/SF\/forskrift\/2006-04-28-458\/KAPITTEL_1#KAPITTEL_1\" class=\"link\" target=\"_blank\">\n\t\t\t\t\t\t\t\t\t<span class=\"str\">Forskrift om sikkerhet ved arbeid i og drift av elektriske anlegg<\/span>\n\t\t\t\t\t\t\t\t\t<span class=\"icon icon-arrow-right\"><\/span>\n\t\t\t\t\t\t\t\t<\/a>\n\t\t\t\t\t\t\t\n\t\t\t\t\t\t\t<\/li>\n\t\t\t\t\t\t\n\t\t\t\t\t\t\t\t\t\t<\/ul>\n\t\t\t\t\n\t\t\t<\/div>\n\n\t\t<\/div>\n\t<\/div>\n<\/section>\n\n\n<section id=\"image-content-block_62b2d1756f353\" class=\"block-section image-content dark has-more-content  align-full\">\n\t<div class=\"grid-container\" id=\"scrollToMe-bruk-av-instruert-personell\">\n\n\t\t<div class=\"grid-x grid-padding-x\">\n\n\t\t\t<div class=\"cell small-12 medium-7 content\">\n\t\t\t\t\t\t\t\t\t<h2 class=\"section-title\">Bruk av instruert personell<\/h2>\n\t\t\t\t\n\t\t\t\t\t\t\t\t\t<article><p>F\u00f8lgende forutsetninger m\u00e5 oppfylles for at en virksomhet skal kunne benytte instruert personell:<\/p>\n<\/article>\n\t\t\t\t\n\t\t\t\t\t\t\t\t<div class=\"clearfix\"><\/div>\n\t\t\t\t\n\t\t\t\t\t\t\t\t\n\t\t\t\t\t<a\n\t\t\t\t\t\thref=\"#\"\n\t\t\t\t\t\tclass=\"button-plus content-toggler\"\n\t\t\t\t\t\tdata-initialtext=\"Les mer\"\n\t\t\t\t\t\tdata-toggletext=\"Les mindre\"\n\t\t\t\t\t\tdata-target=\"ic-hidden-block_62b2d1756f353\"\n\t\t\t\t\t\trole=\"button\"\n\t\t\t\t\t\trel=\"nofollow\"\n\t\t\t\t\t\taria-label=\"\u00c5pne skjult innhold\"\n\t\t\t\t\t\taria-expanded=\"false\">\n\t\t\t\t\t\t<span>Les mer<\/span>\n\t\t\t\t\t\t<span class=\"icon icon-plus\"><\/span>\n\t\t\t\t\t<\/a>\n\t\t\t\t\n\t\t\t<\/div>\n\n\t\t\t<div class=\"cell small-12 medium-5 image\">\n\t\t\t\t<img loading=\"lazy\" decoding=\"async\" width=\"502\" height=\"335\" src=\"https:\/\/elsikkerhetsportalen.no\/foie\/wp-content\/uploads\/2022\/06\/instruert-personell-elsp-502x335.png\" class=\"attachment-image-content size-image-content\" alt=\"Bilde illustrerer instruert personell\" srcset=\"https:\/\/elsikkerhetsportalen.no\/foie\/wp-content\/uploads\/2022\/06\/instruert-personell-elsp-502x335.png 502w, https:\/\/elsikkerhetsportalen.no\/foie\/wp-content\/uploads\/2022\/06\/instruert-personell-elsp-300x200.png 300w, https:\/\/elsikkerhetsportalen.no\/foie\/wp-content\/uploads\/2022\/06\/instruert-personell-elsp.png 600w\" sizes=\"auto, (max-width: 502px) 100vw, 502px\" \/>\n\t\t\t<\/div>\n\n\t\t<\/div>\n\n\t\t\t\t\t\t<div class=\"grid-x grid-padding-x hidden-more-content\" aria-expanded=\"false\" aria-hidden=\"true\" id=\"ic-hidden-block_62b2d1756f353\">\n\t\t\t<div class=\"cell small-12 medium-7 content\">\n\t\t\t\t<article>\n\t\t\t\t<ol>\n<li style=\"list-style-type: none;\">\n<ol>\n<li>Det skal foreligge en skriftlig instruks som klart beskriver omfang av, og begrensninger\u00a0ved, det arbeidet som den instruerte personen kan utf\u00f8re. Rutiner for bruk av personlig verneutstyr skal inng\u00e5 i denne instruksen.<\/li>\n<li>Oppl\u00e6ringen og instruksen skal v\u00e6re knyttet til ett spesifikt anlegg.<\/li>\n<li>En instruert person skal gis \u00e5rlig oppl\u00e6ring og f\u00f8lges opp av\u00a0en sakkyndig person med en grenseoppgang av hva som kan betjenes av hvem og hvordan.<\/li>\n<li>Navnet p\u00e5 den sakkyndige som instruerer, og navnet p\u00e5 den instruerte personen, skal fremkomme\u00a0av instruksen.<\/li>\n<li>Den sakkyndige personen skal forsikre seg om at den som instrueres er i stand til \u00e5 etterleve kravene som gjelder for instruert person, jf. definisjonen.<\/li>\n<li>Den nedfelte instruksen, og kravet om \u00e5 gi instruksjon, skal v\u00e6re omfattet av virksomhetens internkontrollsystem eller av andre juridiske avtaler som er bindende for den sakkyndige personen.<\/li>\n<li>Den sakkyndige personen og den instruerte personen beh\u00f8ver ikke \u00e5\u00a0v\u00e6re ansatt i samme virksomhet.<\/li>\n<\/ol>\n<\/li>\n<\/ol>\n<p>Ved tilsyn avdekkes det ofte mangelfull oppl\u00e6ring og manglende, eller mangelfulle, instrukser for ufagl\u00e6rte som betjener vern i hovedfordelinger og underfordelinger i f. eks. kommunale anlegg og skoler. D\u00f8rer inn til tavler\/fordelingsrom mangler ofte skilt om begrenset adgang og med opplysning om hvem som har adgang. D\u00f8rene er\u00a0i\u00a0tillegg\u00a0ofte ul\u00e5ste. En ordning med ambulerende vaktmester krever at det finnes stedfortreder i\u00a0tilfeller\u00a0n\u00e5r fagfolk ikke er tilgjengelige.<\/p>\n\t\t\t\t<\/article>\n\t\t\t<\/div>\n\n\t\t\t<div class=\"cell small-12 medium-5 image\">\n\t\t\t\t\t\t\t<\/div>\n\t\t<\/div>\n\t\t\n\t<\/div>\n<\/section>\n\n\n\n<section id=\"image-content-block_62b2d5296f355\" class=\"block-section image-content light has-more-content  align-full\">\n\t<div class=\"grid-container\" id=\"scrollToMe-kartlegging-av-behov-for-instruert-personell\">\n\n\t\t<div class=\"grid-x grid-padding-x\">\n\n\t\t\t<div class=\"cell small-12 medium-7 content\">\n\t\t\t\t\t\t\t\t\t<h2 class=\"section-title\">Kartlegging av behov for instruert personell<\/h2>\n\t\t\t\t\n\t\t\t\t\t\t\t\t\t<article><p>Noen virksomheter har elektriske tavler\/fordelinger bygget med vern for sakkyndig betjening. Da er det behov for instruert personell med kompetanse til \u00e5 opprettholde str\u00f8mforsyningen inntil bedriftselektriker eller registrert elektrovirksomhet kan avdekke og rette feil. Det er opp til virksomheten\/anleggseier selv \u00e5 kartlegge behovet for instruert personell.<\/p>\n<\/article>\n\t\t\t\t\n\t\t\t\t\t\t\t\t<div class=\"clearfix\"><\/div>\n\t\t\t\t\n\t\t\t\t\t\t\t\t\n\t\t\t\t\t<a\n\t\t\t\t\t\thref=\"#\"\n\t\t\t\t\t\tclass=\"button-plus content-toggler\"\n\t\t\t\t\t\tdata-initialtext=\"Les mer\"\n\t\t\t\t\t\tdata-toggletext=\"Les mindre\"\n\t\t\t\t\t\tdata-target=\"ic-hidden-block_62b2d5296f355\"\n\t\t\t\t\t\trole=\"button\"\n\t\t\t\t\t\trel=\"nofollow\"\n\t\t\t\t\t\taria-label=\"\u00c5pne skjult innhold\"\n\t\t\t\t\t\taria-expanded=\"false\">\n\t\t\t\t\t\t<span>Les mer<\/span>\n\t\t\t\t\t\t<span class=\"icon icon-plus\"><\/span>\n\t\t\t\t\t<\/a>\n\t\t\t\t\n\t\t\t<\/div>\n\n\t\t\t<div class=\"cell small-12 medium-5 image\">\n\t\t\t\t<img loading=\"lazy\" decoding=\"async\" width=\"502\" height=\"335\" src=\"https:\/\/elsikkerhetsportalen.no\/foie\/wp-content\/uploads\/2022\/06\/instruert-personell-elsp-dame-502x335.png\" class=\"attachment-image-content size-image-content\" alt=\"Bilde av kvinnelig instruert personell (illustrasjon)\" srcset=\"https:\/\/elsikkerhetsportalen.no\/foie\/wp-content\/uploads\/2022\/06\/instruert-personell-elsp-dame-502x335.png 502w, https:\/\/elsikkerhetsportalen.no\/foie\/wp-content\/uploads\/2022\/06\/instruert-personell-elsp-dame-300x200.png 300w, https:\/\/elsikkerhetsportalen.no\/foie\/wp-content\/uploads\/2022\/06\/instruert-personell-elsp-dame.png 600w\" sizes=\"auto, (max-width: 502px) 100vw, 502px\" \/>\n\t\t\t<\/div>\n\n\t\t<\/div>\n\n\t\t\t\t\t\t<div class=\"grid-x grid-padding-x hidden-more-content\" aria-expanded=\"false\" aria-hidden=\"true\" id=\"ic-hidden-block_62b2d5296f355\">\n\t\t\t<div class=\"cell small-12 medium-7 content\">\n\t\t\t\t<article>\n\t\t\t\t<p>Det m\u00e5 understrekes at det er virksomheten\/anleggseier som er ansvarlig for \u00e5 dokumentere at sikkerhetskravene etterleves. Virksomheten plikter ogs\u00e5 \u00e5 utf\u00f8re en risikovurdering av om betjening av vern over en bestemt st\u00f8rrelse (i A) og kortslutningseffekter p\u00e5 stedet kan betjenes av en instruert person eller om det i spesielle tilfeller b\u00f8r p\u00e5kalles sakkyndige for \u00e5 gj\u00f8re m\u00e5linger\/arbeid p\u00e5 det elektriske anlegget f\u00f8r vernet kan betjenes. Behovet for instruert personell skal fremg\u00e5 av kompetansekartleggingen og oppdateres \u00e5rlig. Internkontrollforskriftens \u00a7 5 hjemler kravet til slik dokumentasjon.<\/p>\n<p>Virksomheten plikter \u00e5 ha en oversikt over instruert personell benevnt ved navn og hvilke anlegg vedkommende har adgang til \u00e5 betjene. Internkontrollforskriften gjelder for alle virksomheter og vil m\u00e5tte tilpasses virksomhetens st\u00f8rrelse, aktivitet og omfang. Fordelingstavler i virksomheter som er bygget for sakkyndig betjening kan, p\u00e5 bakgrunn av det som er skrevet i avsnittet\u00a0over, i begrenset omfang, betjenes av personell som har f\u00e5tt tilstrekkelig oppl\u00e6ring av en sakkyndig person.<\/p>\n\t\t\t\t<\/article>\n\t\t\t<\/div>\n\n\t\t\t<div class=\"cell small-12 medium-5 image\">\n\t\t\t\t\t\t\t<\/div>\n\t\t<\/div>\n\t\t\n\t<\/div>\n<\/section>\n\n\n\n<section id=\"image-content-block_62b2d8bb6f35a\" class=\"block-section image-content dark  align-full\">\n\t<div class=\"grid-container\" id=\"scrollToMe-sikkerhetsopplaering\">\n\n\t\t<div class=\"grid-x grid-padding-x\">\n\n\t\t\t<div class=\"cell small-12 medium-7 content\">\n\t\t\t\t\t\t\t\t\t<h2 class=\"section-title\">Sikkerhetsoppl\u00e6ring<\/h2>\n\t\t\t\t\n\t\t\t\t\t\t\t\t\t<article><p>FSE krever sikkerhetsoppl\u00e6ring av elektrofagpersonell. Virksomheter som kun har ansatt instruert personell for \u00e5 ivareta enkle driftsoppgaver <strong>omfattes ikke av denne forskriften<\/strong>, og det stilles derfor ikke formelle krav til tradisjonell FSE-oppl\u00e6ring av instruert personell.\u00a0Eier av virksomheter med instruert personell har imidlertid ansvar for at det benyttes en virksomhet med elektrofaglig kompetanse til \u00e5 utarbeide instruksen og at den instruerte personen gis n\u00f8dvendig oppl\u00e6ring for \u00e5 ivareta sin egen sikkerhet. Oppl\u00e6ringen og instruksen skal basere seg p\u00e5 kravene i FSE, som det fremkommer av veiledningen til FSE \u00a7 3.<\/p>\n<\/article>\n\t\t\t\t\n\t\t\t\t\t\t<a class=\"link link--underlined\" href=\"https:\/\/lovdata.no\/dokument\/SF\/forskrift\/2006-04-28-458?q=fse\" target=\"_blank\">\n\t\t\tG\u00e5 til forskrift om sikkerhet ved arbeid i og drift av elektriske anlegg (fse)\t\t<\/a>\n\t\t\t\t\t<div class=\"clearfix\"><\/div>\n\t\t\t\t\n\t\t\t\t\t\t\t\t\n\t\t\t<\/div>\n\n\t\t\t<div class=\"cell small-12 medium-5 image\">\n\t\t\t\t<img loading=\"lazy\" decoding=\"async\" width=\"502\" height=\"335\" src=\"https:\/\/elsikkerhetsportalen.no\/foie\/wp-content\/uploads\/2022\/06\/fse-forside-502x335.png\" class=\"attachment-image-content size-image-content\" alt=\"Bilde av forsiden fse\" srcset=\"https:\/\/elsikkerhetsportalen.no\/foie\/wp-content\/uploads\/2022\/06\/fse-forside-502x335.png 502w, https:\/\/elsikkerhetsportalen.no\/foie\/wp-content\/uploads\/2022\/06\/fse-forside-300x200.png 300w, https:\/\/elsikkerhetsportalen.no\/foie\/wp-content\/uploads\/2022\/06\/fse-forside.png 600w\" sizes=\"auto, (max-width: 502px) 100vw, 502px\" \/>\n\t\t\t<\/div>\n\n\t\t<\/div>\n\n\t\t\t\t\n\t<\/div>\n<\/section>\n\n\n\n<section id=\"image-content-block_62b2d9fd6f35b\" class=\"block-section image-content light has-more-content  align-full\">\n\t<div class=\"grid-container\" id=\"scrollToMe-personer-med-fagbrev-fra-ikke-elektrofag\">\n\n\t\t<div class=\"grid-x grid-padding-x\">\n\n\t\t\t<div class=\"cell small-12 medium-7 content\">\n\t\t\t\t\t\t\t\t\t<h2 class=\"section-title\">Personer med fagbrev fra ikke-elektrofag<\/h2>\n\t\t\t\t\n\t\t\t\t\t\t\t\t\t<article><p>En instruert person kan normalt ikke utf\u00f8re noen form for inngrep i den elektriske installasjonen eller foreta m\u00e5linger med bruk av instrumenter. Forskrift om elektroforetak og kvalifikasjonskrav for arbeid knyttet til elektriske anlegg og elektrisk utstyr (FEK) \u00a7 6 annet ledd\u00a0\u00e5pner imidlertid for at en person med fagbrev som ikke omfatter elektriske anlegg, men som har fagutdanning med oppl\u00e6ring i til- og frakobling ved feils\u00f8king og feilretting av komponenter, som ellers faller inn under deres fagomr\u00e5de, kan utf\u00f8re slike oppgaver.<\/p>\n<\/article>\n\t\t\t\t\n\t\t\t\t\t\t\t\t<div class=\"clearfix\"><\/div>\n\t\t\t\t\n\t\t\t\t\t\t\t\t\n\t\t\t\t\t<a\n\t\t\t\t\t\thref=\"#\"\n\t\t\t\t\t\tclass=\"button-plus content-toggler\"\n\t\t\t\t\t\tdata-initialtext=\"Les mer\"\n\t\t\t\t\t\tdata-toggletext=\"Les mindre\"\n\t\t\t\t\t\tdata-target=\"ic-hidden-block_62b2d9fd6f35b\"\n\t\t\t\t\t\trole=\"button\"\n\t\t\t\t\t\trel=\"nofollow\"\n\t\t\t\t\t\taria-label=\"\u00c5pne skjult innhold\"\n\t\t\t\t\t\taria-expanded=\"false\">\n\t\t\t\t\t\t<span>Les mer<\/span>\n\t\t\t\t\t\t<span class=\"icon icon-plus\"><\/span>\n\t\t\t\t\t<\/a>\n\t\t\t\t\n\t\t\t<\/div>\n\n\t\t\t<div class=\"cell small-12 medium-5 image\">\n\t\t\t\t<img loading=\"lazy\" decoding=\"async\" width=\"502\" height=\"335\" src=\"https:\/\/elsikkerhetsportalen.no\/foie\/wp-content\/uploads\/sites\/32\/2021\/05\/Overspenningsvern-Thor-600x400-1-502x335.jpg\" class=\"attachment-image-content size-image-content\" alt=\"\" srcset=\"https:\/\/elsikkerhetsportalen.no\/foie\/wp-content\/uploads\/sites\/32\/2021\/05\/Overspenningsvern-Thor-600x400-1-502x335.jpg 502w, https:\/\/elsikkerhetsportalen.no\/foie\/wp-content\/uploads\/sites\/32\/2021\/05\/Overspenningsvern-Thor-600x400-1-300x200.jpg 300w, https:\/\/elsikkerhetsportalen.no\/foie\/wp-content\/uploads\/sites\/32\/2021\/05\/Overspenningsvern-Thor-600x400-1.jpg 600w\" sizes=\"auto, (max-width: 502px) 100vw, 502px\" \/>\n\t\t\t<\/div>\n\n\t\t<\/div>\n\n\t\t\t\t\t\t<div class=\"grid-x grid-padding-x hidden-more-content\" aria-expanded=\"false\" aria-hidden=\"true\" id=\"ic-hidden-block_62b2d9fd6f35b\">\n\t\t\t<div class=\"cell small-12 medium-7 content\">\n\t\t\t\t<article>\n\t\t\t\t<p>Dette betyr at personer med fagbrev, som i seg selv ikke kvalifiserer for \u00e5 kunne arbeide med bygging og vedlikehold av elektriske anlegg, likevel kan utf\u00f8re visse oppgaver p\u00e5 anlegget. Forutsetningen er at utdanningen inneholder enkelte fag innen elektrofaget og at oppgavene som skal utf\u00f8res ligger innenfor fagene de har f\u00e5tt oppl\u00e6ring i. I tillegg er det et vilk\u00e5r at de ogs\u00e5 har f\u00e5tt oppl\u00e6ring i samsvar med kravene som fremg\u00e5r av Forskrift om sikkerhet ved arbeid i, og drift av, elektriske anlegg (FSE). <strong>Det forutsettes ogs\u00e5 at virksomheten er registrert i Elvirksomhetsregisteret, og har relevant faglig ansvarlig.<\/strong><\/p>\n\t\t\t\t<\/article>\n\t\t\t<\/div>\n\n\t\t\t<div class=\"cell small-12 medium-5 image\">\n\t\t\t\t\t\t\t<\/div>\n\t\t<\/div>\n\t\t\n\t<\/div>\n<\/section>\n\n\n\n<section class=\"block-section post-cards\">\n\t<div class=\"grid-container\">\n\n        <div class=\"grid-x grid-margin-x section-title-wrapper\">\n            <div class=\"cell small-12 medium-6\">\n                                    <h1 class=\"section-title\">Vi anbefaler<\/h1>\n                            <\/div>\n\n                    <\/div>\n\n        <div class=\"grid-x grid-margin-x cards-wrapper\">\n                                                                    <a href=\"https:\/\/elsikkerhetsportalen.no\/foie\/for-bedrifter\/bedriftselektriker\/\" class=\"link-card cell small-12 medium-6\">\n    <article>\n        <div class=\"content\">\n            <h3 class=\"title\">Bedriftselektriker<\/h3>\n            <p class=\"excerpt\"><\/p>\n        <\/div>\n        <span class=\"icon icon-arrow-right\"><\/span>\n    <\/article>\n<\/a>                    \n                                                        <a href=\"https:\/\/elsikkerhetsportalen.no\/foie\/elektrisk-anlegg\/finn-elektriker\/\" class=\"link-card cell small-12 medium-6\">\n    <article>\n        <div class=\"content\">\n            <h3 class=\"title\">Finn elektriker<\/h3>\n            <p class=\"excerpt\"><\/p>\n        <\/div>\n        <span class=\"icon icon-arrow-right\"><\/span>\n    <\/article>\n<\/a>                    \n                                                    <\/div>\n\n    <\/div>\n<\/section>","protected":false},"excerpt":{"rendered":"","protected":false},"author":1,"featured_media":1094,"parent":13,"menu_order":1,"comment_status":"closed","ping_status":"closed","template":"","meta":{"_acf_changed":false,"footnotes":""},"class_list":["post-48","page","type-page","status-publish","has-post-thumbnail","hentry"],"acf":[],"_links":{"self":[{"href":"https:\/\/elsikkerhetsportalen.no\/foie\/wp-json\/wp\/v2\/pages\/48","targetHints":{"allow":["GET"]}}],"collection":[{"href":"https:\/\/elsikkerhetsportalen.no\/foie\/wp-json\/wp\/v2\/pages"}],"about":[{"href":"https:\/\/elsikkerhetsportalen.no\/foie\/wp-json\/wp\/v2\/types\/page"}],"author":[{"embeddable":true,"href":"https:\/\/elsikkerhetsportalen.no\/foie\/wp-json\/wp\/v2\/users\/1"}],"replies":[{"embeddable":true,"href":"https:\/\/elsikkerhetsportalen.no\/foie\/wp-json\/wp\/v2\/comments?post=48"}],"version-history":[{"count":0,"href":"https:\/\/elsikkerhetsportalen.no\/foie\/wp-json\/wp\/v2\/pages\/48\/revisions"}],"up":[{"embeddable":true,"href":"https:\/\/elsikkerhetsportalen.no\/foie\/wp-json\/wp\/v2\/pages\/13"}],"wp:featuredmedia":[{"embeddable":true,"href":"https:\/\/elsikkerhetsportalen.no\/foie\/wp-json\/wp\/v2\/media\/1094"}],"wp:attachment":[{"href":"https:\/\/elsikkerhetsportalen.no\/foie\/wp-json\/wp\/v2\/media?parent=48"}],"curies":[{"name":"wp","href":"https:\/\/api.w.org\/{rel}","templated":true}]}}