{"id":15,"date":"2021-02-03T21:28:22","date_gmt":"2021-02-03T21:28:22","guid":{"rendered":"http:\/\/elsikkerhetsportalen.no\/lede\/?page_id=15"},"modified":"2022-03-15T14:14:17","modified_gmt":"2022-03-15T14:14:17","slug":"dle","status":"publish","type":"page","link":"https:\/\/elsikkerhetsportalen.no\/lede\/dle\/","title":{"rendered":"DLE"},"content":{"rendered":"<section id=\"scrollable-shortcuts-block_6093cf2f344aa\" class=\"block-section scrollable-shortcuts   align-full\">\n\t<div class=\"grid-container\">\n\t\t<div class=\"grid-x grid-padding-x\">\n\n\t\t\t<header class=\"cell small-12 medium-7\">\n\t\t\t\t\t\t\t\t\t<h1>Det lokale eltilsyn<\/h1>\n\t\t\t\t\n\t\t\t\t\t\t\t\t\t<p class=\"ingress\">Det lokale eltilsyn (DLE) er en del av nettselskapet. Deres oppgave er \u00e5 redusere antall skader og ulykker for\u00e5rsaket av elektrisitet. <\/p>\n\t\t\t\t\n\t\t\t\t\t\t\t\t\t<h2 class=\"shortcuts-title\">Snarveier<span><span class=\"icon icon-arrow-down\"><\/span><\/span><\/h2>\n\t\t\t\t\n\t\t\t\t<nav><ul><li><a href=\"#om-dle\" class=\"link link--underlined\">Om DLE<\/a><\/li><li><a href=\"#kontakt-dle\" class=\"link link--underlined\">Kontaktinformasjon<\/a><\/li><li><a href=\"#tilsyn-med-boliger-og-hytter\" class=\"link link--underlined\">Tilsyn med boliger<\/a><\/li><li><a href=\"#tilsyn-med-virksomheter\" class=\"link link--underlined\">Tilsyn med virksomheter<\/a><\/li><li><a href=\"#tilsyn-med-elektrovirksomheter\" class=\"link link--underlined\">Tilsyn med elektrovirksomheter<\/a><\/li><li><a href=\"#markedstilsyn\" class=\"link link--underlined\">Markedstilsyn<\/a><\/li><li><a href=\"#bekymringsmelding\" class=\"link link--underlined\">Bekymringsmelding<\/a><\/li><li><a href=\"#for-eltilsynet\" class=\"link link--underlined\">For eltilsynet<\/a><\/li><li><a href=\"#what-is-dle\" class=\"link link--underlined\">What is DLE?<\/a><\/li><\/ul><\/nav>\t\t\t<\/header>\n\n\t\t<\/div>\n\t<\/div>\n<\/section>\n\n\n\n<section id=\"image-content-block_6093d32f344ab\" class=\"block-section image-content dark smaller-fonts no-image  align-full\">\n\t<div class=\"grid-container\" id=\"scrollToMe-om-dle\">\n\n\t\t<div class=\"grid-x grid-padding-x\">\n\n\t\t\t<div class=\"cell small-12 medium-7 content\">\n\t\t\t\t\t\t\t\t\t<h2 class=\"section-title\">Om DLE<\/h2>\n\t\t\t\t\n\t\t\t\t\t\t\t\t\t<article><p>DLE er en del av offentlig forvaltning og f\u00e5r tildelt \u00e5rlig instruks som grunnlag for tilsynsarbeidet.<\/p>\n<\/article>\n\t\t\t\t\n\t\t\t\t\t\t<a class=\"link link--underlined\" href=\"https:\/\/elsikkerhetsportalen.no\/lede\/dle\/om-dle\/\" target=\"_self\">\n\t\t\tG\u00e5 til siden\t\t<\/a>\n\t\t\t\t\t<div class=\"clearfix\"><\/div>\n\t\t\t\t\n\t\t\t\t\t\t\t\t\n\t\t\t<\/div>\n\n\t\t\t<div class=\"cell small-12 medium-5 image\">\n\t\t\t\t\t\t\t\t\t\n\t\t\t\t\t\n\t\t\t\t\n\t\t\t<\/div>\n\n\t\t<\/div>\n\n\t\t\t\t\n\t<\/div>\n<\/section>\n\n\n\n<section id=\"image-content-block_6093d45b344ae\" class=\"block-section image-content light smaller-fonts no-image  align-full\">\n\t<div class=\"grid-container\" id=\"scrollToMe-kontakt-dle\">\n\n\t\t<div class=\"grid-x grid-padding-x\">\n\n\t\t\t<div class=\"cell small-12 medium-7 content\">\n\t\t\t\t\t\t\t\t\t<h2 class=\"section-title\">Kontakt DLE<\/h2>\n\t\t\t\t\n\t\t\t\t\t\t\t\t\t<article><p>Det lokale eltilsyn er en del av nettselskapet ditt, og deler ofte samme kontaktinformasjon. Hos noen DLE kontakter du det sakkyndige selskapet som utf\u00f8rer tilsynet.<\/p>\n<\/article>\n\t\t\t\t\n\t\t\t\t\t\t<a class=\"link link--underlined\" href=\"https:\/\/elsikkerhetsportalen.no\/lede\/dle\/kontakt-dle\/\" target=\"_self\">\n\t\t\tG\u00e5 til siden\t\t<\/a>\n\t\t\t\t\t<div class=\"clearfix\"><\/div>\n\t\t\t\t\n\t\t\t\t\t\t\t\t\n\t\t\t<\/div>\n\n\t\t\t<div class=\"cell small-12 medium-5 image\">\n\t\t\t\t\t\t\t\t\t\n\t\t\t\t\t\n\t\t\t\t\n\t\t\t<\/div>\n\n\t\t<\/div>\n\n\t\t\t\t\n\t<\/div>\n<\/section>\n\n\n\n<section id=\"image-content-block_6093d4d8344b1\" class=\"block-section image-content dark smaller-fonts no-image  align-full\">\n\t<div class=\"grid-container\" id=\"scrollToMe-tilsyn-med-boliger-og-hytter\">\n\n\t\t<div class=\"grid-x grid-padding-x\">\n\n\t\t\t<div class=\"cell small-12 medium-7 content\">\n\t\t\t\t\t\t\t\t\t<h2 class=\"section-title\">Tilsyn med boliger og hytter<\/h2>\n\t\t\t\t\n\t\t\t\t\t\t\t\t\t<article><p>DLE arbeider for \u00e5 redusere skader og ulykker for\u00e5rsaket av elektrisitet. Derfor sjekkes det elektriske anlegget og tilkoblet utstyr jevnlig hos deg.<\/p>\n<\/article>\n\t\t\t\t\n\t\t\t\t\t\t<a class=\"link link--underlined\" href=\"https:\/\/elsikkerhetsportalen.no\/lede\/dle\/tilsyn-med-boliger\/\" target=\"_self\">\n\t\t\tG\u00e5 til siden\t\t<\/a>\n\t\t\t\t\t<div class=\"clearfix\"><\/div>\n\t\t\t\t\n\t\t\t\t\t\t\t\t\n\t\t\t<\/div>\n\n\t\t\t<div class=\"cell small-12 medium-5 image\">\n\t\t\t\t\t\t\t\t\t\n\t\t\t\t\t\n\t\t\t\t\n\t\t\t<\/div>\n\n\t\t<\/div>\n\n\t\t\t\t\n\t<\/div>\n<\/section>\n\n\n\n<section id=\"image-content-block_6093dda7344b2\" class=\"block-section image-content light smaller-fonts no-image  align-full\">\n\t<div class=\"grid-container\" id=\"scrollToMe-tilsyn-med-virksomheter\">\n\n\t\t<div class=\"grid-x grid-padding-x\">\n\n\t\t\t<div class=\"cell small-12 medium-7 content\">\n\t\t\t\t\t\t\t\t\t<h2 class=\"section-title\">Tilsyn med virksomheter<\/h2>\n\t\t\t\t\n\t\t\t\t\t\t\t\t\t<article><p>DLE kontrollerer at virksomheten har internkontroll og gode rutiner for forebygging av brann og ulykker som kan skyldes elektriske apparater og installasjon.<\/p>\n<\/article>\n\t\t\t\t\n\t\t\t\t\t\t<a class=\"link link--underlined\" href=\"https:\/\/elsikkerhetsportalen.no\/lede\/dle\/tilsyn-med-virksomheter\/\" target=\"_self\">\n\t\t\tG\u00e5 til siden\t\t<\/a>\n\t\t\t\t\t<div class=\"clearfix\"><\/div>\n\t\t\t\t\n\t\t\t\t\t\t\t\t\n\t\t\t<\/div>\n\n\t\t\t<div class=\"cell small-12 medium-5 image\">\n\t\t\t\t\t\t\t\t\t\n\t\t\t\t\t\n\t\t\t\t\n\t\t\t<\/div>\n\n\t\t<\/div>\n\n\t\t\t\t\n\t<\/div>\n<\/section>\n\n\n\n<section id=\"image-content-block_6093ddb6344b3\" class=\"block-section image-content dark smaller-fonts no-image  align-full\">\n\t<div class=\"grid-container\" id=\"scrollToMe-tilsyn-med-elektrovirksomheter\">\n\n\t\t<div class=\"grid-x grid-padding-x\">\n\n\t\t\t<div class=\"cell small-12 medium-7 content\">\n\t\t\t\t\t\t\t\t\t<h2 class=\"section-title\">Tilsyn med elektrovirksomheter<\/h2>\n\t\t\t\t\n\t\t\t\t\t\t\t\t\t<article><p>DLE skal kontrollere at installat\u00f8rer som jobber med elektriske anlegg har n\u00f8dvendig kunnskap og rutiner for \u00e5 utf\u00f8re jobben p\u00e5 en trygg m\u00e5te. Kontrollen gjelder ogs\u00e5 r\u00e5dgivende ingeni\u00f8rer og elektroreparat\u00f8rer.<\/p>\n<\/article>\n\t\t\t\t\n\t\t\t\t\t\t<a class=\"link link--underlined\" href=\"https:\/\/elsikkerhetsportalen.no\/lede\/dle\/tilsyn-med-elektrovirksomheter\/\" target=\"_self\">\n\t\t\tG\u00e5 til siden\t\t<\/a>\n\t\t\t\t\t<div class=\"clearfix\"><\/div>\n\t\t\t\t\n\t\t\t\t\t\t\t\t\n\t\t\t<\/div>\n\n\t\t\t<div class=\"cell small-12 medium-5 image\">\n\t\t\t\t\t\t\t\t\t\n\t\t\t\t\t\n\t\t\t\t\n\t\t\t<\/div>\n\n\t\t<\/div>\n\n\t\t\t\t\n\t<\/div>\n<\/section>\n\n\n\n<section id=\"image-content-block_6093ddd2344b4\" class=\"block-section image-content light smaller-fonts no-image  align-full\">\n\t<div class=\"grid-container\" id=\"scrollToMe-markedstilsyn\">\n\n\t\t<div class=\"grid-x grid-padding-x\">\n\n\t\t\t<div class=\"cell small-12 medium-7 content\">\n\t\t\t\t\t\t\t\t\t<h2 class=\"section-title\">Markedstilsyn<\/h2>\n\t\t\t\t\n\t\t\t\t\t\t\t\t\t<article><p>Noen DLE har f\u00e5tt utvidet ansvar for \u00e5 sikre at elektriske produkter som omsettes i landet, er trygge i bruk.<\/p>\n<\/article>\n\t\t\t\t\n\t\t\t\t\t\t<a class=\"link link--underlined\" href=\"https:\/\/elsikkerhetsportalen.no\/lede\/dle\/markedstilsyn\/\" target=\"_self\">\n\t\t\tG\u00e5 til siden\t\t<\/a>\n\t\t\t\t\t<div class=\"clearfix\"><\/div>\n\t\t\t\t\n\t\t\t\t\t\t\t\t\n\t\t\t<\/div>\n\n\t\t\t<div class=\"cell small-12 medium-5 image\">\n\t\t\t\t\t\t\t\t\t\n\t\t\t\t\t\n\t\t\t\t\n\t\t\t<\/div>\n\n\t\t<\/div>\n\n\t\t\t\t\n\t<\/div>\n<\/section>\n\n\n\n<section id=\"image-content-block_6093dde1344b5\" class=\"block-section image-content dark smaller-fonts no-image  align-full\">\n\t<div class=\"grid-container\" id=\"scrollToMe-bekymringsmelding\">\n\n\t\t<div class=\"grid-x grid-padding-x\">\n\n\t\t\t<div class=\"cell small-12 medium-7 content\">\n\t\t\t\t\t\t\t\t\t<h2 class=\"section-title\">Bekymringsmelding<\/h2>\n\t\t\t\t\n\t\t\t\t\t\t\t\t\t<article><p>Alle som kommer over elektrisk anlegg eller produkter som \u00e5penbart er en sikkerhetsfare, oppfordres til \u00e5 sende inn bekymringsmelding til DSB.<\/p>\n<\/article>\n\t\t\t\t\n\t\t\t\t\t\t<a class=\"link link--underlined\" href=\"https:\/\/elsikkerhetsportalen.no\/lede\/dle\/bekymringsmelding\/\" target=\"_self\">\n\t\t\tG\u00e5 til siden\t\t<\/a>\n\t\t\t\t\t<div class=\"clearfix\"><\/div>\n\t\t\t\t\n\t\t\t\t\t\t\t\t\n\t\t\t<\/div>\n\n\t\t\t<div class=\"cell small-12 medium-5 image\">\n\t\t\t\t\t\t\t\t\t\n\t\t\t\t\t\n\t\t\t\t\n\t\t\t<\/div>\n\n\t\t<\/div>\n\n\t\t\t\t\n\t<\/div>\n<\/section>\n\n\n\n<section id=\"image-content-block_6093ddf0344b6\" class=\"block-section image-content light smaller-fonts no-image  align-full\">\n\t<div class=\"grid-container\" id=\"scrollToMe-for-eltilsynet\">\n\n\t\t<div class=\"grid-x grid-padding-x\">\n\n\t\t\t<div class=\"cell small-12 medium-7 content\">\n\t\t\t\t\t\t\t\t\t<h2 class=\"section-title\">For eltilsynet<\/h2>\n\t\t\t\t\n\t\t\t\t\t\t\t\t\t<article><p>Arbeider du i DLE, eller sakkyndig selskap finner du informasjon og verkt\u00f8y til ditt arbeid her.<\/p>\n<\/article>\n\t\t\t\t\n\t\t\t\t\t\t<a class=\"link link--underlined\" href=\"https:\/\/elsikkerhetsportalen.no\/lede\/dle\/eltilsynet\/\" target=\"_self\">\n\t\t\tG\u00e5 til siden\t\t<\/a>\n\t\t\t\t\t<div class=\"clearfix\"><\/div>\n\t\t\t\t\n\t\t\t\t\t\t\t\t\n\t\t\t<\/div>\n\n\t\t\t<div class=\"cell small-12 medium-5 image\">\n\t\t\t\t\t\t\t\t\t\n\t\t\t\t\t\n\t\t\t\t\n\t\t\t<\/div>\n\n\t\t<\/div>\n\n\t\t\t\t\n\t<\/div>\n<\/section>\n\n\n\n<section id=\"image-content-block_60c9a30d41c78\" class=\"block-section image-content dark smaller-fonts no-image  align-full\">\n\t<div class=\"grid-container\" id=\"scrollToMe-what-is-dle\">\n\n\t\t<div class=\"grid-x grid-padding-x\">\n\n\t\t\t<div class=\"cell small-12 medium-7 content\">\n\t\t\t\t\t\t\t\t\t<h2 class=\"section-title\">What is DLE?<\/h2>\n\t\t\t\t\n\t\t\t\t\t\t\t\t\t<article><p>We explain what DLE, Det lokale eltilsyn, is in English.<\/p>\n<\/article>\n\t\t\t\t\n\t\t\t\t\t\t<a class=\"link link--underlined\" href=\"https:\/\/elsikkerhetsportalen.no\/lede\/dle\/what-is-dle\/\" target=\"_self\">\n\t\t\tGo to page\t\t<\/a>\n\t\t\t\t\t<div class=\"clearfix\"><\/div>\n\t\t\t\t\n\t\t\t\t\t\t\t\t\n\t\t\t<\/div>\n\n\t\t\t<div class=\"cell small-12 medium-5 image\">\n\t\t\t\t\t\t\t\t\t\n\t\t\t\t\t\n\t\t\t\t\n\t\t\t<\/div>\n\n\t\t<\/div>\n\n\t\t\t\t\n\t<\/div>\n<\/section>\n","protected":false},"excerpt":{"rendered":"","protected":false},"author":1,"featured_media":0,"parent":0,"menu_order":7,"comment_status":"closed","ping_status":"closed","template":"","meta":{"_acf_changed":false,"footnotes":""},"class_list":["post-15","page","type-page","status-publish","hentry"],"acf":[],"_links":{"self":[{"href":"https:\/\/elsikkerhetsportalen.no\/lede\/wp-json\/wp\/v2\/pages\/15","targetHints":{"allow":["GET"]}}],"collection":[{"href":"https:\/\/elsikkerhetsportalen.no\/lede\/wp-json\/wp\/v2\/pages"}],"about":[{"href":"https:\/\/elsikkerhetsportalen.no\/lede\/wp-json\/wp\/v2\/types\/page"}],"author":[{"embeddable":true,"href":"https:\/\/elsikkerhetsportalen.no\/lede\/wp-json\/wp\/v2\/users\/1"}],"replies":[{"embeddable":true,"href":"https:\/\/elsikkerhetsportalen.no\/lede\/wp-json\/wp\/v2\/comments?post=15"}],"version-history":[{"count":0,"href":"https:\/\/elsikkerhetsportalen.no\/lede\/wp-json\/wp\/v2\/pages\/15\/revisions"}],"wp:attachment":[{"href":"https:\/\/elsikkerhetsportalen.no\/lede\/wp-json\/wp\/v2\/media?parent=15"}],"curies":[{"name":"wp","href":"https:\/\/api.w.org\/{rel}","templated":true}]}}