{"id":56,"date":"2021-02-03T21:36:00","date_gmt":"2021-02-03T21:36:00","guid":{"rendered":"http:\/\/elsikkerhetsportalen.no\/nordvest\/?page_id=56"},"modified":"2025-03-13T11:44:55","modified_gmt":"2025-03-13T11:44:55","slug":"elulykker-og-stromskader","status":"publish","type":"page","link":"https:\/\/elsikkerhetsportalen.no\/nordvest\/elbransjen\/elulykker-og-stromskader\/","title":{"rendered":"Elulykker og str\u00f8mskader"},"content":{"rendered":"<section id=\"scrollable-shortcuts-block_5f640817bf9cbaf2760a644b77998831\" class=\"block-section scrollable-shortcuts   align-full\">\n\t<div class=\"grid-container\">\n\t\t<div class=\"grid-x grid-padding-x\">\n\n\t\t\t<header class=\"cell small-12 medium-7\">\n\t\t\t\t\t\t\t\t\t<h1>Elulykker og str\u00f8mskader<\/h1>\n\t\t\t\t\n\t\t\t\t\t\t\t\t\t<p class=\"ingress\">De fleste elulykker og str\u00f8mskader rammer profesjonelle som arbeider med elektrisitet, men det hender ogs\u00e5 at andre utsettes for denne typen ulykker.<\/p>\n\t\t\t\t\n\t\t\t\t\t\t\t\t\t<h2 class=\"shortcuts-title\">Snarveier<span><span class=\"icon icon-arrow-down\"><\/span><\/span><\/h2>\n\t\t\t\t\n\t\t\t\t<nav><ul><li><a href=\"#om-stromulykker\" class=\"link link--underlined\">Om str\u00f8mulykker<\/a><\/li><li><a href=\"#nar-ulykken-er-ute\" class=\"link link--underlined\">N\u00e5r ulykken er ute<\/a><\/li><li><a href=\"#rapporter-ulykken\" class=\"link link--underlined\">Rapporter ulykken<\/a><\/li><li><a href=\"#stromulykkeappen\" class=\"link link--underlined\">Str\u00f8mulykkeapp<\/a><\/li><li><a href=\"#tall-fra-nyhetsbladet-elsikkerhet\" class=\"link link--underlined\">Statistikk<\/a><\/li><\/ul><\/nav>\t\t\t<\/header>\n\n\t\t<\/div>\n\t<\/div>\n<\/section>\n\n\n\n<section id=\"image-content-block_0c54ebcc8b4dfef10d810a0c007b8c3d\" class=\"block-section image-content light smaller-fonts no-image has-more-content  align-full\">\n\t<div class=\"grid-container\" id=\"scrollToMe-om-stromulykker\">\n\n\t\t<div class=\"grid-x grid-padding-x\">\n\n\t\t\t<div class=\"cell small-12 medium-7 content\">\n\t\t\t\t\t\t\t\t\t<h2 class=\"section-title\">Om str\u00f8mulykker<\/h2>\n\t\t\t\t\n\t\t\t\t\t\t\t\t\t<article><p>Det er ca. 3000 yrkesaktive personer som rammes av str\u00f8mulykker hvert \u00e5r. I 2023 ble det meldt inn 728 ulykker. Etter en jevn \u00f8kning de siste ti \u00e5rene er dette det h\u00f8yeste antall ulykker meldt til DSB. 203 av disse ulykkene er meldt med skadeomfang, noe som ogs\u00e5 er tidenes h\u00f8yeste.<\/p>\n<\/article>\n\t\t\t\t\n\t\t\t\t\t\t\t\t<div class=\"clearfix\"><\/div>\n\t\t\t\t\n\t\t\t\t\t\t\t\t\n\t\t\t\t\t<a\n\t\t\t\t\t\thref=\"#\"\n\t\t\t\t\t\tclass=\"button-plus content-toggler\"\n\t\t\t\t\t\tdata-initialtext=\"Les mer\"\n\t\t\t\t\t\tdata-toggletext=\"Les mindre\"\n\t\t\t\t\t\tdata-target=\"ic-hidden-block_0c54ebcc8b4dfef10d810a0c007b8c3d\"\n\t\t\t\t\t\trole=\"button\"\n\t\t\t\t\t\trel=\"nofollow\"\n\t\t\t\t\t\taria-label=\"\u00c5pne skjult innhold\"\n\t\t\t\t\t\taria-expanded=\"false\">\n\t\t\t\t\t\t<span>Les mer<\/span>\n\t\t\t\t\t\t<span class=\"icon icon-plus\"><\/span>\n\t\t\t\t\t<\/a>\n\t\t\t\t\n\t\t\t<\/div>\n\n\t\t\t<div class=\"cell small-12 medium-5 image\">\n\t\t\t\t\t\t\t\t\t\n\t\t\t\t\t\n\t\t\t\t\n\t\t\t<\/div>\n\n\t\t<\/div>\n\n\t\t\t\t\t\t<div class=\"grid-x grid-padding-x hidden-more-content\" aria-expanded=\"false\" aria-hidden=\"true\" id=\"ic-hidden-block_0c54ebcc8b4dfef10d810a0c007b8c3d\">\n\t\t\t<div class=\"cell small-12 medium-7 content\">\n\t\t\t\t<article>\n\t\t\t\t<a class=\"link link--underlined\" href=\"https:\/\/stami.no\/vare-tjenester\/stromskader\/\" target=\"_blank\">Mer informasjon om str\u00f8mskader hos STAMI<\/a><p>I alvorlige tilfeller kan str\u00f8mulykker medf\u00f8re omfattende skader eller d\u00f8d. Ytre og indre forbrenning, hjerte- og pusteproblemer og nyresvikt er eksempler p\u00e5 mulige helseeffekter. De fleste str\u00f8mulykker ender heldigvis bra, men b\u00e5de h\u00f8y- og lavspent str\u00f8mulykker kan medf\u00f8re sm\u00e5 skader, alvorlige skader eller d\u00f8dsfall. Mange av de som utsettes for str\u00f8mulykker f\u00e5r senskader som psykiske plager, nerveskader eller muskel- og skjelettlidelser. Slike symptomer og skader kan utvikle seg over tid, gjerne uker, m\u00e5neder eller \u00e5r etter ulykken. Det er derfor viktig at alle som har v\u00e6rt utsatt for en str\u00f8mulykke opps\u00f8ker helsevesenet; b\u00e5de av medisinske, og trygde- og arbeidsrettslige \u00e5rsaker.<\/p>\n\t\t\t\t<\/article>\n\t\t\t<\/div>\n\n\t\t\t<div class=\"cell small-12 medium-5 image\">\n\t\t\t\t\t\t\t<\/div>\n\t\t<\/div>\n\t\t\n\t<\/div>\n<\/section>\n\n\n\n<section id=\"image-content-block_7f5188d9c432c0d90ddde6728a966a6f\" class=\"block-section image-content dark smaller-fonts no-image has-more-content  align-full\">\n\t<div class=\"grid-container\" id=\"scrollToMe-nar-ulykken-er-ute\">\n\n\t\t<div class=\"grid-x grid-padding-x\">\n\n\t\t\t<div class=\"cell small-12 medium-7 content\">\n\t\t\t\t\t\t\t\t\t<h2 class=\"section-title\">N\u00e5r ulykken er ute<\/h2>\n\t\t\t\t\n\t\t\t\t\t\t\t\t\t<article><p>N\u00e5r ulykken f\u00f8rst er ute, er det greit \u00e5 vite hva du b\u00f8r gj\u00f8re. Et positivt trekk med bransjen er at de fleste som utsettes for str\u00f8mgjennomgang blir sendt til legekontroll og behandling. Det er tydelig at dette tas seri\u00f8st av bransjen.<\/p>\n<\/article>\n\t\t\t\t\n\t\t\t\t\t\t\t\t<div class=\"clearfix\"><\/div>\n\t\t\t\t\n\t\t\t\t\t\t\t\t\n\t\t\t\t\t<a\n\t\t\t\t\t\thref=\"#\"\n\t\t\t\t\t\tclass=\"button-plus content-toggler\"\n\t\t\t\t\t\tdata-initialtext=\"Les mer\"\n\t\t\t\t\t\tdata-toggletext=\"Les mindre\"\n\t\t\t\t\t\tdata-target=\"ic-hidden-block_7f5188d9c432c0d90ddde6728a966a6f\"\n\t\t\t\t\t\trole=\"button\"\n\t\t\t\t\t\trel=\"nofollow\"\n\t\t\t\t\t\taria-label=\"\u00c5pne skjult innhold\"\n\t\t\t\t\t\taria-expanded=\"false\">\n\t\t\t\t\t\t<span>Les mer<\/span>\n\t\t\t\t\t\t<span class=\"icon icon-plus\"><\/span>\n\t\t\t\t\t<\/a>\n\t\t\t\t\n\t\t\t<\/div>\n\n\t\t\t<div class=\"cell small-12 medium-5 image\">\n\t\t\t\t\t\t\t\t\t\n\t\t\t\t\t\n\t\t\t\t\n\t\t\t<\/div>\n\n\t\t<\/div>\n\n\t\t\t\t\t\t<div class=\"grid-x grid-padding-x hidden-more-content\" aria-expanded=\"false\" aria-hidden=\"true\" id=\"ic-hidden-block_7f5188d9c432c0d90ddde6728a966a6f\">\n\t\t\t<div class=\"cell small-12 medium-7 content\">\n\t\t\t\t<article>\n\t\t\t\t<p><strong>Ved alvorlige str\u00f8mulykker skal du:<\/strong><\/p>\n<ul>\n<li>gi n\u00f8dvendig f\u00f8rstehjelp\u00a0og\u00a0varsle medisinsk n\u00f8dtelefon p\u00e5 113.<\/li>\n<li>tenke egen sikkerhet\u00a0slik at den som skal yte f\u00f8rstehjelp ikke utsetter seg selv for samme type str\u00f8mulykke som den forulykkede.<\/li>\n<li>v\u00e6re oppmerksom\u00a0p\u00e5 hjerte-\/lungeproblemer, brannskader og fallskader.\n<ul>\n<li>Hjerte-\/lungeredning b\u00f8r pr\u00f8ves i lengre tid enn etter vanlig hjertestans.<\/li>\n<li>Nedkj\u00f8ling er viktig ved brannskader. Det er viktig \u00e5\u00a0unders\u00f8ke hele kroppen\u00a0siden det alltid er minst to kontaktpunkter ved str\u00f8mgjennomgang.<\/li>\n<\/ul>\n<\/li>\n<\/ul>\n<p><strong>Etter en str\u00f8mulykke skal alle opps\u00f8ke medisinsk hjelp umiddelbart hvis de har:<\/strong><\/p>\n<ul>\n<li>v\u00e6rt utsatt for h\u00f8yspent.<\/li>\n<li>v\u00e6rt utsatt\u00a0 for lynnedslag.<\/li>\n<li>v\u00e6rt utsatt for lavspent str\u00f8mgjennomgang med sannsynlig str\u00f8mvei gjennom kroppen.<\/li>\n<li>v\u00e6rt bevisstl\u00f8s eller omt\u00e5ket rett etter ulykken.<\/li>\n<li>brannskader.<\/li>\n<li>tegn p\u00e5 nerveskader (feks. lammelser).<\/li>\n<\/ul>\n<p><em>Medisinsk hjelp er definert som fastlege, legevakt eller medisinsk n\u00f8dtelefon 113.<\/em><\/p>\n<p>Statens arbeidsmilj\u00f8institutt (STAMI) er det nasjonale forskningsinstituttet for arbeidsmilj\u00f8 og arbeidshelse, og har jobbet mye med temaet str\u00f8mskader. P\u00e5 STAMI sine nettsider finnes det mer informasjon om str\u00f8mskader, forebygging, medisinsk behandling, senskader, forskningsrapporter etc.<\/p>\n\t\t\t\t<\/article>\n\t\t\t<\/div>\n\n\t\t\t<div class=\"cell small-12 medium-5 image\">\n\t\t\t\t\t\t\t<\/div>\n\t\t<\/div>\n\t\t\n\t<\/div>\n<\/section>\n\n\n\n<section id=\"image-content-block_d05b047da3404f564d23ae5e104ea26f\" class=\"block-section image-content none smaller-fonts no-image has-more-content  align-full\">\n\t<div class=\"grid-container\" id=\"scrollToMe-rapporter-ulykken\">\n\n\t\t<div class=\"grid-x grid-padding-x\">\n\n\t\t\t<div class=\"cell small-12 medium-7 content\">\n\t\t\t\t\t\t\t\t\t<h2 class=\"section-title\">Rapporter ulykken<\/h2>\n\t\t\t\t\n\t\t\t\t\t\t\t\t\t<article><p>Alle ulykker for\u00e5rsaket av str\u00f8mgjennomgang og lysbue skal meldes til Direktoratet for samfunnssikkerhet og beredskap (DSB).\u00a0Det er arbeidsgiver, eller den som eier\u00a0det elektriske anlegget som er ansvarlig for at ulykker blir meldt.<\/p>\n<\/article>\n\t\t\t\t\n\t\t\t\t\t\t\t\t<div class=\"clearfix\"><\/div>\n\t\t\t\t\n\t\t\t\t\t\t\t\t\n\t\t\t\t\t<a\n\t\t\t\t\t\thref=\"#\"\n\t\t\t\t\t\tclass=\"button-plus content-toggler\"\n\t\t\t\t\t\tdata-initialtext=\"Les mer\"\n\t\t\t\t\t\tdata-toggletext=\"Les mindre\"\n\t\t\t\t\t\tdata-target=\"ic-hidden-block_d05b047da3404f564d23ae5e104ea26f\"\n\t\t\t\t\t\trole=\"button\"\n\t\t\t\t\t\trel=\"nofollow\"\n\t\t\t\t\t\taria-label=\"\u00c5pne skjult innhold\"\n\t\t\t\t\t\taria-expanded=\"false\">\n\t\t\t\t\t\t<span>Les mer<\/span>\n\t\t\t\t\t\t<span class=\"icon icon-plus\"><\/span>\n\t\t\t\t\t<\/a>\n\t\t\t\t\n\t\t\t<\/div>\n\n\t\t\t<div class=\"cell small-12 medium-5 image\">\n\t\t\t\t\t\t\t\t\t\n\t\t\t\t\t\n\t\t\t\t\n\t\t\t<\/div>\n\n\t\t<\/div>\n\n\t\t\t\t\t\t<div class=\"grid-x grid-padding-x hidden-more-content\" aria-expanded=\"false\" aria-hidden=\"true\" id=\"ic-hidden-block_d05b047da3404f564d23ae5e104ea26f\">\n\t\t\t<div class=\"cell small-12 medium-7 content\">\n\t\t\t\t<article>\n\t\t\t\t<ul>\n<li>Meldingen skal skje elektronisk, men alvorlige ulykker skal ogs\u00e5 meldes pr. telefon.<\/li>\n<li>Alvorlige arbeidsulykker skal ogs\u00e5 meldes inn til arbeidstilsynet og politiet.<\/li>\n<li>Arbeidsgiveren plikter \u00e5 sende skademelding til sitt lokale NAV-kontor.<\/li>\n<li>Man b\u00f8r ogs\u00e5 melde inn skaden til den skaddes forsikringsselskap.<\/li>\n<\/ul>\n<p>Som nasjonal elsikkerhetsmyndighet forvalter DSB lover og forskrifter p\u00e5 elsikkerhetsomr\u00e5det og f\u00f8rer tilsyn med disse. Regelverk og tilsyn, sammen med informasjon, er viktige virkemidler i elsikkerhetsarbeidet. For \u00e5 gj\u00f8re b\u00e5de regelverket og informasjonsarbeidet bedre er DSB avhengig av statistikk og annen informasjon om ulykker og hendelser.<\/p>\n<h4>Det stilles derfor krav i f\u00f8lgende forskrifter om at str\u00f8mulykker skal innrapporteres<\/h4>\n<ul>\n<li>Forskrift om sikkerhet ved arbeid i og drift av elektriske anlegg \u00a7 8<\/li>\n<li>Forskrift om elektriske lavspenningsanlegg \u00a7 15<\/li>\n<li>Forskrift om elektriske forsyningsanlegg \u00a7 3-4<\/li>\n<li>Forskrift om maritime elektriske anlegg \u00a7 9<\/li>\n<\/ul>\n<p>Den informasjonen DSB mottar i forbindelse med melding om str\u00f8mulykke blir brukt\u00a0i statistikker og til informasjonsvirksomhet i holdningsskapende arbeid. Dessverre viser unders\u00f8kelser at mange str\u00f8mulykker ikke rapporteres inn til myndighetene. Dette gj\u00f8r det vanskelig \u00e5 jobbe forebyggende. Rapportering av ulykker er spesielt viktig for elektrobransjen. Uten kunnskap om hva som\u00a0egentlig skjer i bransjen svekkes sikkerhetstenkningen siden man tror at str\u00f8mulykker er et mindre problem enn de egentlig er.<\/p>\n<a class=\"link link--underlined\" href=\"https:\/\/www.dsb.no\/stromskader\" target=\"_blank\">Rapportering av elulykker hos DSB<\/a>\t\t\t\t<\/article>\n\t\t\t<\/div>\n\n\t\t\t<div class=\"cell small-12 medium-5 image\">\n\t\t\t\t\t\t\t<\/div>\n\t\t<\/div>\n\t\t\n\t<\/div>\n<\/section>\n\n\n\n<section id=\"image-content-block_2d6bd2b31ac9b9575dd4230e12ba65dd\" class=\"block-section image-content dark smaller-fonts no-image has-more-content  align-full\">\n\t<div class=\"grid-container\" id=\"scrollToMe-stromulykkeappen\">\n\n\t\t<div class=\"grid-x grid-padding-x\">\n\n\t\t\t<div class=\"cell small-12 medium-7 content\">\n\t\t\t\t\t\t\t\t\t<h2 class=\"section-title\">Str\u00f8mulykkeappen<\/h2>\n\t\t\t\t\n\t\t\t\t\t\t\t\t\t<article><p>Vi anbefaler \u00e5 bruke appen \u00abStr\u00f8mulykke\u00bb. Den hjelper deg med hva du b\u00f8r gj\u00f8re ved str\u00f8mulykker og inneholder fire ulike seksjoner:<\/p>\n<\/article>\n\t\t\t\t\n\t\t\t\t\t\t\t\t<div class=\"clearfix\"><\/div>\n\t\t\t\t\n\t\t\t\t\t\t\t\t\n\t\t\t\t\t<a\n\t\t\t\t\t\thref=\"#\"\n\t\t\t\t\t\tclass=\"button-plus content-toggler\"\n\t\t\t\t\t\tdata-initialtext=\"Les mer\"\n\t\t\t\t\t\tdata-toggletext=\"Les mindre\"\n\t\t\t\t\t\tdata-target=\"ic-hidden-block_2d6bd2b31ac9b9575dd4230e12ba65dd\"\n\t\t\t\t\t\trole=\"button\"\n\t\t\t\t\t\trel=\"nofollow\"\n\t\t\t\t\t\taria-label=\"\u00c5pne skjult innhold\"\n\t\t\t\t\t\taria-expanded=\"false\">\n\t\t\t\t\t\t<span>Les mer<\/span>\n\t\t\t\t\t\t<span class=\"icon icon-plus\"><\/span>\n\t\t\t\t\t<\/a>\n\t\t\t\t\n\t\t\t<\/div>\n\n\t\t\t<div class=\"cell small-12 medium-5 image\">\n\t\t\t\t\t\t\t\t\t\n\t\t\t\t\t\n\t\t\t\t\n\t\t\t<\/div>\n\n\t\t<\/div>\n\n\t\t\t\t\t\t<div class=\"grid-x grid-padding-x hidden-more-content\" aria-expanded=\"false\" aria-hidden=\"true\" id=\"ic-hidden-block_2d6bd2b31ac9b9575dd4230e12ba65dd\">\n\t\t\t<div class=\"cell small-12 medium-7 content\">\n\t\t\t\t<article>\n\t\t\t\t<ol>\n<li>Tips for \u00e5 hjelpe personer som har v\u00e6rt utsatt for en str\u00f8mulykke.<\/li>\n<li>Anbefalinger for helsepersonell.<\/li>\n<li>Arbeidsgivers plikter i henhold til regelverk og oppf\u00f8lging.<\/li>\n<li>Ekstrainformasjon med nyttige lenker<\/li>\n<\/ol>\n<p>Appen er utviklet av NELFO i samarbeid med Statens arbeidsmilj\u00f8institutt, EL &amp; IT Forbundet, Energi Norge og DSB. Appen kan lastes ned gratis fra App Store eller Google play ved \u00e5 s\u00f8ke p\u00e5 \u00abstr\u00f8mulykker\u00bb. Brukerne f\u00e5r automatisk varsling om oppgraderinger.<\/p>\n<a class=\"link link--underlined\" href=\"https:\/\/www.nelfo.no\/produkter-tjenester\/programvare\/apper\/stromulykkeapp\/\" target=\"_blank\">Str\u00f8mulykkeappen viser hvordan du forholder deg ved str\u00f8mulykker.<\/a><a class=\"link link--underlined\" href=\"https:\/\/www.dsb.no\/stromskader\" target=\"_blank\">Alle ulykker skal meldes til DSB<\/a>\t\t\t\t<\/article>\n\t\t\t<\/div>\n\n\t\t\t<div class=\"cell small-12 medium-5 image\">\n\t\t\t\t\t\t\t<\/div>\n\t\t<\/div>\n\t\t\n\t<\/div>\n<\/section>\n\n\n\n<section id=\"image-content-block_1398ef643e4d06c2a6012a8043bbc0e3\" class=\"block-section image-content light has-more-content  align-full\">\n\t<div class=\"grid-container\" id=\"scrollToMe-tall-fra-nyhetsbladet-elsikkerhet\">\n\n\t\t<div class=\"grid-x grid-padding-x\">\n\n\t\t\t<div class=\"cell small-12 medium-7 content\">\n\t\t\t\t\t\t\t\t\t<h2 class=\"section-title\">Tall fra Nyhetsbladet Elsikkerhet<\/h2>\n\t\t\t\t\n\t\t\t\t\t\t\t\t\t<article><p>Statistikken er hentet fra Elsikkerhet nr. 96 (utgitt mars 2025)<\/p>\n<\/article>\n\t\t\t\t\n\t\t\t\t\t\t\t\t<div class=\"clearfix\"><\/div>\n\t\t\t\t\n\t\t\t\t\t\t\t\t\n\t\t\t\t\t<a\n\t\t\t\t\t\thref=\"#\"\n\t\t\t\t\t\tclass=\"button-plus content-toggler\"\n\t\t\t\t\t\tdata-initialtext=\"Les mer\"\n\t\t\t\t\t\tdata-toggletext=\"Les mindre\"\n\t\t\t\t\t\tdata-target=\"ic-hidden-block_1398ef643e4d06c2a6012a8043bbc0e3\"\n\t\t\t\t\t\trole=\"button\"\n\t\t\t\t\t\trel=\"nofollow\"\n\t\t\t\t\t\taria-label=\"\u00c5pne skjult innhold\"\n\t\t\t\t\t\taria-expanded=\"false\">\n\t\t\t\t\t\t<span>Les mer<\/span>\n\t\t\t\t\t\t<span class=\"icon icon-plus\"><\/span>\n\t\t\t\t\t<\/a>\n\t\t\t\t\n\t\t\t<\/div>\n\n\t\t\t<div class=\"cell small-12 medium-5 image\">\n\t\t\t\t<img loading=\"lazy\" decoding=\"async\" width=\"502\" height=\"279\" src=\"https:\/\/elsikkerhetsportalen.no\/nordvest\/wp-content\/uploads\/2025\/03\/Skjermbilde-2025-03-13-123159-502x279.png\" class=\"attachment-image-content size-image-content\" alt=\"Elulykker innmeldt til DSB 2010-2023\" srcset=\"https:\/\/elsikkerhetsportalen.no\/nordvest\/wp-content\/uploads\/2025\/03\/Skjermbilde-2025-03-13-123159-502x279.png 502w, https:\/\/elsikkerhetsportalen.no\/nordvest\/wp-content\/uploads\/2025\/03\/Skjermbilde-2025-03-13-123159-300x167.png 300w, https:\/\/elsikkerhetsportalen.no\/nordvest\/wp-content\/uploads\/2025\/03\/Skjermbilde-2025-03-13-123159.png 625w\" sizes=\"auto, (max-width: 502px) 100vw, 502px\" \/>\n\t\t\t<\/div>\n\n\t\t<\/div>\n\n\t\t\t\t\t\t<div class=\"grid-x grid-padding-x hidden-more-content\" aria-expanded=\"false\" aria-hidden=\"true\" id=\"ic-hidden-block_1398ef643e4d06c2a6012a8043bbc0e3\">\n\t\t\t<div class=\"cell small-12 medium-7 content\">\n\t\t\t\t<article>\n\t\t\t\t<h3>Elulykker innmeldt til DSB<\/h3><p><a href=\"https:\/\/elsikkerhetsportalen.no\/nordvest\/wp-content\/uploads\/sites\/18\/2025\/03\/Skjermbilde-2025-03-13-123159.png\"><img loading=\"lazy\" decoding=\"async\" class=\"alignleft size-medium wp-image-2975\" src=\"https:\/\/elsikkerhetsportalen.no\/nordvest\/wp-content\/uploads\/sites\/18\/2025\/03\/Skjermbilde-2025-03-13-123159-300x167.png\" alt=\"Elulykker innmeldt til DSB 2010-2023\" width=\"300\" height=\"167\" \/><\/a><\/p>\n<p>&nbsp;<\/p>\n<p>&nbsp;<\/p>\n<p>&nbsp;<\/p>\n<p>&nbsp;<\/p>\n<p>&nbsp;<\/p>\n<p>De siste \u00e5rene har mellom 20 og 30 % av de innmeldte ulykkene blant elektrofagarbeidere, med skader og sykefrav\u00e6r, v\u00e6rt med l\u00e6rlinger\/hjelpearbeidere. Andelen i 2018 var nede i ca. 20 % men i 2019 og 2020 var det igjen ca. 30 %. I 2022 er andelen l\u00e6rlinger\/hjelpearbeidere p\u00e5 25 %. Den h\u00f8ye prosentandelen for l\u00e6rlinger i 2023 p\u00e5 hele 41 % er omtalt i artikkelen<br \/>\nover om fse-oppl\u00e6ring i videreg\u00e5ende skoler. Uansett er tallene for de siste \u00e5rene altfor h\u00f8yt. DSB ser derfor fortsatt med stor bekymring p\u00e5 dette og det er igjen grunn til \u00e5 stille sp\u00f8rsm\u00e5l om fse-oppl\u00e6ringen i skolene og l\u00e6rebedriftene fungerer som forutsatt.<\/p>\n<p>Et positivt trekk med bransjen er imidlertid at de langt fleste som utsettes for str\u00f8mgjennomgang blir sendt til legekontroll og behandling. Det er helt tydelig at dette tas seri\u00f8st av bransjen. Statens arbeidsmilj\u00f8institutt (STAMI) har samlet mange artikler og lenker til webinarer om temaene str\u00f8mskader og helsemessige konsekvenser ved str\u00f8mgjennomgang, se <a href=\"https:\/\/stami.no\/stromskader\" target=\"_blank\" rel=\"noopener\">stami.no\/stromskader<\/a><\/p>\n<p>(kilde: Elsikkerhet nr. 96)<\/p>\n<p><a href=\"https:\/\/elsikkerhetsportalen.no\/nordvest\/wp-content\/uploads\/sites\/18\/2025\/03\/Skjermbilde-2025-03-13-123131.png\"><img loading=\"lazy\" decoding=\"async\" class=\"alignleft size-medium wp-image-2976\" src=\"https:\/\/elsikkerhetsportalen.no\/nordvest\/wp-content\/uploads\/sites\/18\/2025\/03\/Skjermbilde-2025-03-13-123131-300x108.png\" alt=\"Skadde elektrofagfolk i 2017-2023\" width=\"300\" height=\"108\" \/><\/a><\/p>\n<h3>Melding av ulykker<\/h3><p>DSB har unders\u00f8kt alle elulykkene som er meldt i perioden 2010 til 2022, totalt i overkant av 6000 hendelser. Oppsummert kan det sies:<\/p>\n<ul>\n<li>911 er meldt inn samme dag som hendelsen skjedde<\/li>\n<li>1111 er meldt inn dagen etter<\/li>\n<li>486 er meldt inn etter to dager<\/li>\n<li>69% av alle ulykkene ble meldt inn i l\u00f8pet av 10 dager<\/li>\n<li>24% ble meldt inn mellom 11 og 100 dager<\/li>\n<li>316 stk. har brukt over ett \u00e5r p\u00e5 \u00e5 melde inn, og av disse\n<ul>\n<li>105 stk. har brukt over ett \u00e5r p\u00e5 \u00e5 melde<\/li>\n<li>24 stk. har brukt over to \u00e5r p\u00e5 \u00e5 melde<\/li>\n<li>4 har brukt mellom 2709 og 5411 (nesten 15 \u00e5r!!) p\u00e5 \u00e5 melde inn ulykken<\/li>\n<\/ul>\n<\/li>\n<\/ul>\n<p>Mange bruker alts\u00e5 veldig lang tid f\u00f8r melding sendes. En av \u00e5rsakene kan v\u00e6re for d\u00e5rlige rutiner for \u00e5 h\u00e5ndtere meldinger.<\/p>\n<p>DSB minner om meldeplikten om elulykker. Dette er viktig grunnlag for deres mulighet til \u00e5 ha oversikt, for planlegging av tilsyn og utvikling av regelverk i tillegg til informasjonsvirksomheten. Det er ogs\u00e5 viktig \u00e5 kunne dokumentere hendelsen for den enkelte dersom senskader skulle oppst\u00e5.<\/p>\n<a class=\"link link--underlined\" href=\"https:\/\/elsikkerhetsportalen.no\/nordvest\/wp-content\/uploads\/2025\/03\/Elsikkerhet-96.pdf\" target=\"_blank\">Se Elsikkerhet nr. 96 for ytterligere informasjon<\/a>\t\t\t\t<\/article>\n\t\t\t<\/div>\n\n\t\t\t<div class=\"cell small-12 medium-5 image\">\n\t\t\t\t\t\t\t<\/div>\n\t\t<\/div>\n\t\t\n\t<\/div>\n<\/section>\n","protected":false},"excerpt":{"rendered":"","protected":false},"author":1,"featured_media":0,"parent":14,"menu_order":2,"comment_status":"closed","ping_status":"closed","template":"","meta":{"_acf_changed":true,"footnotes":""},"class_list":["post-56","page","type-page","status-publish","hentry"],"acf":[],"_links":{"self":[{"href":"https:\/\/elsikkerhetsportalen.no\/nordvest\/wp-json\/wp\/v2\/pages\/56","targetHints":{"allow":["GET"]}}],"collection":[{"href":"https:\/\/elsikkerhetsportalen.no\/nordvest\/wp-json\/wp\/v2\/pages"}],"about":[{"href":"https:\/\/elsikkerhetsportalen.no\/nordvest\/wp-json\/wp\/v2\/types\/page"}],"author":[{"embeddable":true,"href":"https:\/\/elsikkerhetsportalen.no\/nordvest\/wp-json\/wp\/v2\/users\/1"}],"replies":[{"embeddable":true,"href":"https:\/\/elsikkerhetsportalen.no\/nordvest\/wp-json\/wp\/v2\/comments?post=56"}],"version-history":[{"count":0,"href":"https:\/\/elsikkerhetsportalen.no\/nordvest\/wp-json\/wp\/v2\/pages\/56\/revisions"}],"up":[{"embeddable":true,"href":"https:\/\/elsikkerhetsportalen.no\/nordvest\/wp-json\/wp\/v2\/pages\/14"}],"wp:attachment":[{"href":"https:\/\/elsikkerhetsportalen.no\/nordvest\/wp-json\/wp\/v2\/media?parent=56"}],"curies":[{"name":"wp","href":"https:\/\/api.w.org\/{rel}","templated":true}]}}